-- Adminer 4.8.1 MySQL 5.5.5-10.3.34-MariaDB dump

SET foreign_key_checks = 0;
SET sql_mode = 'NO_AUTO_VALUE_ON_ZERO';

CREATE TABLE `ads` (
  `id` int(10) unsigned NOT NULL AUTO_INCREMENT,
  `title` varchar(255) COLLATE utf8_unicode_ci DEFAULT NULL,
  `description` varchar(255) COLLATE utf8_unicode_ci DEFAULT NULL,
  `position` varchar(255) COLLATE utf8_unicode_ci DEFAULT NULL,
  `file` varchar(222) COLLATE utf8_unicode_ci NOT NULL,
  `url` varchar(222) COLLATE utf8_unicode_ci NOT NULL,
  `content` text COLLATE utf8_unicode_ci DEFAULT NULL,
  `type` varchar(255) COLLATE utf8_unicode_ci DEFAULT NULL,
  `hit` int(11) NOT NULL DEFAULT 0,
  `is_active` int(11) DEFAULT NULL,
  `created_at` timestamp NOT NULL DEFAULT '0000-00-00 00:00:00',
  `updated_at` timestamp NOT NULL DEFAULT '0000-00-00 00:00:00',
  `deleted_at` timestamp NULL DEFAULT NULL,
  PRIMARY KEY (`id`)
) ENGINE=InnoDB DEFAULT CHARSET=utf8 COLLATE=utf8_unicode_ci;

INSERT INTO `ads` (`id`, `title`, `description`, `position`, `file`, `url`, `content`, `type`, `hit`, `is_active`, `created_at`, `updated_at`, `deleted_at`) VALUES
(1,	'ÜST FULL METİN REKLAM ALANI',	'Reklam Açıklaması',	'Sitenin En Üstü Full (Sadece Metin Reklam)',	'upload/1491826575-phppqj6nh.jpg',	'',	'',	'image',	11457,	1,	'2015-09-17 08:10:14',	'2021-05-13 07:04:23',	NULL),
(2,	'ORTA KISIM FULL METİN REKLAM ALANI',	'Reklam Açıklaması',	'Ana Sayfa Slider Altında Full Genişlik',	'upload/1491826636-phpow1pq1.jpg',	'',	'',	'image',	9147,	1,	'2015-09-17 08:33:59',	'2021-05-13 07:04:24',	NULL),
(5,	'İLAN DETAY SAYFASI METİN REKLAM ALANI',	'Reklam Açıklaması',	'Ana Sayfa Sol Menü (Hızlı Arama Altına)',	'upload/1491829677-php9w3xb8.jpg',	'',	'',	'image',	6333,	1,	'2015-09-17 08:46:22',	'2021-05-13 07:04:24',	NULL),
(9,	'MANŞET YANI REKLAM',	'Reklam Açıklaması',	'Haberler ve Kurumsal Sayfalarında Sağ Menü',	'upload/1491943569-phpqskcmz.jpg',	'',	'',	'image',	9784,	1,	'2015-10-06 11:27:15',	'2021-05-13 07:04:23',	NULL),
(10,	'1',	'Reklam Açıklaması',	'Ana Sayfa Sol Menü (Hızlı Arama Altına)',	'upload/1445585431-phpx7ok8o.jpg',	'',	'',	'text',	13616,	1,	'2015-10-06 11:40:27',	'2021-05-13 07:04:24',	NULL);

CREATE TABLE `adverts` (
  `id` int(10) unsigned NOT NULL AUTO_INCREMENT,
  `price` int(11) DEFAULT NULL,
  `old_price` int(11) DEFAULT NULL,
  `deposit` varchar(255) COLLATE utf8_unicode_ci DEFAULT NULL,
  `referance_code` varchar(255) COLLATE utf8_unicode_ci DEFAULT NULL,
  `status` int(11) DEFAULT NULL,
  `varchar` varchar(50) COLLATE utf8_unicode_ci DEFAULT NULL,
  `heating_system` int(11) DEFAULT NULL,
  `background` int(11) DEFAULT NULL,
  `rooms` varchar(11) COLLATE utf8_unicode_ci DEFAULT NULL,
  `meter` varchar(255) COLLATE utf8_unicode_ci DEFAULT NULL,
  `age` varchar(255) COLLATE utf8_unicode_ci DEFAULT NULL,
  `floors` int(11) DEFAULT NULL,
  `bathrooms` int(11) DEFAULT NULL,
  `floor_location` int(11) DEFAULT NULL,
  `distance` text COLLATE utf8_unicode_ci DEFAULT NULL,
  `in_feature` text COLLATE utf8_unicode_ci DEFAULT NULL,
  `out_feature` text COLLATE utf8_unicode_ci DEFAULT NULL,
  `facedes` text COLLATE utf8_unicode_ci DEFAULT NULL,
  `milieus` text COLLATE utf8_unicode_ci DEFAULT NULL,
  `landscapes` text COLLATE utf8_unicode_ci DEFAULT NULL,
  `housing_types` text COLLATE utf8_unicode_ci DEFAULT NULL,
  `user_status` int(11) DEFAULT NULL,
  `student_singles` int(11) DEFAULT NULL,
  `deed` int(11) DEFAULT NULL,
  `office_id` int(11) DEFAULT NULL,
  `user_id` int(11) DEFAULT NULL,
  `latitude` varchar(255) COLLATE utf8_unicode_ci DEFAULT NULL,
  `longitude` varchar(255) COLLATE utf8_unicode_ci DEFAULT NULL,
  `maps_address` varchar(255) COLLATE utf8_unicode_ci DEFAULT NULL,
  `city` int(11) DEFAULT NULL,
  `state` int(11) DEFAULT NULL,
  `street` int(11) DEFAULT NULL,
  `enable` tinyint(1) NOT NULL DEFAULT 0,
  `sort_order` int(10) unsigned NOT NULL DEFAULT 0,
  `hit` int(11) NOT NULL DEFAULT 0,
  `is_credit` int(11) DEFAULT 0,
  `is_active` int(11) DEFAULT NULL,
  `is_home` int(11) DEFAULT NULL,
  `is_opportunity` int(11) DEFAULT NULL,
  `is_urgent` int(11) DEFAULT NULL,
  `is_project` int(11) DEFAULT NULL,
  `is_showcase` int(11) DEFAULT NULL,
  `created_at` timestamp NOT NULL DEFAULT '0000-00-00 00:00:00',
  `updated_at` timestamp NOT NULL DEFAULT '0000-00-00 00:00:00',
  `deleted_at` timestamp NULL DEFAULT NULL,
  `type` varchar(50) COLLATE utf8_unicode_ci DEFAULT NULL,
  `address` varchar(1000) COLLATE utf8_unicode_ci DEFAULT NULL,
  `site_ici` tinyint(1) NOT NULL,
  `m2_fiyat` varchar(20) COLLATE utf8_unicode_ci DEFAULT NULL,
  `parsel_no` varchar(20) COLLATE utf8_unicode_ci DEFAULT NULL,
  `ada_no` varchar(20) COLLATE utf8_unicode_ci DEFAULT NULL,
  PRIMARY KEY (`id`),
  KEY `adverts_enable_index` (`enable`)
) ENGINE=InnoDB DEFAULT CHARSET=utf8 COLLATE=utf8_unicode_ci;

INSERT INTO `adverts` (`id`, `price`, `old_price`, `deposit`, `referance_code`, `status`, `varchar`, `heating_system`, `background`, `rooms`, `meter`, `age`, `floors`, `bathrooms`, `floor_location`, `distance`, `in_feature`, `out_feature`, `facedes`, `milieus`, `landscapes`, `housing_types`, `user_status`, `student_singles`, `deed`, `office_id`, `user_id`, `latitude`, `longitude`, `maps_address`, `city`, `state`, `street`, `enable`, `sort_order`, `hit`, `is_credit`, `is_active`, `is_home`, `is_opportunity`, `is_urgent`, `is_project`, `is_showcase`, `created_at`, `updated_at`, `deleted_at`, `type`, `address`, `site_ici`, `m2_fiyat`, `parsel_no`, `ada_no`) VALUES
(17,	2500,	NULL,	'0',	'1514457514',	124,	'126',	221,	204,	'0',	'180',	'1',	133,	0,	164,	'[\"13\",\"15\",\"17\",\"21\",\"23\",\"24\"]',	'null',	'[\"56\"]',	'[\"122\"]',	'[\"30\",\"32\",\"35\",\"36\",\"42\",\"45\",\"46\",\"49\",\"51\"]',	'null',	'null',	0,	0,	0,	NULL,	1,	'37.8934604137263',	'32.51560886260984',	'Ulubatlıhasan Mahallesi, Fetih Cd., 42050 Karatay/Konya, Türkiye',	42,	556,	0,	0,	0,	139,	2,	1,	1,	1,	0,	0,	0,	'2017-02-13 12:45:08',	'2018-01-04 10:06:23',	NULL,	'Konut',	'asd. sokak asd mahallesi asd. apt',	0,	'1',	'1',	'1'),
(18,	170000,	NULL,	'',	'1514457514',	123,	'125',	225,	212,	'4',	'135',	'4',	136,	2,	173,	'[\"13\",\"15\",\"17\",\"23\",\"24\",\"27\"]',	'[\"94\",\"96\",\"107\",\"116\"]',	'[\"52\",\"54\",\"62\",\"63\"]',	'null',	'[\"30\",\"32\",\"35\",\"42\",\"45\",\"48\",\"49\"]',	'null',	'null',	0,	0,	0,	NULL,	1,	'37.87340852404435',	'32.53676612731931',	'Fetih Mahallesi, Ahmet Hamdi Göğüş Cd. No:24, 42030 Karatay/Konya, Türkiye',	42,	556,	2507,	0,	0,	197,	0,	1,	1,	0,	0,	0,	0,	'2017-02-14 12:25:52',	'2018-01-04 10:07:58',	NULL,	'Arsa',	'',	0,	'',	'',	''),
(19,	125000,	NULL,	'',	'1514457515',	123,	'125',	221,	203,	'5',	'110',	'14',	135,	2,	165,	'[\"13\",\"15\",\"24\",\"27\"]',	'[\"72\",\"78\",\"85\",\"90\",\"96\",\"99\",\"101\",\"104\",\"105\",\"116\",\"117\"]',	'null',	'[\"119\",\"120\",\"121\"]',	'[\"30\",\"32\",\"35\",\"42\",\"44\",\"45\",\"48\",\"49\"]',	'null',	'null',	0,	0,	0,	NULL,	4,	'38.00445975998657',	'32.5281186854553',	'Bosna Hersek Mahallesi, Mehmetçik Sk. No:7, 42250 Selçuklu/Konya, Türkiye',	42,	558,	2531,	0,	0,	57,	1,	1,	1,	NULL,	0,	NULL,	NULL,	'2017-02-14 16:35:50',	'2018-01-04 10:07:47',	NULL,	'Konut',	'',	0,	'',	'',	''),
(20,	108000,	NULL,	'',	'1514457516',	123,	'127',	0,	0,	'0',	'18250',	'',	0,	0,	0,	'[\"13\",\"15\"]',	'null',	'null',	'null',	'null',	'null',	'null',	0,	0,	0,	NULL,	1,	'37.50582268658568',	'32.646801069946264',	'Alibeyhüyüğü Mahallesi, Konya Hadim Yolu, 42520 Çumra/Konya, Türkiye',	42,	567,	2576,	0,	0,	111,	0,	1,	1,	0,	0,	0,	0,	'2017-02-15 09:27:03',	'2018-01-04 10:07:51',	NULL,	'Arsa',	'',	0,	'',	'',	''),
(22,	28000,	NULL,	'',	'1514457618',	0,	'127',	0,	0,	'0',	'8500',	'',	0,	0,	0,	'null',	'null',	'[\"62\",\"69\"]',	'null',	'null',	'null',	'null',	0,	0,	0,	NULL,	1,	'37.46264193782654',	'32.585603789062475',	'Doğanlı Mahallesi, Akören Alibeyhüyüğü Yolu, 42500 Çumra/Konya, Türkiye',	42,	567,	2576,	0,	0,	118,	0,	1,	1,	0,	0,	0,	0,	'2017-02-15 09:39:07',	'2018-01-04 10:06:17',	NULL,	'Projeler',	'',	0,	'',	'',	''),
(23,	410000,	NULL,	'',	'1514457617',	123,	'126',	0,	0,	'0',	'200',	'',	133,	0,	170,	'null',	'[\"80\",\"89\"]',	'null',	'null',	'null',	'null',	'null',	0,	0,	0,	NULL,	1,	'37.89616970977595',	'32.54946906921384',	'Hacıyusufmescit Mahallesi, Sedirler Cd., 42030 Horozluhan Osb/Karatay/Konya, Türkiye',	42,	556,	0,	0,	0,	129,	1,	1,	1,	NULL,	NULL,	NULL,	1,	'2017-02-16 08:45:43',	'2018-01-04 10:06:11',	NULL,	'İşyeri',	'',	0,	'',	'',	''),
(24,	305000,	NULL,	'',	'1514457619',	123,	'125',	241,	212,	'6',	'205',	'0',	147,	0,	179,	'[\"17\",\"24\"]',	'[\"77\",\"78\",\"81\",\"82\",\"84\",\"85\",\"88\",\"91\",\"92\",\"94\",\"99\",\"102\",\"110\",\"116\"]',	'[\"52\",\"53\",\"54\",\"60\",\"63\",\"66\"]',	'[\"120\"]',	'[\"30\",\"31\",\"32\",\"35\",\"36\",\"38\",\"41\",\"45\",\"48\",\"49\"]',	'[\"11\"]',	'[\"1\"]',	235,	281,	0,	NULL,	1,	'37.984996244454464',	'32.49425847885129',	'Yazır Mahallesi, Gülsarayı Sk. No:17, 42060 Selçuklu/Konya, Türkiye',	42,	558,	4491,	0,	0,	43,	1,	1,	1,	0,	0,	NULL,	1,	'2017-03-31 13:14:28',	'2018-01-04 10:06:04',	NULL,	'Konut',	'',	0,	'',	'',	''),
(25,	2150,	NULL,	'',	'1514457623',	123,	'131',	221,	212,	'7',	'180',	'3',	135,	0,	164,	'[\"13\",\"14\",\"17\",\"18\",\"21\",\"22\",\"25\",\"26\",\"29\"]',	'[\"72\",\"75\",\"79\",\"88\",\"92\",\"93\",\"99\",\"102\",\"106\"]',	'[\"53\",\"55\",\"57\",\"58\",\"59\",\"63\",\"69\"]',	'[\"120\",\"121\"]',	'[\"31\",\"35\",\"38\",\"42\",\"51\"]',	'[\"9\",\"10\"]',	'[\"1\",\"6\",\"7\"]',	235,	281,	234,	NULL,	1,	'38.292609274109765',	'26.324684218139623',	'Çakabey Mahallesi, Unnamed Road, 35930 Çeşme/İzmir, Türkiye',	35,	478,	2227,	0,	0,	75,	1,	1,	1,	0,	1,	1,	1,	'2017-04-12 10:41:43',	'2018-01-04 10:05:50',	NULL,	'Arsa',	'',	0,	'',	'',	''),
(26,	5000,	NULL,	'250TL',	'1492177857',	124,	'125',	222,	216,	'4',	'150',	'4',	142,	2,	173,	'[\"18\",\"19\",\"22\",\"23\"]',	'[\"72\",\"78\",\"86\",\"87\",\"95\",\"96\",\"97\",\"115\"]',	'[\"58\",\"69\"]',	'[\"120\",\"121\"]',	'[\"30\",\"34\",\"39\",\"51\"]',	'[\"9\",\"11\"]',	'[\"1\"]',	236,	281,	0,	NULL,	1,	'41.11151003299355',	'29.038221434326147',	'Reşitpaşa Mahallesi, İstinye Bayırı Cd., 34467 Sarıyer/İstanbul, Türkiye',	34,	426,	1896,	0,	0,	80,	0,	1,	1,	1,	1,	1,	1,	'2017-04-12 11:07:58',	'2018-01-04 10:05:43',	NULL,	NULL,	NULL,	0,	NULL,	NULL,	NULL),
(27,	850000,	NULL,	'2000 USD',	'1492006441',	123,	'125',	221,	212,	'3',	'200',	'6',	134,	2,	164,	'[\"13\",\"16\",\"26\",\"27\",\"29\"]',	'[\"76\",\"77\",\"90\",\"92\",\"97\",\"118\"]',	'[\"56\",\"57\",\"58\",\"63\",\"67\"]',	'[\"121\"]',	'[\"34\",\"38\",\"45\",\"46\",\"47\"]',	'[\"10\",\"11\"]',	'[\"2\",\"7\"]',	238,	0,	234,	NULL,	1,	'36.55768268057355',	'31.96521957275388',	'Dinek Mahallesi, Antalya-Mersin Yolu No:207, 07400 Alanya/Antalya, Türkiye',	7,	89,	479,	0,	0,	78,	1,	1,	1,	1,	1,	1,	1,	'2017-04-12 11:18:08',	'2018-01-04 10:05:36',	NULL,	NULL,	NULL,	0,	NULL,	NULL,	NULL),
(28,	15000,	NULL,	'300',	'1513983637',	231,	'0',	225,	203,	'2',	'60',	'12',	142,	8,	163,	'[\"15\",\"17\",\"24\",\"27\"]',	'[\"73\",\"74\",\"83\",\"87\",\"97\",\"99\",\"109\",\"110\"]',	'[\"57\",\"65\",\"67\",\"69\",\"70\"]',	'[\"119\"]',	'[\"33\",\"35\",\"36\",\"37\",\"43\",\"45\"]',	'null',	'null',	235,	0,	0,	NULL,	1,	'41.04159958975975',	'28.991014555664037',	'Harbiye Mahallesi, İTÜ Taşkışla Kampüsü Mimarlık Fakültesi, 34367 Şişli/İstanbul, Türkiye',	34,	418,	1822,	0,	0,	75,	0,	1,	1,	1,	1,	1,	1,	'2017-04-12 12:30:23',	'2018-01-04 10:05:29',	NULL,	'Arsa',	'Test',	0,	NULL,	NULL,	NULL),
(29,	1000,	NULL,	'1000',	'1492011375',	124,	'125',	220,	219,	'6',	'160',	'4',	0,	2,	174,	'[\"19\",\"21\",\"22\",\"25\"]',	'[\"86\",\"89\",\"90\",\"94\",\"97\",\"105\",\"106\",\"109\",\"113\"]',	'[\"60\",\"61\",\"62\",\"69\",\"70\"]',	'[\"120\"]',	'[\"31\",\"38\",\"39\",\"42\",\"47\",\"51\"]',	'[\"10\"]',	'[\"1\"]',	235,	281,	0,	NULL,	1,	'38.29860448985726',	'26.4181538378906',	'Germiyan Mahallesi, Unnamed Road, 35937 Çeşme/İzmir, Türkiye',	35,	478,	2227,	0,	0,	45,	0,	1,	1,	NULL,	NULL,	NULL,	NULL,	'2017-04-12 12:39:23',	'2018-01-04 10:05:57',	NULL,	NULL,	NULL,	0,	NULL,	NULL,	NULL),
(31,	250000,	NULL,	'',	'1515072596',	123,	NULL,	221,	216,	'1+1 ve Üzer',	'170',	'2',	141,	2,	175,	'[\"13\",\"17\"]',	'[\"77\",\"78\",\"81\",\"84\",\"85\",\"86\",\"88\",\"90\",\"91\",\"92\",\"94\",\"96\",\"98\",\"102\",\"103\",\"104\",\"105\",\"107\",\"109\",\"110\",\"111\",\"116\",\"117\"]',	'[\"52\",\"56\"]',	'[\"119\",\"121\"]',	'[\"32\",\"42\",\"46\",\"49\"]',	'[\"11\"]',	'[\"1\"]',	235,	0,	234,	NULL,	1,	'37.7634884725317',	'38.28736790484618',	'Mehmet Akif Mahallesi, Atatürk Blv. Yanyolu, 02200 Adıyaman Merkez/Adıyaman, Türkiye',	2,	16,	105,	0,	0,	56,	1,	1,	1,	1,	1,	NULL,	NULL,	'2017-12-25 09:51:16',	'2018-01-04 10:30:30',	NULL,	'Konut',	'Arsames Otelin Doğusunda',	0,	'',	'',	''),
(32,	250000,	NULL,	'',	'1515072635',	123,	NULL,	221,	216,	'4+1',	'220',	'5',	141,	2,	165,	'[\"13\",\"17\"]',	'[\"77\",\"78\",\"81\",\"84\",\"85\",\"86\",\"90\",\"91\",\"92\",\"94\",\"96\",\"97\",\"98\",\"99\",\"102\",\"104\",\"105\",\"107\",\"109\",\"110\",\"111\",\"116\"]',	'[\"52\",\"55\",\"56\",\"60\",\"62\",\"67\"]',	'[\"119\",\"120\",\"121\"]',	'[\"30\",\"36\",\"42\",\"46\"]',	'[\"11\"]',	'null',	236,	0,	234,	NULL,	1,	'37.74519981295256',	'38.22464712924193',	'Altınşehir Mahallesi, 30173. Sk. 4 C, 02040 Adıyaman Merkez/Adıyaman, Türkiye',	2,	16,	107,	0,	0,	22,	1,	1,	NULL,	1,	1,	NULL,	NULL,	'2017-12-25 11:52:13',	'2018-01-04 10:30:57',	NULL,	'Konut',	'Altınşehir Mah. KYK bitişiği',	0,	'',	'',	''),
(33,	245000,	NULL,	'',	'1515072637',	123,	NULL,	221,	216,	'3',	'190',	'6',	138,	2,	175,	'[\"13\",\"17\"]',	'[\"77\",\"78\",\"85\",\"86\",\"88\",\"90\",\"92\",\"94\",\"96\",\"97\",\"102\",\"103\",\"104\",\"105\",\"107\",\"110\",\"116\"]',	'[\"52\",\"56\",\"60\",\"62\"]',	'[\"119\",\"121\",\"122\"]',	'[\"42\",\"46\"]',	'[\"11\"]',	'null',	235,	0,	234,	NULL,	1,	'37.74380846830687',	'38.22235115832518',	'Altınşehir Mahallesi, 30163. Sk. No:5, 02040 Adıyaman Merkez/Adıyaman, Türkiye',	2,	16,	0,	0,	0,	32,	1,	1,	NULL,	1,	1,	NULL,	NULL,	'2017-12-25 12:29:21',	'2018-01-04 10:31:04',	NULL,	'Konut',	'Altınşehir Mah. KYK batısı',	0,	'',	'',	''),
(34,	1150000,	NULL,	'',	'1515072689',	123,	NULL,	0,	0,	'',	'898',	'25',	0,	0,	0,	'null',	'null',	'null',	'null',	'null',	'null',	'null',	0,	0,	0,	NULL,	1,	'37.75744930383336',	'38.26584585971068',	'Alitaşı Mahallesi, Eski Halep Yolu 29-33, 02030 Adıyaman Merkez/Adıyaman, Türkiye',	2,	16,	4494,	0,	0,	24,	0,	1,	1,	1,	1,	1,	1,	'2017-12-25 12:50:40',	'2018-01-04 10:31:42',	NULL,	'Arsa',	'',	1,	'120 tl',	'32',	'1200');

CREATE TABLE `advert_translations` (
  `id` int(10) unsigned NOT NULL AUTO_INCREMENT,
  `title` varchar(255) COLLATE utf8_unicode_ci DEFAULT NULL,
  `description` varchar(255) COLLATE utf8_unicode_ci DEFAULT NULL,
  `keywords` varchar(255) COLLATE utf8_unicode_ci DEFAULT NULL,
  `content` text COLLATE utf8_unicode_ci DEFAULT NULL,
  `advert_id` int(10) unsigned NOT NULL,
  `locale_id` int(10) unsigned NOT NULL,
  `created_at` timestamp NOT NULL DEFAULT '0000-00-00 00:00:00',
  `updated_at` timestamp NOT NULL DEFAULT '0000-00-00 00:00:00',
  PRIMARY KEY (`id`),
  UNIQUE KEY `advert_translations_advert_id_locale_id_unique` (`advert_id`,`locale_id`),
  KEY `advert_translations_advert_id_index` (`advert_id`),
  KEY `advert_translations_locale_id_index` (`locale_id`),
  CONSTRAINT `advert_translations_advert_id_foreign` FOREIGN KEY (`advert_id`) REFERENCES `adverts` (`id`) ON DELETE CASCADE,
  CONSTRAINT `advert_translations_locale_id_foreign` FOREIGN KEY (`locale_id`) REFERENCES `locales` (`id`) ON DELETE CASCADE
) ENGINE=InnoDB DEFAULT CHARSET=utf8 COLLATE=utf8_unicode_ci;

INSERT INTO `advert_translations` (`id`, `title`, `description`, `keywords`, `content`, `advert_id`, `locale_id`, `created_at`, `updated_at`) VALUES
(60,	'hava lojmanları',	'hava lojmanları',	'fetih cad. kiralık dükkan ',	'<p style=\"text-align:center\">Fetih Caddesi &uuml;zerinde,</p>\r\n\r\n<p style=\"text-align:center\">Toplu taşıma ara&ccedil;larının ge&ccedil;tiği g&uuml;zergahta yer alan,</p>\r\n\r\n<p style=\"text-align:center\">&nbsp;konut altında,</p>\r\n\r\n<p style=\"text-align:center\">Tabela değeri y&uuml;ksek,</p>\r\n\r\n<p style=\"text-align:center\">- M&uuml;hendislik Ofisi,</p>\r\n\r\n<p style=\"text-align:center\">- Halıcı,</p>\r\n\r\n<p style=\"text-align:center\">- Elektrik&ccedil;i,</p>\r\n\r\n<p style=\"text-align:center\">- Showroom gibi kullanılmaya uygun,</p>\r\n\r\n<p style=\"text-align:center\">- Giriş katı 180 m&sup2;,</p>\r\n\r\n<p style=\"text-align:center\">- Alt katı 210 m&sup2; olmak &uuml;zere toplam da 390 m&sup2; alana sahip,</p>\r\n\r\n<p style=\"text-align:center\">- bireysel doğalgaz ile ısınan,</p>\r\n\r\n<p style=\"text-align:center\">- Yola cephesi olan,</p>\r\n\r\n<p style=\"text-align:center\">depolu d&uuml;kkandır.</p>\r\n',	17,	1,	'2017-02-13 12:45:08',	'2017-04-10 09:44:40'),
(61,	'hava lojmanları',	'hava lojmanları',	'fetih cad. kiralık dükkan ',	'<p style=\"text-align:center\">Fetih Caddesi &uuml;zerinde,</p>\r\n\r\n<p style=\"text-align:center\">Toplu taşıma ara&ccedil;larının ge&ccedil;tiği g&uuml;zergahta yer alan,</p>\r\n\r\n<p style=\"text-align:center\">&nbsp;konut altında,</p>\r\n\r\n<p style=\"text-align:center\">Tabela değeri y&uuml;ksek,</p>\r\n\r\n<p style=\"text-align:center\">- M&uuml;hendislik Ofisi,</p>\r\n\r\n<p style=\"text-align:center\">- Halıcı,</p>\r\n\r\n<p style=\"text-align:center\">- Elektrik&ccedil;i,</p>\r\n\r\n<p style=\"text-align:center\">- Showroom gibi kullanılmaya uygun,</p>\r\n\r\n<p style=\"text-align:center\">- Giriş katı 180 m&sup2;,</p>\r\n\r\n<p style=\"text-align:center\">- Alt katı 210 m&sup2; olmak &uuml;zere toplam da 390 m&sup2; alana sahip,</p>\r\n\r\n<p style=\"text-align:center\">- bireysel doğalgaz ile ısınan,</p>\r\n\r\n<p style=\"text-align:center\">- Yola cephesi olan,</p>\r\n\r\n<p style=\"text-align:center\">depolu d&uuml;kkandır.</p>\r\n',	17,	2,	'2017-02-13 12:45:08',	'2017-04-14 10:57:24'),
(64,	'Akkale sitetsinde satlık hisse',	'Oturulur daire',	'',	'<p>Kumk&ouml;pr&uuml;de oturulur 4 yasında ici yapılı daire</p>\r\n',	18,	1,	'2017-02-14 12:25:53',	'2017-04-11 16:31:24'),
(65,	'Akkale sitetsinde satlık hisse',	'Akkale sitetsinde satlık hisse',	'',	'<p>Akkale sitetsinde satlık hisse</p>\r\n',	18,	2,	'2017-02-14 12:25:53',	'2017-04-14 10:57:05'),
(68,	'Bosnada satılık daire',	'bosnada nesih ve sakin bir yerde 2+1 daire',	'',	'<p>bosnada nesih ve sakin bir yerde 2+1 daire</p>\r\n',	19,	1,	'2017-02-14 16:35:50',	'2017-04-14 10:56:56'),
(69,	'Bosnada satılık daire',	'bosnada nesih ve sakin bir yerde 2+1 daire',	'',	'<p>bosnada nesih ve sakin bir yerde 2+1 daire</p>\r\n',	19,	2,	'2017-02-14 16:35:50',	'2017-04-14 10:56:56'),
(72,	'YATIRIMLIK HESAPLI TARLA ',	'YATIRIMLIK HESAPLI TARLA ',	'',	'<p>alibeyh&uuml;y&uuml;ğ&uuml; tapulamalı hadim yolu &uuml;zerine yola sıfır tarla yatırım i&ccedil;in &ccedil;ok hesaplı yerdir&nbsp;</p>\r\n',	20,	1,	'2017-02-15 09:27:03',	'2017-04-13 18:40:18'),
(73,	'YATIRIMLIK HESAPLI TARLA ',	'YATIRIMLIK HESAPLI TARLA ',	'',	'<p>alibeyh&uuml;y&uuml;ğ&uuml; tapulamalı hadim yolu &uuml;zerine yola sıfır tarla yatırım i&ccedil;in &ccedil;ok hesaplı yerdir&nbsp;</p>\r\n',	20,	2,	'2017-02-15 09:27:03',	'2017-04-14 10:56:38'),
(80,	'ALİBEYHÜYÜĞÜ\'NDE',	'ALİBEYHÜYÜĞÜ\'NDE',	'',	'<p>&nbsp;</p>\r\n\r\n<p style=\"text-align:center\"><strong><span style=\"color:rgb(105, 105, 105)\">SİZ DEĞERLİ M&Uuml;ŞTERİLERİMİZİN GAYRİMENKULLERİNİ ALIM-SATIM VE KİRALAMA HİZMETİ VERMEKTEYİZ.</span></strong></p>\r\n\r\n<p style=\"text-align:center\"><strong><span style=\"color:rgb(105, 105, 105)\"><strong><u><span style=\"color:rgb(255, 140, 0)\"><strong><strong><span style=\"color:rgb(255, 140, 0)\"><strong><span style=\"color:rgb(255, 140, 0)\"><strong><span style=\"color:rgb(255, 140, 0)\"><strong><span style=\"color:rgb(255, 140, 0)\">◄ İSMİMİZ KALİTEMİZ KALİTEMİZ G&Uuml;VENCEMİZDİR.</span></strong><strong><span style=\"color:rgb(255, 140, 0)\">►</span></strong></span></strong></span></strong></span></strong></strong></span></u></strong></span></strong></p>\r\n\r\n<p style=\"text-align:center\"><strong><u><span style=\"color:rgb(255, 140, 0)\">■</span></u></strong><strong><u><span style=\"color:rgb(105, 105, 105)\">DETAYLI BİLGİ VE DİĞER ALTERNATİF SE&Ccedil;ENEKLERİMİZ İ&Ccedil;İN OFİSİMİZLE İRTİBATA GE&Ccedil;İNİZ.</span></u></strong><strong><u><span style=\"color:rgb(255, 140, 0)\">■</span></u></strong></p>\r\n',	22,	1,	'2017-02-15 09:39:07',	'2017-04-12 12:49:33'),
(81,	'ALİBEYHÜYÜĞÜ\'NDE',	'ALİBEYHÜYÜĞÜ\'NDE',	'',	'<p>&nbsp;</p>\r\n\r\n<p style=\"text-align:center\"><strong><span style=\"color:rgb(105, 105, 105)\">SİZ DEĞERLİ M&Uuml;ŞTERİLERİMİZİN GAYRİMENKULLERİNİ ALIM-SATIM VE KİRALAMA HİZMETİ VERMEKTEYİZ.</span></strong></p>\r\n\r\n<p style=\"text-align:center\"><strong><span style=\"color:rgb(105, 105, 105)\"><strong><u><span style=\"color:rgb(255, 140, 0)\"><strong><strong><strong><strong><strong>◄ İSMİMİZ KALİTEMİZ KALİTEMİZ G&Uuml;VENCEMİZDİR.</strong><strong>►</strong></strong></strong></strong></strong></span></u></strong></span></strong></p>\r\n\r\n<p style=\"text-align:center\"><strong><u><span style=\"color:rgb(255, 140, 0)\">■</span></u></strong><strong><u><span style=\"color:rgb(105, 105, 105)\">DETAYLI BİLGİ VE DİĞER ALTERNATİF SE&Ccedil;ENEKLERİMİZ İ&Ccedil;İN OFİSİMİZLE İRTİBATA GE&Ccedil;İNİZ.</span></u></strong><strong><u><span style=\"color:rgb(255, 140, 0)\">■</span></u></strong></p>\r\n',	22,	2,	'2017-02-15 09:39:07',	'2017-12-28 07:40:58'),
(84,	'ASLIM SANAYİ SİTESİNDE SATILIK KÖŞE DÜKKAN',	' ASLIM SANAYİ SİTESİNDE SATILIK KÖŞE DÜKKAN',	'ASLIM SANAYİ SİT. SATLIK',	'<p><span style=\"background-color:rgb(255, 255, 255); font-family:lucida grande,arial,sans-serif; font-size:14px\">ASLIM SANAYİ SİTESİSİNDE K&Ouml;ŞE D&Uuml;KKANIMIZ SATILIKTIR 200M2 ZEMİN 200M2 BODRUMLU OLUP</span><span style=\"background-color:rgb(255, 255, 255); font-family:lucida grande,arial,sans-serif; font-size:14px\">&nbsp;MASRAFSIZDIR YATIRIMCILAR İ&Ccedil;İNDE KİRA GETİRİSİ Y&Uuml;KSEK SEVİYEDE BİR İŞYERİ(CİDDİ ALICILARA&nbsp; PAZARLIK PAYI&nbsp; S&Uuml;NNETTİR)</span></p>\r\n',	23,	1,	'2017-02-16 08:45:43',	'2017-04-14 10:56:02'),
(85,	'ASLIM SANAYİ SİTESİNDE SATILIK KÖŞE DÜKKAN',	' ASLIM SANAYİ SİTESİNDE SATILIK KÖŞE DÜKKAN',	'',	'<p><span style=\"font-family:lucida grande,arial,sans-serif; font-size:14px\">ASLIM SANAYİ SİTESİSİNDE K&Ouml;ŞE D&Uuml;KKANIMIZ SATILIKTIR 200M2 ZEMİN 200M2 BODRUMLU OLUP</span><span style=\"font-family:lucida grande,arial,sans-serif; font-size:14px\">&nbsp;MASRAFSIZDIR YATIRIMCILAR İ&Ccedil;İNDE KİRA GETİRİSİ Y&Uuml;KSEK SEVİYEDE BİR İŞYERİ(CİDDİ ALICILARA&nbsp; PAZARLIK PAYI&nbsp; S&Uuml;NNETTİR)</span></p>\r\n',	23,	2,	'2017-02-16 08:45:43',	'2017-04-14 10:56:02'),
(88,	'FLORYA ŞEHİR DE 4+1 LÜKS SATILIK DAİRE',	'FLORYA ŞEHİR SATILIK DAİRE',	'FLORYA ŞEHİR SATILIK DAİRE',	'<p style=\"text-align:center\"><strong>4+1 L&Uuml;KS DAİRE&nbsp;</strong></p>\r\n\r\n<p style=\"text-align:center\">&nbsp;BEYHEKİM MAH. HAKİM KONAKLARI ARKASI&nbsp;</p>\r\n\r\n<p style=\"text-align:center\">&nbsp;YERDEN ISITMALI, SES VE ISI YALITIMLI&nbsp;</p>\r\n\r\n<p style=\"text-align:center\">ALIŞVERİŞ MERKEZİ, MARKET, DOLMUŞ VE OTOB&Uuml;S DURAKLARINA, OKULLARA, HASTANEYE,CAMİYE,Y&Uuml;ZME HAVUZUNA &nbsp;YAKIN MESAFELİ</p>\r\n\r\n<p style=\"text-align:center\">GENİŞ VE FERAH ODALARIYLA</p>\r\n\r\n<p style=\"text-align:center\">Y&Uuml;R&Uuml;Y&Uuml;Ş YOLLARI&nbsp;</p>\r\n\r\n<p style=\"text-align:center\">YEŞİL VE AĞA&Ccedil;LI PARK ALANI&nbsp;</p>\r\n\r\n<p style=\"text-align:center\">&Ccedil;OCUK OYUN ALANLARI</p>\r\n\r\n<p style=\"text-align:center\">&nbsp;KAPALI SPOR ALANI</p>\r\n\r\n<p style=\"text-align:center\">&nbsp;A&Ccedil;IK SPOR ALANLARI</p>\r\n\r\n<p style=\"text-align:center\">&nbsp;YENİ NESİL OTOPARKLI&nbsp;</p>\r\n',	24,	1,	'2017-03-31 13:14:28',	'2017-04-14 10:54:52'),
(89,	'FLORYA ŞEHİR DE 4+1 LÜKS SATILIK DAİRE',	'FLORYA ŞEHİR SATILIK DAİRE',	'',	'<p style=\"text-align:center\"><strong>4+1 L&Uuml;KS DAİRE&nbsp;</strong></p>\r\n\r\n<p style=\"text-align:center\">&nbsp;BEYHEKİM MAH. HAKİM KONAKLARI ARKASI&nbsp;</p>\r\n\r\n<p style=\"text-align:center\">&nbsp;YERDEN ISITMALI, SES VE ISI YALITIMLI&nbsp;</p>\r\n\r\n<p style=\"text-align:center\">ALIŞVERİŞ MERKEZİ, MARKET, DOLMUŞ VE OTOB&Uuml;S DURAKLARINA, OKULLARA, HASTANEYE,CAMİYE,Y&Uuml;ZME HAVUZUNA &nbsp;YAKIN MESAFELİ</p>\r\n\r\n<p style=\"text-align:center\">GENİŞ VE FERAH ODALARIYLA</p>\r\n\r\n<p style=\"text-align:center\">Y&Uuml;R&Uuml;Y&Uuml;Ş YOLLARI&nbsp;</p>\r\n\r\n<p style=\"text-align:center\">YEŞİL VE AĞA&Ccedil;LI PARK ALANI&nbsp;</p>\r\n\r\n<p style=\"text-align:center\">&Ccedil;OCUK OYUN ALANLARI</p>\r\n\r\n<p style=\"text-align:center\">&nbsp;KAPALI SPOR ALANI</p>\r\n\r\n<p style=\"text-align:center\">&nbsp;A&Ccedil;IK SPOR ALANLARI</p>\r\n\r\n<p style=\"text-align:center\">&nbsp;YENİ NESİL OTOPARKLI&nbsp;</p>\r\n',	24,	2,	'2017-03-31 13:14:28',	'2017-04-14 10:54:52'),
(92,	'HAVUZLU MODERN VİLLA',	'HAVUZLU MODERN VİLLA',	'',	'<p>Lorem ipsum dolor sit amet, pri an wisi perfecto voluptatibus, an per nostro deserunt perpetua. Animal aliquam legendos te pri, et mei dicunt iudicabit mediocritatem, graece utroque ex pri. No mea epicuri salutatus sententiae. Ex cum mutat vidisse. Vitae scribentur mei et.</p>\r\n\r\n<p>Eu vim ridens explicari, id mei consetetur vituperata, soluta erroribus vix id. Nominati gloriatur cu nam, diam incorrupte cu vix. Id nam saepe nullam volutpat, qui in malis invidunt dissentiet. Id vis veri oratio voluptatibus.</p>\r\n\r\n<p>Omnes vocibus suavitate sed te. Affert corpora deserunt mei at, prodesset persequeris et ius. An mei ipsum doming. Mel no dolores laboramus scribentur. Ei sint tation civibus mei, pri cu iisque petentium disputando. Ut tollit facilisis consequuntur nam, cu natum legendos liberavisse nec, ne graece alienum evertitur vix.</p>\r\n\r\n<p>Dico vocibus mediocrem cum no, meliore dolorem delicatissimi quo ea, amet consulatu pri te. Quem odio ponderum te pri. Qui ubique timeam suscipit no. Homero consectetuer ne ius, et ipsum civibus pericula his, vix impedit accusamus imperdiet in.</p>\r\n\r\n<p>Vide bonorum percipitur eu sit. Pro primis iisque torquatos te. Ceteros inimicus ex has. Ei sapientem gloriatur mediocritatem nam. Erant offendit facilisi in vel, qui paulo cetero periculis eu. Vide causae an ius, id qui audire splendide reprehendunt, quando cetero ex mel.</p>\r\n',	25,	1,	'2017-04-12 10:41:43',	'2017-04-12 10:41:43'),
(93,	'HAVUZLU MODERN VİLLA',	'HAVUZLU MODERN VİLLA',	'',	'<p>Lorem ipsum dolor sit amet, pri an wisi perfecto voluptatibus, an per nostro deserunt perpetua. Animal aliquam legendos te pri, et mei dicunt iudicabit mediocritatem, graece utroque ex pri. No mea epicuri salutatus sententiae. Ex cum mutat vidisse. Vitae scribentur mei et.</p>\r\n\r\n<p>Eu vim ridens explicari, id mei consetetur vituperata, soluta erroribus vix id. Nominati gloriatur cu nam, diam incorrupte cu vix. Id nam saepe nullam volutpat, qui in malis invidunt dissentiet. Id vis veri oratio voluptatibus.</p>\r\n\r\n<p>Omnes vocibus suavitate sed te. Affert corpora deserunt mei at, prodesset persequeris et ius. An mei ipsum doming. Mel no dolores laboramus scribentur. Ei sint tation civibus mei, pri cu iisque petentium disputando. Ut tollit facilisis consequuntur nam, cu natum legendos liberavisse nec, ne graece alienum evertitur vix.</p>\r\n\r\n<p>Dico vocibus mediocrem cum no, meliore dolorem delicatissimi quo ea, amet consulatu pri te. Quem odio ponderum te pri. Qui ubique timeam suscipit no. Homero consectetuer ne ius, et ipsum civibus pericula his, vix impedit accusamus imperdiet in.</p>\r\n\r\n<p>Vide bonorum percipitur eu sit. Pro primis iisque torquatos te. Ceteros inimicus ex has. Ei sapientem gloriatur mediocritatem nam. Erant offendit facilisi in vel, qui paulo cetero periculis eu. Vide causae an ius, id qui audire splendide reprehendunt, quando cetero ex mel.</p>\r\n',	25,	2,	'2017-04-12 10:41:43',	'2017-04-12 10:41:43'),
(94,	'RESİDENCE DAİRE',	'RESİDENCE DAİRE RESİDENCE',	'',	'<p>Lorem ipsum dolor sit amet, pri an wisi perfecto voluptatibus, an per nostro deserunt perpetua. Animal aliquam legendos te pri, et mei dicunt iudicabit mediocritatem, graece utroque ex pri. No mea epicuri salutatus sententiae. Ex cum mutat vidisse. Vitae scribentur mei et.</p>\r\n\r\n<p>Eu vim ridens explicari, id mei consetetur vituperata, soluta erroribus vix id. Nominati gloriatur cu nam, diam incorrupte cu vix. Id nam saepe nullam volutpat, qui in malis invidunt dissentiet. Id vis veri oratio voluptatibus.</p>\r\n\r\n<p>Omnes vocibus suavitate sed te. Affert corpora deserunt mei at, prodesset persequeris et ius. An mei ipsum doming. Mel no dolores laboramus scribentur. Ei sint tation civibus mei, pri cu iisque petentium disputando. Ut tollit facilisis consequuntur nam, cu natum legendos liberavisse nec, ne graece alienum evertitur vix.</p>\r\n\r\n<p>Dico vocibus mediocrem cum no, meliore dolorem delicatissimi quo ea, amet consulatu pri te. Quem odio ponderum te pri. Qui ubique timeam suscipit no. Homero consectetuer ne ius, et ipsum civibus pericula his, vix impedit accusamus imperdiet in.</p>\r\n\r\n<p>Vide bonorum percipitur eu sit. Pro primis iisque torquatos te. Ceteros inimicus ex has. Ei sapientem gloriatur mediocritatem nam. Erant offendit facilisi in vel, qui paulo cetero periculis eu. Vide causae an ius, id qui audire splendide reprehendunt, quando cetero ex mel.</p>\r\n',	26,	1,	'2017-04-12 11:07:58',	'2017-04-12 11:07:58'),
(95,	'RESİDENCE DAİRE',	'RESİDENCE DAİRE RESİDENCE',	'',	'<p>Lorem ipsum dolor sit amet, pri an wisi perfecto voluptatibus, an per nostro deserunt perpetua. Animal aliquam legendos te pri, et mei dicunt iudicabit mediocritatem, graece utroque ex pri. No mea epicuri salutatus sententiae. Ex cum mutat vidisse. Vitae scribentur mei et.</p>\r\n\r\n<p>Eu vim ridens explicari, id mei consetetur vituperata, soluta erroribus vix id. Nominati gloriatur cu nam, diam incorrupte cu vix. Id nam saepe nullam volutpat, qui in malis invidunt dissentiet. Id vis veri oratio voluptatibus.</p>\r\n\r\n<p>Omnes vocibus suavitate sed te. Affert corpora deserunt mei at, prodesset persequeris et ius. An mei ipsum doming. Mel no dolores laboramus scribentur. Ei sint tation civibus mei, pri cu iisque petentium disputando. Ut tollit facilisis consequuntur nam, cu natum legendos liberavisse nec, ne graece alienum evertitur vix.</p>\r\n\r\n<p>Dico vocibus mediocrem cum no, meliore dolorem delicatissimi quo ea, amet consulatu pri te. Quem odio ponderum te pri. Qui ubique timeam suscipit no. Homero consectetuer ne ius, et ipsum civibus pericula his, vix impedit accusamus imperdiet in.</p>\r\n\r\n<p>Vide bonorum percipitur eu sit. Pro primis iisque torquatos te. Ceteros inimicus ex has. Ei sapientem gloriatur mediocritatem nam. Erant offendit facilisi in vel, qui paulo cetero periculis eu. Vide causae an ius, id qui audire splendide reprehendunt, quando cetero ex mel.</p>\r\n',	26,	2,	'2017-04-12 11:07:58',	'2017-04-14 10:55:30'),
(96,	'Antalya Süper yazlık',	'Süper yazlık',	'',	'<p>Lorem ipsum dolor sit amet, pri an wisi perfecto voluptatibus, an per nostro deserunt perpetua. Animal aliquam legendos te pri, et mei dicunt iudicabit mediocritatem, graece utroque ex pri. No mea epicuri salutatus sententiae. Ex cum mutat vidisse. Vitae scribentur mei et.</p>\r\n\r\n<p>Eu vim ridens explicari, id mei consetetur vituperata, soluta erroribus vix id. Nominati gloriatur cu nam, diam incorrupte cu vix. Id nam saepe nullam volutpat, qui in malis invidunt dissentiet. Id vis veri oratio voluptatibus.</p>\r\n\r\n<p>Omnes vocibus suavitate sed te. Affert corpora deserunt mei at, prodesset persequeris et ius. An mei ipsum doming. Mel no dolores laboramus scribentur. Ei sint tation civibus mei, pri cu iisque petentium disputando. Ut tollit facilisis consequuntur nam, cu natum legendos liberavisse nec, ne graece alienum evertitur vix.</p>\r\n\r\n<p>Dico vocibus mediocrem cum no, meliore dolorem delicatissimi quo ea, amet consulatu pri te. Quem odio ponderum te pri. Qui ubique timeam suscipit no. Homero consectetuer ne ius, et ipsum civibus pericula his, vix impedit accusamus imperdiet in.</p>\r\n\r\n<p>Vide bonorum percipitur eu sit. Pro primis iisque torquatos te. Ceteros inimicus ex has. Ei sapientem gloriatur mediocritatem nam. Erant offendit facilisi in vel, qui paulo cetero periculis eu. Vide causae an ius, id qui audire splendide reprehendunt, quando cetero ex mel.</p>\r\n',	27,	1,	'2017-04-12 11:18:08',	'2017-04-12 11:18:08'),
(97,	'Antalya Süper yazlık',	'Süper yazlık',	'',	'<p>Lorem ipsum dolor sit amet, pri an wisi perfecto voluptatibus, an per nostro deserunt perpetua. Animal aliquam legendos te pri, et mei dicunt iudicabit mediocritatem, graece utroque ex pri. No mea epicuri salutatus sententiae. Ex cum mutat vidisse. Vitae scribentur mei et.</p>\r\n\r\n<p>Eu vim ridens explicari, id mei consetetur vituperata, soluta erroribus vix id. Nominati gloriatur cu nam, diam incorrupte cu vix. Id nam saepe nullam volutpat, qui in malis invidunt dissentiet. Id vis veri oratio voluptatibus.</p>\r\n\r\n<p>Omnes vocibus suavitate sed te. Affert corpora deserunt mei at, prodesset persequeris et ius. An mei ipsum doming. Mel no dolores laboramus scribentur. Ei sint tation civibus mei, pri cu iisque petentium disputando. Ut tollit facilisis consequuntur nam, cu natum legendos liberavisse nec, ne graece alienum evertitur vix.</p>\r\n\r\n<p>Dico vocibus mediocrem cum no, meliore dolorem delicatissimi quo ea, amet consulatu pri te. Quem odio ponderum te pri. Qui ubique timeam suscipit no. Homero consectetuer ne ius, et ipsum civibus pericula his, vix impedit accusamus imperdiet in.</p>\r\n\r\n<p>Vide bonorum percipitur eu sit. Pro primis iisque torquatos te. Ceteros inimicus ex has. Ei sapientem gloriatur mediocritatem nam. Erant offendit facilisi in vel, qui paulo cetero periculis eu. Vide causae an ius, id qui audire splendide reprehendunt, quando cetero ex mel.</p>\r\n',	27,	2,	'2017-04-12 11:18:08',	'2017-04-12 11:18:08'),
(98,	'ACİL SATILIK DAİRE',	'ACİL SATILIK DAİRE ACİL ',	'',	'<p>Lorem ipsum dolor sit amet, pri an wisi perfecto voluptatibus, an per nostro deserunt perpetua. Animal aliquam legendos te pri, et mei dicunt iudicabit mediocritatem, graece utroque ex pri. No mea epicuri salutatus sententiae. Ex cum mutat vidisse. Vitae scribentur mei et.</p>\r\n\r\n<p>Eu vim ridens explicari, id mei consetetur vituperata, soluta erroribus vix id. Nominati gloriatur cu nam, diam incorrupte cu vix. Id nam saepe nullam volutpat, qui in malis invidunt dissentiet. Id vis veri oratio voluptatibus.</p>\r\n\r\n<p>Omnes vocibus suavitate sed te. Affert corpora deserunt mei at, prodesset persequeris et ius. An mei ipsum doming. Mel no dolores laboramus scribentur. Ei sint tation civibus mei, pri cu iisque petentium disputando. Ut tollit facilisis consequuntur nam, cu natum legendos liberavisse nec, ne graece alienum evertitur vix.</p>\r\n\r\n<p>Dico vocibus mediocrem cum no, meliore dolorem delicatissimi quo ea, amet consulatu pri te. Quem odio ponderum te pri. Qui ubique timeam suscipit no. Homero consectetuer ne ius, et ipsum civibus pericula his, vix impedit accusamus imperdiet in.</p>\r\n\r\n<p>Vide bonorum percipitur eu sit. Pro primis iisque torquatos te. Ceteros inimicus ex has. Ei sapientem gloriatur mediocritatem nam. Erant offendit facilisi in vel, qui paulo cetero periculis eu. Vide causae an ius, id qui audire splendide reprehendunt, quando cetero ex mel.</p>\r\n',	28,	1,	'2017-04-12 12:30:23',	'2017-04-12 12:30:23'),
(99,	'ACİL SATILIK DAİRE',	'ACİL SATILIK DAİRE',	'',	'',	28,	2,	'2017-04-12 12:30:23',	'2017-04-12 12:30:23'),
(100,	'Park Vadi Evleri',	'Park Vadi Evleri Havuzlu',	'',	'<p>Lorem ipsum dolor sit amet, pri an wisi perfecto voluptatibus, an per nostro deserunt perpetua. Animal aliquam legendos te pri, et mei dicunt iudicabit mediocritatem, graece utroque ex pri. No mea epicuri salutatus sententiae. Ex cum mutat vidisse. Vitae scribentur mei et.</p>\r\n\r\n<p>Eu vim ridens explicari, id mei consetetur vituperata, soluta erroribus vix id. Nominati gloriatur cu nam, diam incorrupte cu vix. Id nam saepe nullam volutpat, qui in malis invidunt dissentiet. Id vis veri oratio voluptatibus.</p>\r\n\r\n<p>Omnes vocibus suavitate sed te. Affert corpora deserunt mei at, prodesset persequeris et ius. An mei ipsum doming. Mel no dolores laboramus scribentur. Ei sint tation civibus mei, pri cu iisque petentium disputando. Ut tollit facilisis consequuntur nam, cu natum legendos liberavisse nec, ne graece alienum evertitur vix.</p>\r\n\r\n<p>Dico vocibus mediocrem cum no, meliore dolorem delicatissimi quo ea, amet consulatu pri te. Quem odio ponderum te pri. Qui ubique timeam suscipit no. Homero consectetuer ne ius, et ipsum civibus pericula his, vix impedit accusamus imperdiet in.</p>\r\n\r\n<p>Vide bonorum percipitur eu sit. Pro primis iisque torquatos te. Ceteros inimicus ex has. Ei sapientem gloriatur mediocritatem nam. Erant offendit facilisi in vel, qui paulo cetero periculis eu. Vide causae an ius, id qui audire splendide reprehendunt, quando cetero ex mel.</p>\r\n',	29,	1,	'2017-04-12 12:39:23',	'2017-04-12 12:39:23'),
(101,	'Park Vadi Evleri',	'Park Vadi Evleri Havuzlu',	'',	'<p>Lorem ipsum dolor sit amet, pri an wisi perfecto voluptatibus, an per nostro deserunt perpetua. Animal aliquam legendos te pri, et mei dicunt iudicabit mediocritatem, graece utroque ex pri. No mea epicuri salutatus sententiae. Ex cum mutat vidisse. Vitae scribentur mei et.</p>\r\n\r\n<p>Eu vim ridens explicari, id mei consetetur vituperata, soluta erroribus vix id. Nominati gloriatur cu nam, diam incorrupte cu vix. Id nam saepe nullam volutpat, qui in malis invidunt dissentiet. Id vis veri oratio voluptatibus.</p>\r\n\r\n<p>Omnes vocibus suavitate sed te. Affert corpora deserunt mei at, prodesset persequeris et ius. An mei ipsum doming. Mel no dolores laboramus scribentur. Ei sint tation civibus mei, pri cu iisque petentium disputando. Ut tollit facilisis consequuntur nam, cu natum legendos liberavisse nec, ne graece alienum evertitur vix.</p>\r\n\r\n<p>Dico vocibus mediocrem cum no, meliore dolorem delicatissimi quo ea, amet consulatu pri te. Quem odio ponderum te pri. Qui ubique timeam suscipit no. Homero consectetuer ne ius, et ipsum civibus pericula his, vix impedit accusamus imperdiet in.</p>\r\n\r\n<p>Vide bonorum percipitur eu sit. Pro primis iisque torquatos te. Ceteros inimicus ex has. Ei sapientem gloriatur mediocritatem nam. Erant offendit facilisi in vel, qui paulo cetero periculis eu. Vide causae an ius, id qui audire splendide reprehendunt, quando cetero ex mel.</p>\r\n',	29,	2,	'2017-04-12 12:39:23',	'2017-04-12 12:39:23'),
(104,	'Atatürk Bulvarında Lüks Daire',	'WebSiteSatisi.com Emlaktan',	'adıyamanda satılık daire, satılık ara kat daire, bulvarda satılık daire',	'<p><span style=\"color:#FF0000\"><strong>- 2 ADET KLİMA</strong></span></p>\r\n\r\n<p><span style=\"color:#FF0000\"><strong>- KOMBİ</strong></span></p>\r\n\r\n<p><span style=\"color:#FF0000\"><strong>- ANKASTRE</strong></span></p>\r\n\r\n<p><span style=\"color:#FF0000\"><strong>- Y&Uuml;KL&Uuml;K</strong></span></p>\r\n\r\n<p><span style=\"color:#FF0000\"><strong>- CAM BALKON</strong></span></p>\r\n\r\n<p>&nbsp;</p>\r\n',	31,	1,	'2017-12-25 09:51:16',	'2018-01-04 10:30:30'),
(105,	'',	'',	'',	'',	31,	2,	'2017-12-25 09:51:16',	'2017-12-25 09:51:16'),
(106,	'ALTINŞEHİRDE LÜKS DAİRE',	'WebSiteSatisi.com Emlaktan',	'adıyamanda satılık daire, altınşehirde satılık daire',	'<p><span style=\"color:#FF0000\"><strong>- ALTINŞEHİR LALEZAR SİTESİ</strong></span></p>\r\n\r\n<p><span style=\"color:#FF0000\"><strong>- Y&Uuml;KSEK GİRİŞ</strong></span></p>\r\n\r\n<p><span style=\"color:#FF0000\"><strong>- KOMBİ</strong></span></p>\r\n\r\n<p><span style=\"color:#FF0000\"><strong>- ANKASTRE</strong></span></p>\r\n\r\n<p><span style=\"color:#FF0000\"><strong>- SİTE İ&Ccedil;İ</strong></span></p>\r\n',	32,	1,	'2017-12-25 11:52:13',	'2018-01-04 10:30:57'),
(107,	'',	'',	'',	'',	32,	2,	'2017-12-25 11:52:13',	'2017-12-25 11:52:13'),
(108,	'ALTINŞEHİR PALMİYE SİTE İÇİ DAİRE',	'WebSiteSatisi.com Emlaktan',	'adıyamanda satılık daire, altınşehirde satılık daire',	'<p><span style=\"color:#FF0000\"><strong>- VESTİYER</strong></span></p>\r\n\r\n<p><span style=\"color:#FF0000\"><strong>- MUTFAK DOLABI</strong></span></p>\r\n\r\n<p><span style=\"color:#FF0000\"><strong>- SERAMİK ZEMİN</strong></span></p>\r\n\r\n<p><span style=\"color:#FF0000\"><strong>- G&Ouml;MME DOLAP</strong></span></p>\r\n\r\n<p><span style=\"color:#FF0000\"><strong>- AVİZE</strong></span></p>\r\n\r\n<p><span style=\"color:#FF0000\"><strong>- HİLTON LAVABO</strong></span></p>\r\n\r\n<p><span style=\"color:#FF0000\"><strong>- EBEVEYN BANYO</strong></span></p>\r\n\r\n<p><span style=\"color:#FF0000\"><strong>- DUŞA KABİN</strong></span></p>\r\n\r\n<p><span style=\"color:#FF0000\"><strong>- Ş&Ouml;MİNE</strong></span></p>\r\n\r\n<p><span style=\"color:#FF0000\"><strong>- OTOPARK</strong></span></p>\r\n\r\n<p><span style=\"color:#FF0000\"><strong>- &Ccedil;OCUK OYUN PARKI</strong></span></p>\r\n',	33,	1,	'2017-12-25 12:29:21',	'2018-01-04 10:31:05'),
(109,	'',	'',	'',	'',	33,	2,	'2017-12-25 12:29:21',	'2017-12-25 12:29:21'),
(110,	'HALEP CADDESİNDE YATIRIMLIK ARSA',	'WebSiteSatisi.com Emlaktan',	'adıyamanda satılık arsa',	'<p><span style=\"color:#FF0000\"><strong>- İMARLI</strong></span></p>\r\n\r\n<p><span style=\"color:#FF0000\"><strong>- 4 KATA İMARLI</strong></span></p>\r\n\r\n<p><strong><span style=\"color:#FF0000\">- 898 M2</span></strong></p>\r\n\r\n<p>&nbsp;</p>\r\n',	34,	1,	'2017-12-25 12:50:40',	'2018-01-04 10:31:42'),
(111,	'',	'',	'',	'',	34,	2,	'2017-12-25 12:50:40',	'2017-12-25 12:50:40');

CREATE TABLE `articles` (
  `id` int(10) unsigned NOT NULL AUTO_INCREMENT,
  `type` varchar(255) COLLATE utf8_unicode_ci DEFAULT NULL,
  `code` varchar(255) COLLATE utf8_unicode_ci DEFAULT NULL,
  `hit` int(11) NOT NULL DEFAULT 1,
  `user_id` int(11) DEFAULT NULL,
  `created_at` timestamp NOT NULL DEFAULT '0000-00-00 00:00:00',
  `updated_at` timestamp NOT NULL DEFAULT '0000-00-00 00:00:00',
  `deleted_at` timestamp NULL DEFAULT NULL,
  PRIMARY KEY (`id`)
) ENGINE=InnoDB DEFAULT CHARSET=utf8 COLLATE=utf8_unicode_ci;

INSERT INTO `articles` (`id`, `type`, `code`, `hit`, `user_id`, `created_at`, `updated_at`, `deleted_at`) VALUES
(1,	'Kurumsal',	'1443041506',	2,	NULL,	'2015-09-23 17:51:58',	'2015-10-06 10:25:15',	'2015-10-06 10:25:15'),
(2,	'Kurumsal',	'1444137920',	563,	NULL,	'2015-10-06 10:25:39',	'2021-05-13 06:55:11',	NULL),
(3,	'Kurumsal',	'1444137943',	396,	NULL,	'2015-10-06 10:26:00',	'2018-01-04 10:03:56',	NULL),
(4,	'Kurumsal',	'1444137964',	447,	NULL,	'2015-10-06 10:26:13',	'2018-01-04 10:04:01',	NULL),
(5,	'Haberler',	'1444138007',	90,	NULL,	'2015-10-06 10:29:39',	'2017-02-13 14:04:26',	'2017-02-13 14:04:26'),
(6,	'Yardım',	'1444305498',	348,	NULL,	'2015-10-08 08:59:31',	'2018-01-04 10:09:12',	NULL),
(7,	'Yardım',	'1444305662',	321,	NULL,	'2015-10-08 09:01:16',	'2018-01-04 10:09:17',	NULL),
(8,	'Yardım',	'1444305678',	310,	NULL,	'2015-10-08 09:01:29',	'2018-01-04 10:09:22',	NULL),
(9,	'Yardım',	'1444305708',	355,	NULL,	'2015-10-08 09:01:54',	'2018-01-04 10:09:27',	NULL),
(10,	'Yardım',	'1444305721',	391,	NULL,	'2015-10-08 09:02:07',	'2018-01-04 10:09:32',	NULL),
(11,	'Haberler',	'1445424654',	72,	NULL,	'2015-10-21 07:52:40',	'2017-02-13 14:04:50',	'2017-02-13 14:04:50'),
(12,	'Haberler',	'1445424841',	73,	NULL,	'2015-10-21 07:54:25',	'2017-02-13 14:04:46',	'2017-02-13 14:04:46'),
(13,	'Haberler',	'1445424896',	104,	NULL,	'2015-10-21 07:55:12',	'2018-01-04 10:07:43',	NULL),
(14,	'Haberler',	'1445424927',	100,	NULL,	'2015-10-21 07:55:45',	'2018-01-04 10:07:38',	NULL),
(15,	'Haberler',	'1445425008',	92,	NULL,	'2015-10-21 07:57:03',	'2017-02-13 14:05:02',	'2017-02-13 14:05:02'),
(16,	'Haberler',	'1445425050',	102,	NULL,	'2015-10-21 07:57:44',	'2018-01-04 10:07:33',	NULL),
(17,	'Haberler',	'1445425067',	68,	NULL,	'2015-10-21 07:58:18',	'2017-02-13 14:05:08',	'2017-02-13 14:05:08'),
(18,	'Haberler',	'1445425146',	129,	NULL,	'2015-10-21 07:59:29',	'2018-01-04 10:07:28',	NULL),
(19,	'Haberler',	'1445425391',	72,	NULL,	'2015-10-21 08:03:23',	'2017-02-13 14:05:19',	'2017-02-13 14:05:19'),
(20,	'Haberler',	'1445425515',	114,	NULL,	'2015-10-21 08:05:30',	'2018-01-04 10:07:23',	NULL);

CREATE TABLE `article_translations` (
  `id` int(10) unsigned NOT NULL AUTO_INCREMENT,
  `title` varchar(255) COLLATE utf8_unicode_ci DEFAULT NULL,
  `description` varchar(255) COLLATE utf8_unicode_ci DEFAULT NULL,
  `content` text COLLATE utf8_unicode_ci DEFAULT NULL,
  `article_id` int(10) unsigned NOT NULL,
  `locale_id` int(10) unsigned NOT NULL,
  `created_at` timestamp NOT NULL DEFAULT '0000-00-00 00:00:00',
  `updated_at` timestamp NOT NULL DEFAULT '0000-00-00 00:00:00',
  PRIMARY KEY (`id`),
  UNIQUE KEY `article_translations_article_id_locale_id_unique` (`article_id`,`locale_id`),
  KEY `article_translations_article_id_index` (`article_id`),
  KEY `article_translations_locale_id_index` (`locale_id`),
  CONSTRAINT `article_translations_article_id_foreign` FOREIGN KEY (`article_id`) REFERENCES `articles` (`id`) ON DELETE CASCADE,
  CONSTRAINT `article_translations_locale_id_foreign` FOREIGN KEY (`locale_id`) REFERENCES `locales` (`id`) ON DELETE CASCADE
) ENGINE=InnoDB DEFAULT CHARSET=utf8 COLLATE=utf8_unicode_ci;

INSERT INTO `article_translations` (`id`, `title`, `description`, `content`, `article_id`, `locale_id`, `created_at`, `updated_at`) VALUES
(3,	'Hakkımızda',	'Lorem ipsum dolor sit amet, pri an wisi perfecto voluptatibus, an per nostro deserunt perpetua. Animal aliquam legendos te pri, et mei dicunt iudicabit mediocritatem, graece utroque ex pri. No mea epicuri salutatus sententiae. Ex cum mutat vidisse. Vitae ',	'<p>Lorem ipsum dolor sit amet, pri an wisi perfecto voluptatibus, an per nostro deserunt perpetua. Animal aliquam legendos te pri, et mei dicunt iudicabit mediocritatem, graece utroque ex pri. No mea epicuri salutatus sententiae. Ex cum mutat vidisse. Vitae scribentur mei et.</p>\r\n\r\n<p>Eu vim ridens explicari, id mei consetetur vituperata, soluta erroribus vix id. Nominati gloriatur cu nam, diam incorrupte cu vix. Id nam saepe nullam volutpat, qui in malis invidunt dissentiet. Id vis veri oratio voluptatibus.</p>\r\n\r\n<p>Omnes vocibus suavitate sed te. Affert corpora deserunt mei at, prodesset persequeris et ius. An mei ipsum doming. Mel no dolores laboramus scribentur. Ei sint tation civibus mei, pri cu iisque petentium disputando. Ut tollit facilisis consequuntur nam, cu natum legendos liberavisse nec, ne graece alienum evertitur vix.</p>\r\n\r\n<p>Dico vocibus mediocrem cum no, meliore dolorem delicatissimi quo ea, amet consulatu pri te. Quem odio ponderum te pri. Qui ubique timeam suscipit no. Homero consectetuer ne ius, et ipsum civibus pericula his, vix impedit accusamus imperdiet in.</p>\r\n\r\n<p>Vide bonorum percipitur eu sit. Pro primis iisque torquatos te. Ceteros inimicus ex has. Ei sapientem gloriatur mediocritatem nam. Erant offendit facilisi in vel, qui paulo cetero periculis eu. Vide causae an ius, id qui audire splendide reprehendunt, quando cetero ex mel.</p>\r\n\r\n<p>Lorem ipsum dolor sit amet, pri an wisi perfecto voluptatibus, an per nostro deserunt perpetua. Animal aliquam legendos te pri, et mei dicunt iudicabit mediocritatem, graece utroque ex pri. No mea epicuri salutatus sententiae. Ex cum mutat vidisse. Vitae scribentur mei et.</p>\r\n\r\n<p>Eu vim ridens explicari, id mei consetetur vituperata, soluta erroribus vix id. Nominati gloriatur cu nam, diam incorrupte cu vix. Id nam saepe nullam volutpat, qui in malis invidunt dissentiet. Id vis veri oratio voluptatibus.</p>\r\n\r\n<p>Omnes vocibus suavitate sed te. Affert corpora deserunt mei at, prodesset persequeris et ius. An mei ipsum doming. Mel no dolores laboramus scribentur. Ei sint tation civibus mei, pri cu iisque petentium disputando. Ut tollit facilisis consequuntur nam, cu natum legendos liberavisse nec, ne graece alienum evertitur vix.</p>\r\n\r\n<p>Dico vocibus mediocrem cum no, meliore dolorem delicatissimi quo ea, amet consulatu pri te. Quem odio ponderum te pri. Qui ubique timeam suscipit no. Homero consectetuer ne ius, et ipsum civibus pericula his, vix impedit accusamus imperdiet in.</p>\r\n\r\n<p>Vide bonorum percipitur eu sit. Pro primis iisque torquatos te. Ceteros inimicus ex has. Ei sapientem gloriatur mediocritatem nam. Erant offendit facilisi in vel, qui paulo cetero periculis eu. Vide causae an ius, id qui audire splendide reprehendunt, quando cetero ex mel.</p>\r\n',	2,	1,	'2015-10-06 10:25:39',	'2017-04-11 19:02:08'),
(5,	'Vizyon',	'Lorem ipsum dolor sit amet, pri an wisi perfecto voluptatibus, an per nostro deserunt perpetua. Animal aliquam legendos te pri, et mei dicunt iudicabit mediocritatem, graece utroque ex pri. No mea epicuri salutatus sententiae. Ex cum mutat vidisse. Vitae ',	'<p>Lorem ipsum dolor sit amet, pri an wisi perfecto voluptatibus, an per nostro deserunt perpetua. Animal aliquam legendos te pri, et mei dicunt iudicabit mediocritatem, graece utroque ex pri. No mea epicuri salutatus sententiae. Ex cum mutat vidisse. Vitae scribentur mei et.</p>\r\n\r\n<p>Eu vim ridens explicari, id mei consetetur vituperata, soluta erroribus vix id. Nominati gloriatur cu nam, diam incorrupte cu vix. Id nam saepe nullam volutpat, qui in malis invidunt dissentiet. Id vis veri oratio voluptatibus.</p>\r\n\r\n<p>Omnes vocibus suavitate sed te. Affert corpora deserunt mei at, prodesset persequeris et ius. An mei ipsum doming. Mel no dolores laboramus scribentur. Ei sint tation civibus mei, pri cu iisque petentium disputando. Ut tollit facilisis consequuntur nam, cu natum legendos liberavisse nec, ne graece alienum evertitur vix.</p>\r\n\r\n<p>Dico vocibus mediocrem cum no, meliore dolorem delicatissimi quo ea, amet consulatu pri te. Quem odio ponderum te pri. Qui ubique timeam suscipit no. Homero consectetuer ne ius, et ipsum civibus pericula his, vix impedit accusamus imperdiet in.</p>\r\n\r\n<p>Vide bonorum percipitur eu sit. Pro primis iisque torquatos te. Ceteros inimicus ex has. Ei sapientem gloriatur mediocritatem nam. Erant offendit facilisi in vel, qui paulo cetero periculis eu. Vide causae an ius, id qui audire splendide reprehendunt, quando cetero ex mel.</p>\r\n\r\n<p>Lorem ipsum dolor sit amet, pri an wisi perfecto voluptatibus, an per nostro deserunt perpetua. Animal aliquam legendos te pri, et mei dicunt iudicabit mediocritatem, graece utroque ex pri. No mea epicuri salutatus sententiae. Ex cum mutat vidisse. Vitae scribentur mei et.</p>\r\n\r\n<p>Eu vim ridens explicari, id mei consetetur vituperata, soluta erroribus vix id. Nominati gloriatur cu nam, diam incorrupte cu vix. Id nam saepe nullam volutpat, qui in malis invidunt dissentiet. Id vis veri oratio voluptatibus.</p>\r\n\r\n<p>Omnes vocibus suavitate sed te. Affert corpora deserunt mei at, prodesset persequeris et ius. An mei ipsum doming. Mel no dolores laboramus scribentur. Ei sint tation civibus mei, pri cu iisque petentium disputando. Ut tollit facilisis consequuntur nam, cu natum legendos liberavisse nec, ne graece alienum evertitur vix.</p>\r\n\r\n<p>Dico vocibus mediocrem cum no, meliore dolorem delicatissimi quo ea, amet consulatu pri te. Quem odio ponderum te pri. Qui ubique timeam suscipit no. Homero consectetuer ne ius, et ipsum civibus pericula his, vix impedit accusamus imperdiet in.</p>\r\n\r\n<p>Vide bonorum percipitur eu sit. Pro primis iisque torquatos te. Ceteros inimicus ex has. Ei sapientem gloriatur mediocritatem nam. Erant offendit facilisi in vel, qui paulo cetero periculis eu. Vide causae an ius, id qui audire splendide reprehendunt, quando cetero ex mel.</p>\r\n',	3,	1,	'2015-10-06 10:26:00',	'2017-04-11 19:00:57'),
(7,	'Misyon',	'Lorem ipsum dolor sit amet, pri an wisi perfecto voluptatibus, an per nostro deserunt perpetua. Animal aliquam legendos te pri, et mei dicunt iudicabit mediocritatem, graece utroque ex pri. No mea epicuri salutatus sententiae. Ex cum mutat vidisse. Vitae ',	'<p>Lorem ipsum dolor sit amet, pri an wisi perfecto voluptatibus, an per nostro deserunt perpetua. Animal aliquam legendos te pri, et mei dicunt iudicabit mediocritatem, graece utroque ex pri. No mea epicuri salutatus sententiae. Ex cum mutat vidisse. Vitae scribentur mei et.</p>\r\n\r\n<p>Eu vim ridens explicari, id mei consetetur vituperata, soluta erroribus vix id. Nominati gloriatur cu nam, diam incorrupte cu vix. Id nam saepe nullam volutpat, qui in malis invidunt dissentiet. Id vis veri oratio voluptatibus.</p>\r\n\r\n<p>Omnes vocibus suavitate sed te. Affert corpora deserunt mei at, prodesset persequeris et ius. An mei ipsum doming. Mel no dolores laboramus scribentur. Ei sint tation civibus mei, pri cu iisque petentium disputando. Ut tollit facilisis consequuntur nam, cu natum legendos liberavisse nec, ne graece alienum evertitur vix.</p>\r\n\r\n<p>Dico vocibus mediocrem cum no, meliore dolorem delicatissimi quo ea, amet consulatu pri te. Quem odio ponderum te pri. Qui ubique timeam suscipit no. Homero consectetuer ne ius, et ipsum civibus pericula his, vix impedit accusamus imperdiet in.</p>\r\n\r\n<p>Vide bonorum percipitur eu sit. Pro primis iisque torquatos te. Ceteros inimicus ex has. Ei sapientem gloriatur mediocritatem nam. Erant offendit facilisi in vel, qui paulo cetero periculis eu. Vide causae an ius, id qui audire splendide reprehendunt, quando cetero ex mel.</p>\r\n\r\n<p>Lorem ipsum dolor sit amet, pri an wisi perfecto voluptatibus, an per nostro deserunt perpetua. Animal aliquam legendos te pri, et mei dicunt iudicabit mediocritatem, graece utroque ex pri. No mea epicuri salutatus sententiae. Ex cum mutat vidisse. Vitae scribentur mei et.</p>\r\n\r\n<p>Eu vim ridens explicari, id mei consetetur vituperata, soluta erroribus vix id. Nominati gloriatur cu nam, diam incorrupte cu vix. Id nam saepe nullam volutpat, qui in malis invidunt dissentiet. Id vis veri oratio voluptatibus.</p>\r\n\r\n<p>Omnes vocibus suavitate sed te. Affert corpora deserunt mei at, prodesset persequeris et ius. An mei ipsum doming. Mel no dolores laboramus scribentur. Ei sint tation civibus mei, pri cu iisque petentium disputando. Ut tollit facilisis consequuntur nam, cu natum legendos liberavisse nec, ne graece alienum evertitur vix.</p>\r\n\r\n<p>Dico vocibus mediocrem cum no, meliore dolorem delicatissimi quo ea, amet consulatu pri te. Quem odio ponderum te pri. Qui ubique timeam suscipit no. Homero consectetuer ne ius, et ipsum civibus pericula his, vix impedit accusamus imperdiet in.</p>\r\n\r\n<p>Vide bonorum percipitur eu sit. Pro primis iisque torquatos te. Ceteros inimicus ex has. Ei sapientem gloriatur mediocritatem nam. Erant offendit facilisi in vel, qui paulo cetero periculis eu. Vide causae an ius, id qui audire splendide reprehendunt, quando cetero ex mel.</p>\r\n',	4,	1,	'2015-10-06 10:26:13',	'2017-04-11 19:01:32'),
(9,	'Web Sitemiz Yayında',	'',	'<p>G&uuml;ncelleniyor...</p>\r\n',	5,	1,	'2015-10-06 10:29:39',	'2015-10-06 10:29:39'),
(11,	'Yardım',	'',	'<p>Lorem ipsum dolor sit amet, consectetuer adipiscing elit, sed diam nonummy nibh euismod tincidunt ut laoreet dolore magna aliquam erat volutpat. Ut wisi enim ad minim veniam, quis nostrud exerci tation ullamcorper suscipit lobortis nisl ut aliquip ex ea commodo consequat.</p>\r\n\r\n<p>Lorem ipsum dolor sit amet, consectetuer adipiscing elit, sed diam nonummy nibh euismod tincidunt ut laoreet dolore magna aliquam erat volutpat. Ut wisi enim ad minim veniam, quis nostrud exerci tation ullamcorper suscipit lobortis nisl ut aliquip ex ea commodo consequat.</p>\r\n\r\n<p>&nbsp;</p>\r\n\r\n<p>Lorem ipsum dolor sit amet, consectetuer adipiscing elit, sed diam nonummy nibh euismod tincidunt ut laoreet dolore magna aliquam erat volutpat. Ut wisi enim ad minim veniam, quis nostrud exerci tation ullamcorper suscipit lobortis nisl ut aliquip ex ea commodo consequat.</p>\r\n\r\n<p>&nbsp;</p>\r\n\r\n<p>Lorem ipsum dolor sit amet, consectetuer adipiscing elit, sed diam nonummy nibh euismod tincidunt ut laoreet dolore magna aliquam erat volutpat. Ut wisi enim ad minim veniam, quis nostrud exerci tation ullamcorper suscipit lobortis nisl ut aliquip ex ea commodo consequat.</p>\r\n\r\n<p>Lorem ipsum dolor sit amet, consectetuer adipiscing elit, sed diam nonummy nibh euismod tincidunt ut laoreet dolore magna aliquam erat volutpat. Ut wisi enim ad minim veniam, quis nostrud exerci tation ullamcorper suscipit lobortis nisl ut aliquip ex ea commodo consequat.</p>\r\n\r\n<p>Lorem ipsum dolor sit amet, consectetuer adipiscing elit, sed diam nonummy nibh euismod tincidunt ut laoreet dolore magna aliquam erat volutpat. Ut wisi enim ad minim veniam, quis nostrud exerci tation ullamcorper suscipit lobortis nisl ut aliquip ex ea commodo consequat.Lorem ipsum dolor sit amet, consectetuer adipiscing elit, sed diam nonummy nibh euismod tincidunt ut laoreet dolore magna aliquam erat volutpat. Ut wisi enim ad minim veniam, quis nostrud exerci tation ullamcorper suscipit lobortis nisl ut aliquip ex ea commodo consequat.Lorem ipsum dolor sit amet, consectetuer adipiscing elit, sed diam nonummy nibh euismod tincidunt ut laoreet dolore magna aliquam erat volutpat. Ut wisi enim ad minim veniam, quis nostrud exerci tation ullamcorper suscipit lobortis nisl ut aliquip ex ea commodo consequat.</p>\r\n\r\n<p>&nbsp;</p>\r\n\r\n<p>Lorem ipsum dolor sit amet, consectetuer adipiscing elit, sed diam nonummy nibh euismod tincidunt ut laoreet dolore magna aliquam erat volutpat. Ut wisi enim ad minim veniam, quis nostrud exerci tation ullamcorper suscipit lobortis nisl ut aliquip ex ea commodo consequat.</p>\r\n\r\n<p>&nbsp;</p>\r\n\r\n<p>Lorem ipsum dolor sit amet, consectetuer adipiscing elit, sed diam nonummy nibh euismod tincidunt ut laoreet dolore magna aliquam erat volutpat. Ut wisi enim ad minim veniam, quis nostrud exerci tation ullamcorper suscipit lobortis nisl ut aliquip ex ea commodo consequat.</p>\r\n',	6,	1,	'2015-10-08 08:59:31',	'2015-10-22 09:14:00'),
(13,	'Yasal Uyarı',	'',	'<p>Lorem ipsum dolor sit amet, consectetuer adipiscing elit, sed diam nonummy nibh euismod tincidunt ut laoreet dolore magna aliquam erat volutpat. Ut wisi enim ad minim veniam, quis nostrud exerci tation ullamcorper suscipit lobortis nisl ut aliquip ex ea commodo consequat.</p>\r\n\r\n<p>Lorem ipsum dolor sit amet, consectetuer adipiscing elit, sed diam nonummy nibh euismod tincidunt ut laoreet dolore magna aliquam erat volutpat. Ut wisi enim ad minim veniam, quis nostrud exerci tation ullamcorper suscipit lobortis nisl ut aliquip ex ea commodo consequat.</p>\r\n\r\n<p>&nbsp;</p>\r\n\r\n<p>Lorem ipsum dolor sit amet, consectetuer adipiscing elit, sed diam nonummy nibh euismod tincidunt ut laoreet dolore magna aliquam erat volutpat. Ut wisi enim ad minim veniam, quis nostrud exerci tation ullamcorper suscipit lobortis nisl ut aliquip ex ea commodo consequat.</p>\r\n\r\n<p>&nbsp;</p>\r\n\r\n<p>Lorem ipsum dolor sit amet, consectetuer adipiscing elit, sed diam nonummy nibh euismod tincidunt ut laoreet dolore magna aliquam erat volutpat. Ut wisi enim ad minim veniam, quis nostrud exerci tation ullamcorper suscipit lobortis nisl ut aliquip ex ea commodo consequat.</p>\r\n\r\n<p>Lorem ipsum dolor sit amet, consectetuer adipiscing elit, sed diam nonummy nibh euismod tincidunt ut laoreet dolore magna aliquam erat volutpat. Ut wisi enim ad minim veniam, quis nostrud exerci tation ullamcorper suscipit lobortis nisl ut aliquip ex ea commodo consequat.</p>\r\n\r\n<p>Lorem ipsum dolor sit amet, consectetuer adipiscing elit, sed diam nonummy nibh euismod tincidunt ut laoreet dolore magna aliquam erat volutpat. Ut wisi enim ad minim veniam, quis nostrud exerci tation ullamcorper suscipit lobortis nisl ut aliquip ex ea commodo consequat.Lorem ipsum dolor sit amet, consectetuer adipiscing elit, sed diam nonummy nibh euismod tincidunt ut laoreet dolore magna aliquam erat volutpat. Ut wisi enim ad minim veniam, quis nostrud exerci tation ullamcorper suscipit lobortis nisl ut aliquip ex ea commodo consequat.Lorem ipsum dolor sit amet, consectetuer adipiscing elit, sed diam nonummy nibh euismod tincidunt ut laoreet dolore magna aliquam erat volutpat. Ut wisi enim ad minim veniam, quis nostrud exerci tation ullamcorper suscipit lobortis nisl ut aliquip ex ea commodo consequat.</p>\r\n\r\n<p>&nbsp;</p>\r\n\r\n<p>Lorem ipsum dolor sit amet, consectetuer adipiscing elit, sed diam nonummy nibh euismod tincidunt ut laoreet dolore magna aliquam erat volutpat. Ut wisi enim ad minim veniam, quis nostrud exerci tation ullamcorper suscipit lobortis nisl ut aliquip ex ea commodo consequat.</p>\r\n\r\n<p>&nbsp;</p>\r\n\r\n<p>Lorem ipsum dolor sit amet, consectetuer adipiscing elit, sed diam nonummy nibh euismod tincidunt ut laoreet dolore magna aliquam erat volutpat. Ut wisi enim ad minim veniam, quis nostrud exerci tation ullamcorper suscipit lobortis nisl ut aliquip ex ea commodo consequat.</p>\r\n',	7,	1,	'2015-10-08 09:01:16',	'2015-10-22 09:14:43'),
(15,	'Kullanım Koşulları',	'',	'<p>Lorem ipsum dolor sit amet, consectetuer adipiscing elit, sed diam nonummy nibh euismod tincidunt ut laoreet dolore magna aliquam erat volutpat. Ut wisi enim ad minim veniam, quis nostrud exerci tation ullamcorper suscipit lobortis nisl ut aliquip ex ea commodo consequat.</p>\r\n\r\n<p>Lorem ipsum dolor sit amet, consectetuer adipiscing elit, sed diam nonummy nibh euismod tincidunt ut laoreet dolore magna aliquam erat volutpat. Ut wisi enim ad minim veniam, quis nostrud exerci tation ullamcorper suscipit lobortis nisl ut aliquip ex ea commodo consequat.</p>\r\n\r\n<p>&nbsp;</p>\r\n\r\n<p>Lorem ipsum dolor sit amet, consectetuer adipiscing elit, sed diam nonummy nibh euismod tincidunt ut laoreet dolore magna aliquam erat volutpat. Ut wisi enim ad minim veniam, quis nostrud exerci tation ullamcorper suscipit lobortis nisl ut aliquip ex ea commodo consequat.</p>\r\n\r\n<p>&nbsp;</p>\r\n\r\n<p>Lorem ipsum dolor sit amet, consectetuer adipiscing elit, sed diam nonummy nibh euismod tincidunt ut laoreet dolore magna aliquam erat volutpat. Ut wisi enim ad minim veniam, quis nostrud exerci tation ullamcorper suscipit lobortis nisl ut aliquip ex ea commodo consequat.</p>\r\n\r\n<p>Lorem ipsum dolor sit amet, consectetuer adipiscing elit, sed diam nonummy nibh euismod tincidunt ut laoreet dolore magna aliquam erat volutpat. Ut wisi enim ad minim veniam, quis nostrud exerci tation ullamcorper suscipit lobortis nisl ut aliquip ex ea commodo consequat.</p>\r\n\r\n<p>Lorem ipsum dolor sit amet, consectetuer adipiscing elit, sed diam nonummy nibh euismod tincidunt ut laoreet dolore magna aliquam erat volutpat. Ut wisi enim ad minim veniam, quis nostrud exerci tation ullamcorper suscipit lobortis nisl ut aliquip ex ea commodo consequat.Lorem ipsum dolor sit amet, consectetuer adipiscing elit, sed diam nonummy nibh euismod tincidunt ut laoreet dolore magna aliquam erat volutpat. Ut wisi enim ad minim veniam, quis nostrud exerci tation ullamcorper suscipit lobortis nisl ut aliquip ex ea commodo consequat.Lorem ipsum dolor sit amet, consectetuer adipiscing elit, sed diam nonummy nibh euismod tincidunt ut laoreet dolore magna aliquam erat volutpat. Ut wisi enim ad minim veniam, quis nostrud exerci tation ullamcorper suscipit lobortis nisl ut aliquip ex ea commodo consequat.</p>\r\n\r\n<p>&nbsp;</p>\r\n\r\n<p>Lorem ipsum dolor sit amet, consectetuer adipiscing elit, sed diam nonummy nibh euismod tincidunt ut laoreet dolore magna aliquam erat volutpat. Ut wisi enim ad minim veniam, quis nostrud exerci tation ullamcorper suscipit lobortis nisl ut aliquip ex ea commodo consequat.</p>\r\n\r\n<p>&nbsp;</p>\r\n\r\n<p>Lorem ipsum dolor sit amet, consectetuer adipiscing elit, sed diam nonummy nibh euismod tincidunt ut laoreet dolore magna aliquam erat volutpat. Ut wisi enim ad minim veniam, quis nostrud exerci tation ullamcorper suscipit lobortis nisl ut aliquip ex ea commodo consequat.</p>\r\n',	8,	1,	'2015-10-08 09:01:29',	'2015-10-22 09:14:48'),
(17,	'Gizlilik Politikası ',	'',	'<p>Lorem ipsum dolor sit amet, consectetuer adipiscing elit, sed diam nonummy nibh euismod tincidunt ut laoreet dolore magna aliquam erat volutpat. Ut wisi enim ad minim veniam, quis nostrud exerci tation ullamcorper suscipit lobortis nisl ut aliquip ex ea commodo consequat.</p>\r\n\r\n<p>Lorem ipsum dolor sit amet, consectetuer adipiscing elit, sed diam nonummy nibh euismod tincidunt ut laoreet dolore magna aliquam erat volutpat. Ut wisi enim ad minim veniam, quis nostrud exerci tation ullamcorper suscipit lobortis nisl ut aliquip ex ea commodo consequat.</p>\r\n\r\n<p>&nbsp;</p>\r\n\r\n<p>Lorem ipsum dolor sit amet, consectetuer adipiscing elit, sed diam nonummy nibh euismod tincidunt ut laoreet dolore magna aliquam erat volutpat. Ut wisi enim ad minim veniam, quis nostrud exerci tation ullamcorper suscipit lobortis nisl ut aliquip ex ea commodo consequat.</p>\r\n\r\n<p>&nbsp;</p>\r\n\r\n<p>Lorem ipsum dolor sit amet, consectetuer adipiscing elit, sed diam nonummy nibh euismod tincidunt ut laoreet dolore magna aliquam erat volutpat. Ut wisi enim ad minim veniam, quis nostrud exerci tation ullamcorper suscipit lobortis nisl ut aliquip ex ea commodo consequat.</p>\r\n\r\n<p>Lorem ipsum dolor sit amet, consectetuer adipiscing elit, sed diam nonummy nibh euismod tincidunt ut laoreet dolore magna aliquam erat volutpat. Ut wisi enim ad minim veniam, quis nostrud exerci tation ullamcorper suscipit lobortis nisl ut aliquip ex ea commodo consequat.</p>\r\n\r\n<p>Lorem ipsum dolor sit amet, consectetuer adipiscing elit, sed diam nonummy nibh euismod tincidunt ut laoreet dolore magna aliquam erat volutpat. Ut wisi enim ad minim veniam, quis nostrud exerci tation ullamcorper suscipit lobortis nisl ut aliquip ex ea commodo consequat.Lorem ipsum dolor sit amet, consectetuer adipiscing elit, sed diam nonummy nibh euismod tincidunt ut laoreet dolore magna aliquam erat volutpat. Ut wisi enim ad minim veniam, quis nostrud exerci tation ullamcorper suscipit lobortis nisl ut aliquip ex ea commodo consequat.Lorem ipsum dolor sit amet, consectetuer adipiscing elit, sed diam nonummy nibh euismod tincidunt ut laoreet dolore magna aliquam erat volutpat. Ut wisi enim ad minim veniam, quis nostrud exerci tation ullamcorper suscipit lobortis nisl ut aliquip ex ea commodo consequat.</p>\r\n\r\n<p>&nbsp;</p>\r\n\r\n<p>Lorem ipsum dolor sit amet, consectetuer adipiscing elit, sed diam nonummy nibh euismod tincidunt ut laoreet dolore magna aliquam erat volutpat. Ut wisi enim ad minim veniam, quis nostrud exerci tation ullamcorper suscipit lobortis nisl ut aliquip ex ea commodo consequat.</p>\r\n\r\n<p>&nbsp;</p>\r\n\r\n<p>Lorem ipsum dolor sit amet, consectetuer adipiscing elit, sed diam nonummy nibh euismod tincidunt ut laoreet dolore magna aliquam erat volutpat. Ut wisi enim ad minim veniam, quis nostrud exerci tation ullamcorper suscipit lobortis nisl ut aliquip ex ea commodo consequat.</p>\r\n',	9,	1,	'2015-10-08 09:01:54',	'2015-10-24 12:45:13'),
(19,	'İlan Yayınlama Kuralları',	'',	'<p>Lorem ipsum dolor sit amet, consectetuer adipiscing elit, sed diam nonummy nibh euismod tincidunt ut laoreet dolore magna aliquam erat volutpat. Ut wisi enim ad minim veniam, quis nostrud exerci tation ullamcorper suscipit lobortis nisl ut aliquip ex ea commodo consequat.</p>\r\n\r\n<p>Lorem ipsum dolor sit amet, consectetuer adipiscing elit, sed diam nonummy nibh euismod tincidunt ut laoreet dolore magna aliquam erat volutpat. Ut wisi enim ad minim veniam, quis nostrud exerci tation ullamcorper suscipit lobortis nisl ut aliquip ex ea commodo consequat.</p>\r\n\r\n<p>&nbsp;</p>\r\n\r\n<p>Lorem ipsum dolor sit amet, consectetuer adipiscing elit, sed diam nonummy nibh euismod tincidunt ut laoreet dolore magna aliquam erat volutpat. Ut wisi enim ad minim veniam, quis nostrud exerci tation ullamcorper suscipit lobortis nisl ut aliquip ex ea commodo consequat.</p>\r\n\r\n<p>&nbsp;</p>\r\n\r\n<p>Lorem ipsum dolor sit amet, consectetuer adipiscing elit, sed diam nonummy nibh euismod tincidunt ut laoreet dolore magna aliquam erat volutpat. Ut wisi enim ad minim veniam, quis nostrud exerci tation ullamcorper suscipit lobortis nisl ut aliquip ex ea commodo consequat.</p>\r\n\r\n<p>Lorem ipsum dolor sit amet, consectetuer adipiscing elit, sed diam nonummy nibh euismod tincidunt ut laoreet dolore magna aliquam erat volutpat. Ut wisi enim ad minim veniam, quis nostrud exerci tation ullamcorper suscipit lobortis nisl ut aliquip ex ea commodo consequat.</p>\r\n\r\n<p>Lorem ipsum dolor sit amet, consectetuer adipiscing elit, sed diam nonummy nibh euismod tincidunt ut laoreet dolore magna aliquam erat volutpat. Ut wisi enim ad minim veniam, quis nostrud exerci tation ullamcorper suscipit lobortis nisl ut aliquip ex ea commodo consequat.Lorem ipsum dolor sit amet, consectetuer adipiscing elit, sed diam nonummy nibh euismod tincidunt ut laoreet dolore magna aliquam erat volutpat. Ut wisi enim ad minim veniam, quis nostrud exerci tation ullamcorper suscipit lobortis nisl ut aliquip ex ea commodo consequat.Lorem ipsum dolor sit amet, consectetuer adipiscing elit, sed diam nonummy nibh euismod tincidunt ut laoreet dolore magna aliquam erat volutpat. Ut wisi enim ad minim veniam, quis nostrud exerci tation ullamcorper suscipit lobortis nisl ut aliquip ex ea commodo consequat.</p>\r\n\r\n<p>&nbsp;</p>\r\n\r\n<p>Lorem ipsum dolor sit amet, consectetuer adipiscing elit, sed diam nonummy nibh euismod tincidunt ut laoreet dolore magna aliquam erat volutpat. Ut wisi enim ad minim veniam, quis nostrud exerci tation ullamcorper suscipit lobortis nisl ut aliquip ex ea commodo consequat.</p>\r\n\r\n<p>&nbsp;</p>\r\n\r\n<p>Lorem ipsum dolor sit amet, consectetuer adipiscing elit, sed diam nonummy nibh euismod tincidunt ut laoreet dolore magna aliquam erat volutpat. Ut wisi enim ad minim veniam, quis nostrud exerci tation ullamcorper suscipit lobortis nisl ut aliquip ex ea commodo consequat.</p>\r\n',	10,	1,	'2015-10-08 09:02:07',	'2015-10-22 09:14:56'),
(21,	'Türkiye\'nin 365 gün kayak yapılacak ilk merkezi Snowland, Altınoran\'da açılıyor',	'',	'<p>Artık kayak veya snowboard yapmak i&ccedil;in kışı beklemenize gerek yok. Yılın d&ouml;rt mevsimi kayak yapma imk&acirc;nı sunan, d&uuml;nyanın en heyecanlı ve en modern kayak pisti Snowland, Kasım ayında Ankara&rsquo;da a&ccedil;ılıyor. Sinpaş Yapı&rsquo;nın &Ccedil;ankaya&rsquo;da devam eden Altınoran ve Marina Ankara projelerinin sınırları i&ccedil;erisinde yer alan Snowland, profesyonel yapısı, tecr&uuml;beli ekibi ve 10.000 metrekare b&uuml;y&uuml;kl&uuml;ğ&uuml;ndeki kayak pistiyle, Ankaralılara 365 g&uuml;n &ouml;zg&uuml;rce kayak keyfi yaşatacak.</p>\r\n\r\n<p><br />\r\nİngiltere&rsquo;de Briton Engineering Development tarafından geliştirilen Snowflex teknolojisiyle, ger&ccedil;ek kar pistlerine en yakın sentetikten oluşturulmuş bir zemine sahip olan Snowland, i&ccedil;inde yer alan pek &ccedil;ok sosyal donatı ve olanakla da Ankaralılara kayak keyfinin yanı sıra alternatif bir yaşam alanı da sunuyor.</p>\r\n\r\n<p><br />\r\nİ&ccedil;inde, kayak veya snowboard yapmak isteyenler i&ccedil;in dev kayak pisti, başlangı&ccedil; pisti ve bir de buz pateni pistinin yer aldığı Snowland&rsquo; de pistlerin yanı sıra, kayak butiği, spor malzemeleri kiralama ve satış yeri, cafe-restaurant, pilates ve zumba salonu ve &ccedil;ocuklar i&ccedil;in de ayrı bir oyun alanı bulunuyor. Profesyonel bir ekip tarafından en modern metotlarla kayak, snowboard ve buz pateni eğitimlerinin de verileceği Snowland tesisinde teleferikle ulaşım ve pistin yanı başına kurulan telesiyej ile de kar sporlarının t&uuml;m heyecanı yaşanacak. Marina Ankara ve Altınoran&rsquo;ın sosyal zenginliklerinin yanı başında yer alan Snowland i&ccedil;in Altınoran ve Marina Ankara&rsquo;da oturanlara &ouml;zel y&uuml;zde 25 indirim imk&acirc;nı da sağlanacak.</p>\r\n\r\n<p>Snowland&rsquo;in sınırları i&ccedil;erisinde yer aldığı Sinpaş Yapı&rsquo;nın Altınoran ve Marina Ankara projeleri, 365 g&uuml;n kayak keyfinin yanı sıra barındırdığı sosyal olanaklarla da ayrıcalıklı bir yaşam vaat ediyor.</p>\r\n\r\n<p>B&uuml;nyesinde a&ccedil;ık ve kapalı profesyonel tenis kortları ve uzman antren&ouml;rleriyle &Ccedil;ankaya Tenis Kul&uuml;b&uuml;, turun&ccedil; seraları ile 4 kilometrelik bisiklet ve koşu parkuru barındıran Marina Ankara&rsquo;da yelkenden k&uuml;reğe,futboldan basketbola, tenisten patene, koşudan bisiklete, tırmanıştan y&uuml;zmeye kadar bir&ccedil;ok spor olanağı bulmak m&uuml;mk&uuml;n. İskelelerden k&uuml;&ccedil;&uuml;k yelkenlilerle a&ccedil;ılabileceğiniz, kanolarla k&uuml;rek &ccedil;ekebileceğiniz, kıyı teraslarından birinde oturup mavilikleri izleyebileceğiniz Marina Ankara&rsquo;da, Marina Towers ile birlikte y&uuml;kselmeye başlayan Kanyon, Marina Meydanı, Tropik Ada gibi yenilikler de projeye değer katıyor. Projeye adını veren Marina ve Marina Meydanı&rsquo;nda bulunan deniz feneri, kafeler ve restoranların yanı sıra Kanyon&rsquo;da bulunan 3.5 metre y&uuml;ksekliğindeki şelale, kumsal ve g&ouml;l, Marina Towers&rsquo;ın hemen altında yer alıyor. Projenin bir diğer keyifli k&ouml;şesi ise tropik kumsalı ve bitki &ouml;rt&uuml;s&uuml;yle Tropik Ada. Burada &ccedil;ocuklar i&ccedil;in y&uuml;zme, aileler i&ccedil;in de dinlenme ve buluşma yerleri de bulunuyor.</p>\r\n',	11,	1,	'2015-10-21 07:52:40',	'2015-10-21 07:52:40'),
(23,	'Erenköy ve Göztepe\'de Yaşam Kalitesi Artıyor',	'',	'<p>T&uuml;rkiye&rsquo;deki yapı sekt&ouml;r&uuml;n&uuml;n &ouml;nemli oyuncularından Uzunal Tau Yapı, &ldquo;hayatın y&uuml;kselen değerleri&rdquo; olarak g&ouml;rd&uuml;ğ&uuml; yaşam alanlarına yeni değerler katıyor. Uzunal Tau Yapı, İstanbul&rsquo;un ruhuna ve kentin değerli dokusuna uygun kalıcı eserler &uuml;retmeye İstanbul&rsquo;un Anadolu yakasında iki &ouml;nemli projeyle devam ediyor. Projeler farklı ihtiya&ccedil;lara y&ouml;nelik 2+1&rsquo;den 5+1&rsquo;e kadar değişen &ouml;l&ccedil;&uuml;lerde l&uuml;ks daireler sunuyor.</p>\r\n\r\n<p>G&ouml;ztepe Parkı&rsquo;na komşu eşsiz konum</p>\r\n\r\n<p>G&ouml;ztepe Parkı, İstanbul&#39;un sayılı konsept parkları arasında sayılıyor. Bu parka ve kesintisiz olarak denize bakan konumuyla Uzunal Tau Yonca, sakinlerine sahil yolu ile Bağdat caddesi arasında l&uuml;ks ve konforlu bir yaşam sunuyor. Aralık 2016 tarihinde tamamlanacak olan Uzunal Tau Yonca, &ouml;n ve arka taraflarının yol cepheli olmasıyla dikkat &ccedil;ekiyor. 9 katlı proje, 157 ile 175 metrekare arası değişen geniş alanlı 3+1 dairelerle ve &ccedil;ift katlı otoparkıyla konforlu bir kent yaşamı vadediyor.</p>\r\n\r\n<p>Anadolu Yakası&rsquo;nın g&ouml;zdesi</p>\r\n\r\n<p>Mayıs 2017&rsquo;de tamamlanacak Uzunal Tau Tezer ise şimdiden Anadolu Yakasının g&ouml;zdesi niteliğinde. Erenk&ouml;y&rsquo;deki Proje, Kadık&ouml;y civarındaki geleneksel k&uuml;&ccedil;&uuml;k daire anlayışının tersine, geniş 2+1 ve 3+1 dairelerden oluşuyor. Rahat bir otoparka ve ferah bah&ccedil;e alanlarına sahip Uzunal Tau Tezer projesindeki 120 ile 500 metrekare arasında değişen ticaret alanları da b&ouml;lgenin ihtiyacını en iyi şekilde karşılayacak. Proje, modern mimari anlayışıyla, yeni nesil dayanıklı ve konforlu malzemelerle inşa ediliyor.</p>\r\n\r\n<p>Yaşam alanlarının g&uuml;venli ve huzurlu ortamlara d&ouml;n&uuml;şebilmesi i&ccedil;in gereken y&uuml;ksek standartlarla yapılar inşa eden Uzunal Tau Yapı, Yonca ve Tezer konut projeleriyle Anadolu Yakası&rsquo;nın en hareketli semtlerine sofistike yaşam dinamikleri sunuyor.</p>\r\n\r\n<p>T&uuml;m projelere 5 yıl garanti</p>\r\n\r\n<p>Projelerini zamanından &ouml;nce teslim ederek, teslim tarihlerine ayrı bir &ouml;zen g&ouml;steren ve t&uuml;m projelerinde ev sahiplerine 5 yıl garanti s&uuml;resi veren Uzunal Tau Yapı, dairelerin i&ccedil;inde seramiklerden parkelere, pencerelerden tesisata ve boyalara kadar her konuda arsa sahibinin veya m&uuml;şterilerinin t&uuml;m sorunlarına etkili ve hızlı &ccedil;&ouml;z&uuml;mler buluyor.</p>\r\n\r\n<p>Yenilenen ve kullanım kolaylığı sunan yeni web sitesi www.uzunaltau.com ile t&uuml;m projeleri hakkında detaylı bilgiler sunan Uzunal Tau Yapı&rsquo;nın deprem tehlikesini en aza indiren yeni nesil teknolojilerle hayata ge&ccedil;irdiği t&uuml;m projeler, ev sahibi olmak isteyenleri g&uuml;venli ve huzurlu mekanlara kavuşturuyor. Uzunal Tau Yapı, bug&uuml;ne kadar 1200&rsquo;den fazla kişiyi ev sahip yapmanın ve 40 yıllık tecr&uuml;benin verdiği g&uuml;&ccedil;le yeni projelere başlamanın mutluluğunu yaşıyor.</p>\r\n\r\n<p>Projeler hakkında detaylı bilgi almak ve konut satışlarındaki &ouml;zel fiyatlardan faydalanmak i&ccedil;in satış ofisiyle info@uzunaltau.com e-mail adresi veya 0(216) 358 12 12 numaralı telefon &uuml;zerinden iletişime ge&ccedil;ebilirsiniz.</p>\r\n',	12,	1,	'2015-10-21 07:54:25',	'2015-10-21 07:54:25'),
(25,	'Gayrimenkul sektörü yatırımcısına kazandırmaya devam edecek',	'',	'<p>Yeni yılla birlikte konut fiyatlarına y&uuml;zde 10 zam bekleniyor. Se&ccedil;imlerin ardından bankaların verdiği konut kredilerinin faiz oranlarında d&uuml;ş&uuml;ş beklediklerini belirten İzmir Emlak Komisyoncuları Odası Başkanı Mesut G&uuml;leroğlu, &quot;Faizler d&uuml;şt&uuml;ğ&uuml;nde talep artacağı i&ccedil;in konut fiyatları da artar&quot; dedi.</p>\r\n\r\n<p>&nbsp;İkinci el hareketli</p>\r\n\r\n<p>Gayrimenkul piyasasının yaklaşık 2 yıldır yerinde saydığını belirten G&uuml;leroğlu, birinci el konutlarda hareketlilik olsa da ikinci el konul satışlarında durgunluk yaşandığını s&ouml;yledi. Son 3 ayda ikinci el piyasasında da hareketlenme başladığını belirten Giileroğlu ş&ouml;yle konuştu:</p>\r\n\r\n<p>&nbsp;Faizler d&uuml;şerse...</p>\r\n\r\n<p>&quot;Faiz oranlarının biraz daha aşağı d&uuml;şebileceğini hesap ederek hareket ediyor insanlar. Se&ccedil;imlerin ardından yeni h&uuml;k&uuml;metin kurulmasından sonra istikrar sağlanırsa, d&ouml;vizin ateşi d&uuml;şer, faiz aşağıya iner. Bu ne demektir; bug&uuml;n 250 liraya aldığınız evi faizler aşağıya d&uuml;şt&uuml;ğ&uuml;nde talep olacağı i&ccedil;in y&uuml;zde 10 fazla rakama almak zorunda kalabilirsiniz.&quot;</p>\r\n\r\n<p>&nbsp;Yapılandırma imk&acirc;nı var</p>\r\n\r\n<p>Gayrimenkulun yatırımcısına her hal&uuml;karda para kazandırdığını anlatan G&uuml;leroğlu, &quot;Bug&uuml;n faiz oranlan y&uuml;zde 1.10-1.15 bandında geziyor. Y&uuml;zde 1.10&#39;dan alıp yarın faizler aşağıya d&uuml;şt&uuml;ğ&uuml;nde yeniden yapılandırıp kredi &ouml;demenizi daha da d&uuml;ş&uuml;rebilirsiniz. Ancak bug&uuml;n 250 bin liraya aldığınız bir gayrimenkul&uuml; 6 ay sonra o paraya alamazsınız&quot; diye konuştu.</p>\r\n\r\n<p>&nbsp;G&uuml;nl&uuml;k kiralamayı &ccedil;&ouml;z&uuml;n</p>\r\n\r\n<p>T&uuml;rkiye genelinde sayıları 30 bini ge&ccedil;en &quot;g&uuml;nl&uuml;k kiralık&quot; evler ile ilgili acil bir d&uuml;zenleme yapılması gerektiğini belirten Mesut G&uuml;leroğlu, devleti gelir kaybına uğratan bu y&ouml;ntemin su&ccedil;a ve su&ccedil;luya da sığınak olabildiğini s&ouml;yledi. Giileroğlu, &quot;Bu tip ev kiralamaları i&ccedil;in yurtdışında her t&uuml;rl&uuml; belge isteniyor. Biz de ise hi&ccedil;bir kayıt altına alma yok, s&ouml;zleşme yok sadece anahtar verip anahtar alınıyor. Ter&ouml;r, fuhuş olayları, uyuşturucu kullanımı i&ccedil;in kiralayabiliyorlar. Emlak&ccedil;ılar Odasının tasvip etliği bir şey değil&quot; diye konuştu. &nbsp;</p>\r\n',	13,	1,	'2015-10-21 07:55:12',	'2015-10-21 07:55:12'),
(27,	'TOKİ Başkanı\'ndan çatı modeli sürprizi',	'',	'<p>Başbakanlık Toplu Konut İdaresi Başkanlığı (TOKİ), yurtdışı m&uuml;teahhitlik hizmetlerinde ABD ve İngiltere&rsquo;nin de uyguladığı &lsquo;&ccedil;atı&rsquo; modeline ge&ccedil;mek i&ccedil;in &ccedil;alışma başlattı.<br />\r\nYurti&ccedil;i &ccedil;ok hareketli olduğu i&ccedil;in firmaların i&ccedil; pazara y&ouml;neldiğini ancak dış pazarlarda da varolmak gerektiğine dikkat &ccedil;eken TOKİ Başkanı Mehmet Erg&uuml;n Turan &ldquo;&Uuml;lkemize değer kazandırmamız i&ccedil;in a&ccedil;ılım şart. Yurtdışı m&uuml;teahhitlik sekt&ouml;r&uuml; kendi &ccedil;abaları ile bug&uuml;nk&uuml; başarılı noktasına geldi. TOKİ olarak buna daha da katkı sağlayacak bir yapıya ihtiyacımız var. Bir model geliştiriyoruz. İngiltere&rsquo;de, ABD&rsquo;de, bir&ccedil;ok gelişmiş &uuml;lkede uygulanan bir sistem&rdquo; dedi.<br />\r\nTOKİ&rsquo;nin &ouml;nc&uuml; kuruluş olacağını kaydeden Turan ş&ouml;yle konuştu: &ldquo;T&uuml;rkiye&rsquo;deki m&uuml;teahhitlik sekt&ouml;r&uuml;n&uuml; bir şemsiye altında toplayacağız. Biz işi alacağız, &uuml;lkemizdeki firmalarla paylaşacağız. Bunu sekt&ouml;rdeki kuruluşlarla da g&ouml;r&uuml;ş&uuml;yoruz. Onlar da &ccedil;ok istiyor. Sistem i&ccedil;in yasal d&uuml;zenleme gerekiyor. Ancak bundan sonrasında kamunun da bu işin i&ccedil;inde olması lazım. &Ouml;zel-kamu birlikteliğinde bir iş modeli hayata ge&ccedil;irmeliyiz.&rdquo; Turan&rsquo;ın diğer tespitleri şunlar:<br />\r\n2016, ZİRVE YILI OLUR: TOKİ, 1984-2002 yılları arasında sadece 43 bin konut &uuml;retmiş. Fakat 2002 yılından başlayan s&uuml;re&ccedil;le 2015 yılına gelindiğinde idare 670 bine yakın vatandaşımızı konut sahibi yapmıştır. Bug&uuml;n 3 milyonu aşkın vatandaşımız TOKİ&rsquo;nin &uuml;rettiği konutlarda yaşıyor. 2023 yılı i&ccedil;in hedefimizi 1 milyon konut olarak belirlemiştik. Emeklilerimize d&ouml;n&uuml;k projelendirdiğimiz &ouml;zel kontenjanlarla bu hedefi 200 bin yukarı &ccedil;ektik. Dolasıyla amacımız 2023 yılında 5.5 milyon insanımızı ev sahibi yapmak. 2016, TOKİ i&ccedil;in zirve yılı olacak. Hedefimiz 60 bin konut &uuml;retmek.<br />\r\nEN Y&Uuml;KSEK OLMAYIZ: Geleneksel T&uuml;rk mimari geleneğinde, yatay yapılanma h&acirc;kimdir. D&uuml;nden bug&uuml;ne gelebilen kadim şehirlerimize baktığımızda, konutların yatay olduğunu g&ouml;r&uuml;yoruz. TOKİ olarak, konut b&ouml;lgelerinin ve genel şehir planının elverdiği alanlarda, yatay mimari yaklaşımıyla &ccedil;ok katlı olmayan &uuml;retimler hayata ge&ccedil;iriyoruz. Şehirlerdeki en y&uuml;ksek binalar TOKİ binaları olmayacak.<br />\r\nGAZİANTEP&rsquo;E ŞEHİR: İnsanların bulundukları yerde konut sahibi olmalarını istiyoruz. Şu ana kadar G&uuml;neydoğu Anadolu ve Doğu Anadolu b&ouml;lgelerinde 136 bin 771 konut i&ccedil;in proje başlattık. Gaziantep&rsquo;te 60 bin konutluk yeni bir şehir planlıyoruz. İlk etapa 3 bin konut i&ccedil;in ihale hazırlığımız var. 2-3 yıl i&ccedil;inde 30 bin konut tamamlanacak.<br />\r\n&lsquo;&Ouml;NCELİĞİMİZ DEPREM KUŞAKLARI&rsquo;<br />\r\n37 şehirde 106 alan ve 38 bin binanın, &ldquo;riskli&rdquo; ilan edildiğine dikkat &ccedil;eken Turan, &ldquo;2023 yılına kadar yaklaşık 6.5 milyon konutun yıkılıp yeniden inşası gerekiyor. TOKİ olarak &ouml;nceliğimizi &ldquo;deprem kuşakları&rdquo; olarak belirledik&rdquo; dedi.&nbsp;</p>\r\n',	14,	1,	'2015-10-21 07:55:45',	'2015-10-21 07:55:45'),
(29,	'Yunanistan\'da binlerce ev satılık ama alan yok',	'',	'<p>Yunanistan, 2009 yılından beri ağır bir bor&ccedil; kriziyle boğuşuyor. Yunan halkı, 6 yıldır ağır kemer sıkma &ouml;nlemleri karşılığında aldığı kredilerle ayakta kalmaya &ccedil;alıştı. Ancak referandumda, yeni Tasarruf &ouml;nlemlerine Hayır dedi. Şimdi &uuml;lke, resmen iflasın eşiğinde. Yunanistan&#39;ın eurodan hatta Avrupa Birliği&#39;nden &ccedil;ıkması konuşuluyor.</p>\r\n\r\n<p>YUNAN ADALARI G&Ouml;ZDE<br />\r\nBu ortamda &uuml;lkenin Emlak piyasası da adeta kan ağlıyor. The Wall Street Journal gazetesinin haberine g&ouml;re, &uuml;lkede kriz başladığından beri Ev Fiyatları yaklaşık y&uuml;zde 40 d&uuml;şt&uuml;. Binlerce Satılık ev olmasına rağmen &uuml;lke i&ccedil;inden talep yok denecek kadar az. Bu durum &ouml;zellikle Avrupalı zenginlere yarıyor. Mykonos gibi pop&uuml;ler Yunan adalarındaki y&uuml;zlerce ev yabancılara satılmış durumda.</p>\r\n\r\n<p>T&Uuml;RKLER İLGİ G&Ouml;STERİYOR<br />\r\nAdalardaki cazip Emlak fiyatları T&uuml;rkleri de cezbetti. İş &ccedil;evreleri ve bazı vatandaşlar bu durumu Yatırım fırsatı olarak g&ouml;rd&uuml;. Bir&ccedil;ok Yatırımcı fırsatları değerlendirmek i&ccedil;in b&ouml;lgeye gidiyor.</p>\r\n',	15,	1,	'2015-10-21 07:57:03',	'2015-10-21 07:57:03'),
(31,	'Otoyol İhaleleri İki Ay Ertelendi',	'',	'<p>Uaştırma Bakanlığı, &uuml;&ccedil;&uuml;nc&uuml; Boğaz k&ouml;pr&uuml;s&uuml;n&uuml;n iki tarafında inşa edilecek Kuzey Marmara Otoyolu Projesi&#39;nin Kurtk&ouml;y-Akyazı ve Kınalı-Odayeri etaplarının yapım ihalesinde teklif alma s&uuml;relerini ikişer ay erteledi.</p>\r\n\r\n<p>RESMİ GAZETE&#39;DE YAYIMLANDI</p>\r\n\r\n<p>Resmi Gazete&#39;nin bug&uuml;nk&uuml; sayısında yer alan ilanlara g&ouml;re, gelen taleplere bağlı olarak, tekliflerin hazırlanabilmesi i&ccedil;in &quot;ek s&uuml;reye ihtiya&ccedil; duyulacağı&quot; belirtilerek, Kuzey Marmara Otoyolu Projesi Kurtk&ouml;y-Akyazı kesimi yapım ihalesi 30 Haziran&#39;dan 31 Ağustos&#39;a, Kınalı-Odayeri kesimi yapım ihalesi de 7 Temmuz&#39;dan 7 Eyl&uuml;l&#39;e ertelendi.&nbsp;</p>\r\n',	16,	1,	'2015-10-21 07:57:44',	'2015-10-21 07:57:44'),
(33,	'Kredi çekecek olanlar Dikkat!',	'',	'<p>G&uuml;mr&uuml;k ve Ticaret Bakanlığının, Konut Finansmanı S&ouml;zleşmeleri Y&ouml;netmeliği Resmi Gazete&#39;de yayımlandı.</p>\r\n\r\n<p>Konut finansmanı s&ouml;zleşmelerine ilişkin uygulama usul ve esaslarını d&uuml;zenleyen y&ouml;netmeliğe g&ouml;re, konut finansmanı kuruluşları, finansmanın koşullarını i&ccedil;eren bilgi formunu, s&ouml;zleşmeden &ouml;nce t&uuml;keticiye verecek.</p>\r\n\r\n<p>Kredi talebinin reddedilmesi durumunda, konut finansmanı kuruluşu tarafından t&uuml;ketici &uuml;cretsiz olarak bilgilendirilecek. T&uuml;keticinin yazılı ya da elektronik ortamda a&ccedil;ık talebi olmaksızın kredi ile ilgili sigorta yaptırılamayacak. T&uuml;keticinin sigorta yaptırmak istemesi halinde, istediği sigorta şirketinden sağladığı teminat, konut finansmanı kuruluşu tarafından kabul edilecek. T&uuml;ketici, konut finansmanı kuruluşuna bor&ccedil;landığı tutarın tamamını veya bir taksit tutarından az olmamak &uuml;zere herhangi bir tutarı vadesinden &ouml;nce &ouml;deyebilecek. Bu hallerde, konut finansmanı kuruluşu, erken &ouml;denen miktara g&ouml;re ilgili h&uuml;k&uuml;mlere uygun olarak gerekli indirimi yapacak.</p>\r\n\r\n<p>ERKEN &Ouml;DEME TAZMİNATI<br />\r\nFaiz oranının sabit olarak belirlenmesi halinde, s&ouml;zleşmede yer verilmek suretiyle, t&uuml;keticinin bor&ccedil;landığı tutarın tamamını veya bir taksit tutarından az olmamak &uuml;zere herhangi bir tutarı vadesinden &ouml;nce &ouml;demesi durumunda, konut finansmanı kuruluşu, t&uuml;keticiden erken &ouml;deme tazminatı talep edebilecek.</p>\r\n\r\n<p>Erken &ouml;deme tazminatı, t&uuml;ketici tarafından konut finansmanı kuruluşuna erken &ouml;denen anapara tutarının kalan vadesi 36 ayı aşmayan kredilerde y&uuml;zde 1&#39;ini, aşanlarda ise y&uuml;zde 2&#39;sini ge&ccedil;emeyecek.</p>\r\n\r\n<p>Kredilerde geri &ouml;deme tutarlarının, finansal kiralama işlemlerinde, kira bedellerinin anaparayı aşan kısmı bu madde kapsamında faiz olarak kabul edilecek.</p>\r\n\r\n<p>S&ouml;zleşmede belirtilmek suretiyle konut finansmanına y&ouml;nelik kredilerde ve finansal kiralama işlemlerinde faiz oranı sabit veya değişken olarak ya da aynı kredi i&ccedil;in her iki y&ouml;ntem esas alınarak belirlenebilecek. Faiz oranının sabit olarak belirlenmesi halinde, s&ouml;zleşmenin kurulduğu tarihteki oran tarafların rızası dışında değiştirilemeyecek.<br />\r\nKonut finansmanı s&ouml;zleşmelerinde, yıllık maliyet oranı yer alacak. Konut finansmanı s&ouml;zleşmesine ilişkin bir hesap a&ccedil;ılması ve bu hesaptan sadece kredi ile ilgili işlemler yapılması durumunda, t&uuml;keticiden bu hesaba ilişkin herhangi bir isim altında &uuml;cret veya masraf talep edilemeyecek. Bu hesap t&uuml;keticinin, aksine yazılı talebi olmaması halinde kredinin &ouml;denmesi ile kapanacak.</p>\r\n\r\n<p>T&uuml;keticinin a&ccedil;ık talimatı olmaksızın konut finansmanı s&ouml;zleşmesi ile ilişkili bir kredili mevduat hesabı s&ouml;zleşmesi yapılamayacak.</p>\r\n\r\n<p>&Ouml;te yandan s&ouml;z konusu y&ouml;netmelik altı ay sonra y&uuml;r&uuml;rl&uuml;ğe girecek. Ayrıca, Y&ouml;netmelikle, Konut Finansmanı Kuruluşlarınca Verilecek S&ouml;zleşme &Ouml;ncesi Bilgi Formu Usul ve Esasları Hakkında Y&ouml;netmelik, Değişken Faizi İ&ccedil;eren Konut Finansmanı S&ouml;zleşmelerine Dair T&uuml;keticilerin Bilgilendirilmesi Usul ve Esasları Hakkında Y&ouml;netmelik, Konut Finansmanı Sisteminde Erken &Ouml;deme İndirimi ve Yıllık Maliyet Oranı Hesaplama Usul ve Esasları Hakkında Y&ouml;netmelik ile Konut Finansmanı Kapsamındaki Kredilerin Yeniden Finansmanına İlişkin Usul ve Esaslar Hakkında Y&ouml;netmelik y&uuml;r&uuml;rl&uuml;kten kaldırıldı.</p>\r\n',	17,	1,	'2015-10-21 07:58:18',	'2015-10-21 07:58:18'),
(35,	'Bu zaman da ev almak mı, kirada oturmak mı?',	'',	'<p>Ailenizin yanında oturuyorsunuz, &quot;Ah bir kendi evim olsa&quot; diye hayal kuruyorsunuz. Veya kiradasınız ve her ay b&uuml;t&ccedil;enizin &ouml;nemli bir kısmını kiraya &ouml;deyerek havaya attığınızı d&uuml;ş&uuml;n&uuml;yorsunuz. Bir ev mi satın alacaksınız yoksa kiralayacak mısınız? Kirada oturmaya devam mı edeceksiniz yoksa ev sahipliğine doğru cesur ama korkutucu bir adım mı atacaksınız? İşte &ccedil;&ouml;z&uuml;mleri...</p>\r\n\r\n<p>Yukarıdaki tariflerden birine uyuyorsanız bu yazı sizin i&ccedil;in.</p>\r\n\r\n<p>Sizi merakta bırakmayalım, sorunun kısa cevabını hemen verelim: cevap kişinin b&uuml;t&ccedil;esine ve g&uuml;nl&uuml;k harcamaları rahat yapma / para biriktirme arasında ne tarafa yakın olduğuna g&ouml;re değişir. Ancak, genel olarak i&ccedil;inde yaşayacağınız evi krediye girip satın almak uzun vadede en doğru karar. Niye mi b&ouml;yle d&uuml;ş&uuml;n&uuml;yoruz? Buyrun okuyun:</p>\r\n\r\n<p>Kredi kira karşılaştırmasında net karara varmak i&ccedil;in, bazı varsayımlara dayalı detaylı bir hesap yapmak lazım. Yazımızda bu hesaba dahil olması gereken en &ouml;nemli konuları ele alacağız.</p>\r\n\r\n<p>Konut Kredisi Kullandığınız Senaryo</p>\r\n\r\n<p>&Ouml;ncelikli olarak konut kredisi kullanmak i&ccedil;in elinizde birka&ccedil; istisna dışında mutlaka biraz peşinatınız olmalı. Alacağınız evin değerinin %25&#39;ini (yani 4&#39;te birini) peşin olarak &ouml;demeniz BDDK tarafından yasal olarak zorunlu tutulmuş bir şart olduğundan bundan ka&ccedil;ış yok.<br />\r\n&Ouml;rnek verirsek, 135.000 TL değerinde bir ev i&ccedil;in yaklaşık 35.000 TL peşinatınızın olması gerekiyor ve konut kredisini ancak geriye kalan 100.000 TL i&ccedil;in kullanabilirsiniz.</p>\r\n\r\n<p>Bug&uuml;n&uuml;n şartlarında (Mart-Nisan 2015) 100.000 TL konut kredisi i&ccedil;in 10 yıl vadede aylık taksitleriniz 1.346 TL olacaktır. &Ouml;ncelikle bu tutarın sizin b&uuml;t&ccedil;enizi zorlamayacak bir seviyede olduğundan emin olmanız lazım.<br />\r\nKredinin 10 sene boyunca toplam geri &ouml;demesi (faiz + anapara) ise 161.500 TL olmaktadır. Konut kredisi kullanmanızdan dolayı &ouml;deyeceğiniz kredi tahsis &uuml;creti, ekspertiz ve ipotek tesisi &uuml;creti toplamı (dosya masrafı) yaklaşık 1.000 TL olmakta. Bu şartlar altında 100.000 TL&#39;yi 10 yıl vade ile almanız durumunda faiz ve masraf toplamı 62.500 TL, anaparanız da d&acirc;hil toplam &ouml;demeniz 162.500 TL olmaktadır.<br />\r\nBu alışveriş karşılığında 10 sene sonra bir eve sahip olacaksınız ve evin o g&uuml;nk&uuml; değerinin ne olacağı &ouml;nemli bir soru. Ge&ccedil;tiğimiz 5 senede ev fiyatları toplam %75 oranında son 10 senede ise toplam %230 artmış. Yani başka bir değişle 100.000 TL&#39;lik bir evi 5 sene &ouml;nce alsaydınız bug&uuml;nk&uuml; fiyatı 175.000 TL, on sene &ouml;nce aynı parayı bir eve &ouml;demiş olsaydınız bug&uuml;nk&uuml; fiyatı tam 330.000TL olacaktı. Yani tam 3,3 katı! Aynı d&ouml;nemde enflasyon %118 artmış; yani bu hesaba g&ouml;re yatırımınızın &quot;enflasyondan arındırılmış&quot; reel değeri de ciddi oranda artmış olacaktı.<br />\r\nGelin biz biraz daha tedbirli davranalım ve evinizin değer artışının ileriki yıllarda ge&ccedil;miş 10 yıllık ortalamanın yarısı kadar (daha d&uuml;ş&uuml;k) olacağını varsayalım. Biraz detaylı bir hesaplamayla bug&uuml;n 135.000 TL&#39;ye aldığınız evin değeri 10 sene sonra 362.000 TL olacak ve bu durumda evin değer artışından elde ettiğiniz kazan&ccedil; 227.000 TL olacaktır. Bu k&acirc;rdan yukarıda hesapladığımız kredi faizi ve masrafları da d&uuml;şersek k&acirc;rınız net olarak 164.500 TL olacaktır. Evi alırken &ouml;demeniz gereken %2 tapu harcı ve emlak&ccedil;ı komisyonunu (ortalama %2) da ekleseniz bile durum &ccedil;ok değişmiyor, net k&acirc;rınız 159.000 TL ediyor.</p>\r\n\r\n<p>Yani T&uuml;rkiye gibi gelişen ve n&uuml;fusu her ge&ccedil;en g&uuml;n b&uuml;y&uuml;yen bir &uuml;lkede konut kredisine verdiğiniz faize yanmayın, &ccedil;&uuml;nk&uuml; olduk&ccedil;a y&uuml;ksek bir ihtimalle aldığınız evin değer artışı &ouml;dediğiniz faizlerin kat be kat &uuml;zerinde olacaktır.</p>\r\n\r\n<p>Kiraya &Ccedil;ıkmanız Durumunda</p>\r\n\r\n<p>&nbsp;</p>\r\n\r\n<p>Değeri 135 bin TL olan ve aylık olarak 650 TL kira &ouml;dediğiniz bir evde oturduğunuzu varsayalım. Kira kontratınızın yenilenmesi durumunda zam oranı &uuml;st sınırı Yargıtay 6. Hukuk Dairesinin Aralık 2013&#39;te verdiği emsal karara g&ouml;re &uuml;retici fiyat endeksi (&Uuml;FE) oranına g&ouml;re belirlenecek. Ge&ccedil;miş verilere g&ouml;re 10 yıl boyunca kira artışınızın yıllık ortalama %8 olduğunu varsayalım. Bu durumda 10 yıl sonra &ouml;deyeceğiniz aylık kiranız 1.300 TL ve 10 yılda kiraya &ouml;dediğiniz toplam bedel ise; 113.000 TL olacaktır (68,000TL faiz ve t&uuml;m masraflar yerine!).</p>\r\n\r\n<p>Sonu&ccedil; olarak;</p>\r\n\r\n<p>Hesapladığımız gibi kirada kalmanız durumunda hem 10 senelik faiz ve masrafın neredeyse 2 katını &ouml;deyeceksiniz, hem para biriktirmeniz zorlaşacak hem de alacağınız evin değer kazanmasından mahrum kalacaksınız. Ev sahibiyle uğraşmak da cabası!<br />\r\nSiz en iyisi peşinatınızı denkleştirin, cesaretinizi toplayın ve &ouml;deyebileceğiniz bir krediye girin.</p>\r\n\r\n<p>Son bir not olarak, kredi taksitlerinizin başlangı&ccedil;ta kira &ouml;demelerinizden fazla olacağı i&ccedil;in &ouml;deme zorluğu &ccedil;ekeceğinizi d&uuml;ş&uuml;n&uuml;yorsanız konut kredisi esnek &ouml;deme se&ccedil;eneklerinden (ilk seneler daha d&uuml;ş&uuml;k, sonraki seneler giderek y&uuml;kselen taksitler) yararlanarak size uygun bir &ouml;deme se&ccedil;eneğinden faydalanabilir veya kredinizi daha uzun bir vade ile alabilirsiniz.</p>\r\n\r\n<p>Kaynak: Sabah&nbsp;</p>\r\n',	18,	1,	'2015-10-21 07:59:29',	'2015-10-21 07:59:29'),
(37,	'Dolar yeni güne yine uçarak başladı.',	'',	'<p>Dolar/TL, k&uuml;resel piyasalarda doların 11.5 yılın zirvesinde seyretmesi ile 2.5770&#39;e kadar y&uuml;kselerek yeni zirvesini test ederek g&uuml;ne başladı. TL doların k&uuml;resel piyasalardaki sert değer kazancı ile değer kaybederken TL&#39;deki değer kaybı diğer gelişmekte olan &uuml;lkelerin &uuml;zerinde seyrediyor.</p>\r\n\r\n<p>Yılbaşından bug&uuml;ne dolar endeksi yaklaşık y&uuml;zde 6 değer kazanırken TL&#39;nin dolar karşısındaki değer kaybı ise y&uuml;zde 9&#39;u aştı ve Brezilya reali ile birlikte en &ccedil;ok değer kaybeden para birimlerinin başında yer aldı. Siyaset&ccedil;ilerin faiz indirimi y&ouml;n&uuml;ndeki baskılarının kurdaki sı&ccedil;ramaya rağmen merkez bankası&#39;nın faiz artışını g&uuml;ndeme almasını zorlaştırması ve ekonomi y&ouml;netiminden gelen farklı sesler piyasadaki stresin artmasına neden oluyor ve TL bu endişelerle gelişmekte olan para birimlerinden negatif ayrışmasına neden oluyor.</p>\r\n\r\n<p>&#39;BU KADAR K&Ouml;T&Uuml; OLMAZDI&#39;</p>\r\n\r\n<p><br />\r\nBrezilya Merkez Bankası ekonominin resesyona gireceği endişelerine rağmen enflasyon ile m&uuml;cadele etmek i&ccedil;in politika faizini 50 baz puan artırdı ve altı yılın en y&uuml;ksek d&uuml;zeyi olan y&uuml;zde 12.75&#39;e &ccedil;ıkardı. Ancak yatırımcılar T&uuml;rkiye Merkez Bankası&#39;nın gerekmesi halinde faiz artışını politik baskılardan dolayı g&uuml;ndeme alamayacağından endişe ediyorlar.</p>\r\n\r\n<p>Aralarında Hindistan ve &Ccedil;in&#39;in bulunduğu bir&ccedil;ok gelişmekte olan &uuml;lke faiz indirirken, Brezilya faiz artıran az sayıda &uuml;lke arasında yer alıyor. &Uuml;st d&uuml;zey bir bankacı d&uuml;n akşam kurdaki artışı dizginlemek i&ccedil;in TCMB&#39;nin bu defa faiz artırımını g&uuml;ndeme almasının zorluğuna işaret ederek, &quot;Bu kadar politik baskı varken TCMB ne faiz yoluyla ne de d&ouml;viz satışı yoluyla bir şey yapamaz.</p>\r\n\r\n<p>O nedenle beklemekten başka yapacak bir şey yok. Politikacılar karışmasaydı ve &uuml;st bantta indirim yapılmasaydı, bu kadar k&ouml;t&uuml; performans g&ouml;stermezdik&quot; dedi.&nbsp;</p>\r\n',	19,	1,	'2015-10-21 08:03:23',	'2015-10-21 08:03:23'),
(39,	'Kredi kullananların sayısı her geçen gün artıyor.',	'',	'<p>T&uuml;rkiye Bankalar Birliği (TBB), 2014 yılı temmuz - eyl&uuml;l d&ouml;nemi itibarıyla t&uuml;ketici kredisi ve konut kredisi kullanan toplam kişi sayısının 15 milyon 561 bin 105 kişiye, kredi miktarı ise 252 milyar TL&#39;ye ulaştığını bildirdi.</p>\r\n\r\n<p>TBB, Temmuz - Eyl&uuml;l 2014 d&ouml;nemi t&uuml;ketici ve konut kredileri raporunu yayımladı.</p>\r\n\r\n<p>Rapora g&ouml;re, Temmuz - Eyl&uuml;l 2014 d&ouml;neminde 2 milyon 932 bin 507 kişiye, 41,9 milyar TL tutarında t&uuml;ketici kredisi ve konut kredisi kullandırıldı. Kredi kullanan kişi sayısı bir &ouml;nceki yılın aynı d&ouml;nemine g&ouml;re y&uuml;zde 8, bir &ouml;nceki &uuml;&ccedil; aylık d&ouml;neme g&ouml;re ise y&uuml;zde 11 arttı.</p>\r\n\r\n<p>Aynı d&ouml;nemde kullandırılan kredi miktarı ise bir &ouml;nceki yılın aynı d&ouml;nemine g&ouml;re y&uuml;zde 3 k&uuml;&ccedil;&uuml;l&uuml;rken, bir &ouml;nceki &uuml;&ccedil; aylık d&ouml;neme g&ouml;re ise y&uuml;zde 17 b&uuml;y&uuml;d&uuml;.</p>\r\n\r\n<p>Temmuz - Eyl&uuml;l 2014 d&ouml;nemi sonu itibariyle t&uuml;ketici kredileri ve konut kredileri bakiyesi 252 milyar TL, kredi kullanan toplam kişi sayısı ise 15 milyon 561 bin 105 oldu. Toplam kişi sayısı Temmuz-Eyl&uuml;l 2013&#39;e g&ouml;re y&uuml;zde 10, bir &ouml;nceki &uuml;&ccedil; aylık d&ouml;neme g&ouml;re ise y&uuml;zde 4 arttı. T&uuml;ketici kredisi ve konut kredileri bakiyesi ise bir &ouml;nceki yılın aynı d&ouml;nemine g&ouml;re y&uuml;zde 14, Nisan-Haziran 2014&#39;e g&ouml;re ise y&uuml;zde 4 b&uuml;y&uuml;d&uuml;.</p>\r\n\r\n<p>Yılın 3. &ccedil;eyreğinde t&uuml;ketici kredileri ve konut kredilerinin mal ve hizmet gruplarına g&ouml;re dağılımında ihtiya&ccedil; kredileri y&uuml;zde 54 ile en b&uuml;y&uuml;k paya sahip oldu. Bunu sırasıyla, y&uuml;zde 25 ve y&uuml;zde 16 pay ile konut ve diğer krediler izledi.</p>\r\n\r\n<p>Aynı d&ouml;nemde 2 milyon 176 bin 137 kişi, 23 milyar TL tutarında ihtiya&ccedil; kredisi, 107 bin 247 kişi 10 milyar TL tutarında konut kredisi ve 618</p>\r\n\r\n<p><br />\r\nbin 527 kişi yaklaşık 7 milyar TL tutarında &quot;diğer&quot; başlığı altına giren krediler kullandı.<br />\r\nBir &ouml;nceki yılın Temmuz - Eyl&uuml;l d&ouml;nemine g&ouml;re taşıt kredileri y&uuml;zde 23, konut kredileri ise y&uuml;zde 6, ihtiya&ccedil; kredileri y&uuml;zde 5 azalırken, diğer krediler y&uuml;zde 24 arttı. Bakiye a&ccedil;ısından taşıt kredileri bir &ouml;nceki yılın aynı &uuml;&ccedil; aylık d&ouml;nemine g&ouml;re y&uuml;zde 17 azalırken, konut kredileri y&uuml;zde 13, ihtiya&ccedil; kredileri y&uuml;zde 13, diğer krediler ise y&uuml;zde 26 artış kaydetti.</p>\r\n\r\n<p>Temmuz-Eyl&uuml;l 2014 d&ouml;nemi i&ccedil;inde kullananlar bazında ortalama t&uuml;ketici kredisi ve konut kredisi miktarı yaklaşık 14,3 bin TL d&uuml;zeyinde ger&ccedil;ekleşti. Bu b&uuml;y&uuml;kl&uuml;k konut kredilerinde yaklaşık 98 bin TL ve taşıt kredilerinde yaklaşık 63 bin TL oldu.</p>\r\n\r\n<p>2014 yılı temmuz-eyl&uuml;l d&ouml;nemi sonundaki bakiye verilerine g&ouml;re, ortalama t&uuml;ketici kredisi ve konut kredisi miktarı 16,2 bin TL d&uuml;zeyindeyken, bu miktar konut kredilerinde 61 bin TL ve taşıt kredilerinde 21 bin TL oldu.</p>\r\n\r\n<p>- Vade dağılımı</p>\r\n\r\n<p>Temmuz - Eyl&uuml;l 2014 d&ouml;nemi i&ccedil;inde kullandırılan t&uuml;ketici kredileri ve konut kredilerinde en fazla tercih edilen vade dilimi 25 - 36 ay olurken bunu 73 ay &uuml;zeri ile 49 - 72 ay vade dilimleri izledi.</p>\r\n\r\n<p>Temmuz - Eyl&uuml;l 2014 d&ouml;nemi itibariyle 6,7 milyar TL olan takipteki krediler (idari+kanuni), t&uuml;ketici kredileri ve konut kredileri toplamının y&uuml;zde 2,65&#39;ini oluşturdu.</p>\r\n\r\n<p>2014 yılı 3. &ccedil;eyrekte kullandırılan t&uuml;ketici kredileri ve konut kredilerinden kanuni takibe alınan kredi miktarı, bir &ouml;nceki yılın aynı d&ouml;nemine g&ouml;re y&uuml;zde 71 artarak 801 milyon TL oldu. S&ouml;z konusu kredilerin yaklaşık y&uuml;zde 3&#39;&uuml;n&uuml; taşıt, y&uuml;zde 5&#39;ini konut, y&uuml;zde 38&#39;ini ihtiya&ccedil; kredileri ve y&uuml;zde 54&#39;&uuml;n&uuml; diğer krediler oluşturdu.&nbsp;</p>\r\n',	20,	1,	'2015-10-21 08:05:30',	'2015-10-21 08:05:30'),
(40,	'about us',	'Lorem ipsum dolor sit amet, pri an wisi perfecto voluptatibus, an per nostro deserunt perpetua. Animal aliquam legendos te pri, et mei dicunt iudicabit mediocritatem, graece utroque ex pri. No mea epicuri salutatus sententiae. Ex cum mutat vidisse. Vitae ',	'<p>Lorem ipsum dolor sit amet, pri an wisi perfecto voluptatibus, an per nostro deserunt perpetua. Animal aliquam legendos te pri, et mei dicunt iudicabit mediocritatem, graece utroque ex pri. No mea epicuri salutatus sententiae. Ex cum mutat vidisse. Vitae scribentur mei et.</p>\r\n\r\n<p>Eu vim ridens explicari, id mei consetetur vituperata, soluta erroribus vix id. Nominati gloriatur cu nam, diam incorrupte cu vix. Id nam saepe nullam volutpat, qui in malis invidunt dissentiet. Id vis veri oratio voluptatibus.</p>\r\n\r\n<p>Omnes vocibus suavitate sed te. Affert corpora deserunt mei at, prodesset persequeris et ius. An mei ipsum doming. Mel no dolores laboramus scribentur. Ei sint tation civibus mei, pri cu iisque petentium disputando. Ut tollit facilisis consequuntur nam, cu natum legendos liberavisse nec, ne graece alienum evertitur vix.</p>\r\n\r\n<p>Dico vocibus mediocrem cum no, meliore dolorem delicatissimi quo ea, amet consulatu pri te. Quem odio ponderum te pri. Qui ubique timeam suscipit no. Homero consectetuer ne ius, et ipsum civibus pericula his, vix impedit accusamus imperdiet in.</p>\r\n\r\n<p>Vide bonorum percipitur eu sit. Pro primis iisque torquatos te. Ceteros inimicus ex has. Ei sapientem gloriatur mediocritatem nam. Erant offendit facilisi in vel, qui paulo cetero periculis eu. Vide causae an ius, id qui audire splendide reprehendunt, quando cetero ex mel.</p>\r\n\r\n<p>Lorem ipsum dolor sit amet, pri an wisi perfecto voluptatibus, an per nostro deserunt perpetua. Animal aliquam legendos te pri, et mei dicunt iudicabit mediocritatem, graece utroque ex pri. No mea epicuri salutatus sententiae. Ex cum mutat vidisse. Vitae scribentur mei et.</p>\r\n\r\n<p>Eu vim ridens explicari, id mei consetetur vituperata, soluta erroribus vix id. Nominati gloriatur cu nam, diam incorrupte cu vix. Id nam saepe nullam volutpat, qui in malis invidunt dissentiet. Id vis veri oratio voluptatibus.</p>\r\n\r\n<p>Omnes vocibus suavitate sed te. Affert corpora deserunt mei at, prodesset persequeris et ius. An mei ipsum doming. Mel no dolores laboramus scribentur. Ei sint tation civibus mei, pri cu iisque petentium disputando. Ut tollit facilisis consequuntur nam, cu natum legendos liberavisse nec, ne graece alienum evertitur vix.</p>\r\n\r\n<p>Dico vocibus mediocrem cum no, meliore dolorem delicatissimi quo ea, amet consulatu pri te. Quem odio ponderum te pri. Qui ubique timeam suscipit no. Homero consectetuer ne ius, et ipsum civibus pericula his, vix impedit accusamus imperdiet in.</p>\r\n\r\n<p>Vide bonorum percipitur eu sit. Pro primis iisque torquatos te. Ceteros inimicus ex has. Ei sapientem gloriatur mediocritatem nam. Erant offendit facilisi in vel, qui paulo cetero periculis eu. Vide causae an ius, id qui audire splendide reprehendunt, quando cetero ex mel.</p>\r\n',	2,	2,	'2016-09-19 02:41:20',	'2017-04-11 19:02:08'),
(43,	'Vizyon',	'Lorem ipsum dolor sit amet, pri an wisi perfecto voluptatibus, an per nostro deserunt perpetua. Animal aliquam legendos te pri, et mei dicunt iudicabit mediocritatem, graece utroque ex pri. No mea epicuri salutatus sententiae. Ex cum mutat vidisse. Vitae ',	'<p>Lorem ipsum dolor sit amet, pri an wisi perfecto voluptatibus, an per nostro deserunt perpetua. Animal aliquam legendos te pri, et mei dicunt iudicabit mediocritatem, graece utroque ex pri. No mea epicuri salutatus sententiae. Ex cum mutat vidisse. Vitae scribentur mei et.</p>\r\n\r\n<p>Eu vim ridens explicari, id mei consetetur vituperata, soluta erroribus vix id. Nominati gloriatur cu nam, diam incorrupte cu vix. Id nam saepe nullam volutpat, qui in malis invidunt dissentiet. Id vis veri oratio voluptatibus.</p>\r\n\r\n<p>Omnes vocibus suavitate sed te. Affert corpora deserunt mei at, prodesset persequeris et ius. An mei ipsum doming. Mel no dolores laboramus scribentur. Ei sint tation civibus mei, pri cu iisque petentium disputando. Ut tollit facilisis consequuntur nam, cu natum legendos liberavisse nec, ne graece alienum evertitur vix.</p>\r\n\r\n<p>Dico vocibus mediocrem cum no, meliore dolorem delicatissimi quo ea, amet consulatu pri te. Quem odio ponderum te pri. Qui ubique timeam suscipit no. Homero consectetuer ne ius, et ipsum civibus pericula his, vix impedit accusamus imperdiet in.</p>\r\n\r\n<p>Vide bonorum percipitur eu sit. Pro primis iisque torquatos te. Ceteros inimicus ex has. Ei sapientem gloriatur mediocritatem nam. Erant offendit facilisi in vel, qui paulo cetero periculis eu. Vide causae an ius, id qui audire splendide reprehendunt, quando cetero ex mel.</p>\r\n\r\n<p>Lorem ipsum dolor sit amet, pri an wisi perfecto voluptatibus, an per nostro deserunt perpetua. Animal aliquam legendos te pri, et mei dicunt iudicabit mediocritatem, graece utroque ex pri. No mea epicuri salutatus sententiae. Ex cum mutat vidisse. Vitae scribentur mei et.</p>\r\n\r\n<p>Eu vim ridens explicari, id mei consetetur vituperata, soluta erroribus vix id. Nominati gloriatur cu nam, diam incorrupte cu vix. Id nam saepe nullam volutpat, qui in malis invidunt dissentiet. Id vis veri oratio voluptatibus.</p>\r\n\r\n<p>Omnes vocibus suavitate sed te. Affert corpora deserunt mei at, prodesset persequeris et ius. An mei ipsum doming. Mel no dolores laboramus scribentur. Ei sint tation civibus mei, pri cu iisque petentium disputando. Ut tollit facilisis consequuntur nam, cu natum legendos liberavisse nec, ne graece alienum evertitur vix.</p>\r\n\r\n<p>Dico vocibus mediocrem cum no, meliore dolorem delicatissimi quo ea, amet consulatu pri te. Quem odio ponderum te pri. Qui ubique timeam suscipit no. Homero consectetuer ne ius, et ipsum civibus pericula his, vix impedit accusamus imperdiet in.</p>\r\n\r\n<p>Vide bonorum percipitur eu sit. Pro primis iisque torquatos te. Ceteros inimicus ex has. Ei sapientem gloriatur mediocritatem nam. Erant offendit facilisi in vel, qui paulo cetero periculis eu. Vide causae an ius, id qui audire splendide reprehendunt, quando cetero ex mel.</p>\r\n',	3,	2,	'2017-02-13 11:16:10',	'2017-04-11 19:00:57'),
(46,	'Misyon',	'Lorem ipsum dolor sit amet, pri an wisi perfecto voluptatibus, an per nostro deserunt perpetua. Animal aliquam legendos te pri, et mei dicunt iudicabit mediocritatem, graece utroque ex pri. No mea epicuri salutatus sententiae. Ex cum mutat vidisse. Vitae ',	'<p>Lorem ipsum dolor sit amet, pri an wisi perfecto voluptatibus, an per nostro deserunt perpetua. Animal aliquam legendos te pri, et mei dicunt iudicabit mediocritatem, graece utroque ex pri. No mea epicuri salutatus sententiae. Ex cum mutat vidisse. Vitae scribentur mei et.</p>\r\n\r\n<p>Eu vim ridens explicari, id mei consetetur vituperata, soluta erroribus vix id. Nominati gloriatur cu nam, diam incorrupte cu vix. Id nam saepe nullam volutpat, qui in malis invidunt dissentiet. Id vis veri oratio voluptatibus.</p>\r\n\r\n<p>Omnes vocibus suavitate sed te. Affert corpora deserunt mei at, prodesset persequeris et ius. An mei ipsum doming. Mel no dolores laboramus scribentur. Ei sint tation civibus mei, pri cu iisque petentium disputando. Ut tollit facilisis consequuntur nam, cu natum legendos liberavisse nec, ne graece alienum evertitur vix.</p>\r\n\r\n<p>Dico vocibus mediocrem cum no, meliore dolorem delicatissimi quo ea, amet consulatu pri te. Quem odio ponderum te pri. Qui ubique timeam suscipit no. Homero consectetuer ne ius, et ipsum civibus pericula his, vix impedit accusamus imperdiet in.</p>\r\n\r\n<p>Vide bonorum percipitur eu sit. Pro primis iisque torquatos te. Ceteros inimicus ex has. Ei sapientem gloriatur mediocritatem nam. Erant offendit facilisi in vel, qui paulo cetero periculis eu. Vide causae an ius, id qui audire splendide reprehendunt, quando cetero ex mel.</p>\r\n\r\n<p>Lorem ipsum dolor sit amet, pri an wisi perfecto voluptatibus, an per nostro deserunt perpetua. Animal aliquam legendos te pri, et mei dicunt iudicabit mediocritatem, graece utroque ex pri. No mea epicuri salutatus sententiae. Ex cum mutat vidisse. Vitae scribentur mei et.</p>\r\n\r\n<p>Eu vim ridens explicari, id mei consetetur vituperata, soluta erroribus vix id. Nominati gloriatur cu nam, diam incorrupte cu vix. Id nam saepe nullam volutpat, qui in malis invidunt dissentiet. Id vis veri oratio voluptatibus.</p>\r\n\r\n<p>Omnes vocibus suavitate sed te. Affert corpora deserunt mei at, prodesset persequeris et ius. An mei ipsum doming. Mel no dolores laboramus scribentur. Ei sint tation civibus mei, pri cu iisque petentium disputando. Ut tollit facilisis consequuntur nam, cu natum legendos liberavisse nec, ne graece alienum evertitur vix.</p>\r\n\r\n<p>Dico vocibus mediocrem cum no, meliore dolorem delicatissimi quo ea, amet consulatu pri te. Quem odio ponderum te pri. Qui ubique timeam suscipit no. Homero consectetuer ne ius, et ipsum civibus pericula his, vix impedit accusamus imperdiet in.</p>\r\n\r\n<p>Vide bonorum percipitur eu sit. Pro primis iisque torquatos te. Ceteros inimicus ex has. Ei sapientem gloriatur mediocritatem nam. Erant offendit facilisi in vel, qui paulo cetero periculis eu. Vide causae an ius, id qui audire splendide reprehendunt, quando cetero ex mel.</p>\r\n',	4,	2,	'2017-02-13 11:17:15',	'2017-04-11 19:01:32'),
(49,	'',	'',	'',	5,	2,	'2017-02-13 14:03:21',	'2017-02-13 14:03:21'),
(52,	'Gayrimenkul sektörü yatırımcısına kazandırmaya devam edecek',	'',	'<p>Yeni yılla birlikte konut fiyatlarına y&uuml;zde 10 zam bekleniyor. Se&ccedil;imlerin ardından bankaların verdiği konut kredilerinin faiz oranlarında d&uuml;ş&uuml;ş beklediklerini belirten İzmir Emlak Komisyoncuları Odası Başkanı Mesut G&uuml;leroğlu, &quot;Faizler d&uuml;şt&uuml;ğ&uuml;nde talep artacağı i&ccedil;in konut fiyatları da artar&quot; dedi.</p>\r\n\r\n<p>&nbsp;İkinci el hareketli</p>\r\n\r\n<p>Gayrimenkul piyasasının yaklaşık 2 yıldır yerinde saydığını belirten G&uuml;leroğlu, birinci el konutlarda hareketlilik olsa da ikinci el konul satışlarında durgunluk yaşandığını s&ouml;yledi. Son 3 ayda ikinci el piyasasında da hareketlenme başladığını belirten Giileroğlu ş&ouml;yle konuştu:</p>\r\n\r\n<p>&nbsp;Faizler d&uuml;şerse...</p>\r\n\r\n<p>&quot;Faiz oranlarının biraz daha aşağı d&uuml;şebileceğini hesap ederek hareket ediyor insanlar. Se&ccedil;imlerin ardından yeni h&uuml;k&uuml;metin kurulmasından sonra istikrar sağlanırsa, d&ouml;vizin ateşi d&uuml;şer, faiz aşağıya iner. Bu ne demektir; bug&uuml;n 250 liraya aldığınız evi faizler aşağıya d&uuml;şt&uuml;ğ&uuml;nde talep olacağı i&ccedil;in y&uuml;zde 10 fazla rakama almak zorunda kalabilirsiniz.&quot;</p>\r\n\r\n<p>&nbsp;Yapılandırma imk&acirc;nı var</p>\r\n\r\n<p>Gayrimenkulun yatırımcısına her hal&uuml;karda para kazandırdığını anlatan G&uuml;leroğlu, &quot;Bug&uuml;n faiz oranlan y&uuml;zde 1.10-1.15 bandında geziyor. Y&uuml;zde 1.10&#39;dan alıp yarın faizler aşağıya d&uuml;şt&uuml;ğ&uuml;nde yeniden yapılandırıp kredi &ouml;demenizi daha da d&uuml;ş&uuml;rebilirsiniz. Ancak bug&uuml;n 250 bin liraya aldığınız bir gayrimenkul&uuml; 6 ay sonra o paraya alamazsınız&quot; diye konuştu.</p>\r\n\r\n<p>&nbsp;G&uuml;nl&uuml;k kiralamayı &ccedil;&ouml;z&uuml;n</p>\r\n\r\n<p>T&uuml;rkiye genelinde sayıları 30 bini ge&ccedil;en &quot;g&uuml;nl&uuml;k kiralık&quot; evler ile ilgili acil bir d&uuml;zenleme yapılması gerektiğini belirten Mesut G&uuml;leroğlu, devleti gelir kaybına uğratan bu y&ouml;ntemin su&ccedil;a ve su&ccedil;luya da sığınak olabildiğini s&ouml;yledi. Giileroğlu, &quot;Bu tip ev kiralamaları i&ccedil;in yurtdışında her t&uuml;rl&uuml; belge isteniyor. Biz de ise hi&ccedil;bir kayıt altına alma yok, s&ouml;zleşme yok sadece anahtar verip anahtar alınıyor. Ter&ouml;r, fuhuş olayları, uyuşturucu kullanımı i&ccedil;in kiralayabiliyorlar. Emlak&ccedil;ılar Odasının tasvip etliği bir şey değil&quot; diye konuştu. &nbsp;</p>\r\n',	13,	2,	'2017-04-13 18:34:58',	'2017-04-13 18:34:58'),
(53,	'TOKİ Başkanı\'ndan çatı modeli sürprizi',	'',	'<p>Başbakanlık Toplu Konut İdaresi Başkanlığı (TOKİ), yurtdışı m&uuml;teahhitlik hizmetlerinde ABD ve İngiltere&rsquo;nin de uyguladığı &lsquo;&ccedil;atı&rsquo; modeline ge&ccedil;mek i&ccedil;in &ccedil;alışma başlattı.<br />\r\nYurti&ccedil;i &ccedil;ok hareketli olduğu i&ccedil;in firmaların i&ccedil; pazara y&ouml;neldiğini ancak dış pazarlarda da varolmak gerektiğine dikkat &ccedil;eken TOKİ Başkanı Mehmet Erg&uuml;n Turan &ldquo;&Uuml;lkemize değer kazandırmamız i&ccedil;in a&ccedil;ılım şart. Yurtdışı m&uuml;teahhitlik sekt&ouml;r&uuml; kendi &ccedil;abaları ile bug&uuml;nk&uuml; başarılı noktasına geldi. TOKİ olarak buna daha da katkı sağlayacak bir yapıya ihtiyacımız var. Bir model geliştiriyoruz. İngiltere&rsquo;de, ABD&rsquo;de, bir&ccedil;ok gelişmiş &uuml;lkede uygulanan bir sistem&rdquo; dedi.<br />\r\nTOKİ&rsquo;nin &ouml;nc&uuml; kuruluş olacağını kaydeden Turan ş&ouml;yle konuştu: &ldquo;T&uuml;rkiye&rsquo;deki m&uuml;teahhitlik sekt&ouml;r&uuml;n&uuml; bir şemsiye altında toplayacağız. Biz işi alacağız, &uuml;lkemizdeki firmalarla paylaşacağız. Bunu sekt&ouml;rdeki kuruluşlarla da g&ouml;r&uuml;ş&uuml;yoruz. Onlar da &ccedil;ok istiyor. Sistem i&ccedil;in yasal d&uuml;zenleme gerekiyor. Ancak bundan sonrasında kamunun da bu işin i&ccedil;inde olması lazım. &Ouml;zel-kamu birlikteliğinde bir iş modeli hayata ge&ccedil;irmeliyiz.&rdquo; Turan&rsquo;ın diğer tespitleri şunlar:<br />\r\n2016, ZİRVE YILI OLUR: TOKİ, 1984-2002 yılları arasında sadece 43 bin konut &uuml;retmiş. Fakat 2002 yılından başlayan s&uuml;re&ccedil;le 2015 yılına gelindiğinde idare 670 bine yakın vatandaşımızı konut sahibi yapmıştır. Bug&uuml;n 3 milyonu aşkın vatandaşımız TOKİ&rsquo;nin &uuml;rettiği konutlarda yaşıyor. 2023 yılı i&ccedil;in hedefimizi 1 milyon konut olarak belirlemiştik. Emeklilerimize d&ouml;n&uuml;k projelendirdiğimiz &ouml;zel kontenjanlarla bu hedefi 200 bin yukarı &ccedil;ektik. Dolasıyla amacımız 2023 yılında 5.5 milyon insanımızı ev sahibi yapmak. 2016, TOKİ i&ccedil;in zirve yılı olacak. Hedefimiz 60 bin konut &uuml;retmek.<br />\r\nEN Y&Uuml;KSEK OLMAYIZ: Geleneksel T&uuml;rk mimari geleneğinde, yatay yapılanma h&acirc;kimdir. D&uuml;nden bug&uuml;ne gelebilen kadim şehirlerimize baktığımızda, konutların yatay olduğunu g&ouml;r&uuml;yoruz. TOKİ olarak, konut b&ouml;lgelerinin ve genel şehir planının elverdiği alanlarda, yatay mimari yaklaşımıyla &ccedil;ok katlı olmayan &uuml;retimler hayata ge&ccedil;iriyoruz. Şehirlerdeki en y&uuml;ksek binalar TOKİ binaları olmayacak.<br />\r\nGAZİANTEP&rsquo;E ŞEHİR: İnsanların bulundukları yerde konut sahibi olmalarını istiyoruz. Şu ana kadar G&uuml;neydoğu Anadolu ve Doğu Anadolu b&ouml;lgelerinde 136 bin 771 konut i&ccedil;in proje başlattık. Gaziantep&rsquo;te 60 bin konutluk yeni bir şehir planlıyoruz. İlk etapa 3 bin konut i&ccedil;in ihale hazırlığımız var. 2-3 yıl i&ccedil;inde 30 bin konut tamamlanacak.<br />\r\n&lsquo;&Ouml;NCELİĞİMİZ DEPREM KUŞAKLARI&rsquo;<br />\r\n37 şehirde 106 alan ve 38 bin binanın, &ldquo;riskli&rdquo; ilan edildiğine dikkat &ccedil;eken Turan, &ldquo;2023 yılına kadar yaklaşık 6.5 milyon konutun yıkılıp yeniden inşası gerekiyor. TOKİ olarak &ouml;nceliğimizi &ldquo;deprem kuşakları&rdquo; olarak belirledik&rdquo; dedi.&nbsp;</p>\r\n',	14,	2,	'2017-04-13 18:35:39',	'2017-04-13 18:35:39'),
(54,	'Otoyol İhaleleri İki Ay Ertelendi',	'',	'<p>Uaştırma Bakanlığı, &uuml;&ccedil;&uuml;nc&uuml; Boğaz k&ouml;pr&uuml;s&uuml;n&uuml;n iki tarafında inşa edilecek Kuzey Marmara Otoyolu Projesi&#39;nin Kurtk&ouml;y-Akyazı ve Kınalı-Odayeri etaplarının yapım ihalesinde teklif alma s&uuml;relerini ikişer ay erteledi.</p>\r\n\r\n<p>RESMİ GAZETE&#39;DE YAYIMLANDI</p>\r\n\r\n<p>Resmi Gazete&#39;nin bug&uuml;nk&uuml; sayısında yer alan ilanlara g&ouml;re, gelen taleplere bağlı olarak, tekliflerin hazırlanabilmesi i&ccedil;in &quot;ek s&uuml;reye ihtiya&ccedil; duyulacağı&quot; belirtilerek, Kuzey Marmara Otoyolu Projesi Kurtk&ouml;y-Akyazı kesimi yapım ihalesi 30 Haziran&#39;dan 31 Ağustos&#39;a, Kınalı-Odayeri kesimi yapım ihalesi de 7 Temmuz&#39;dan 7 Eyl&uuml;l&#39;e ertelendi.&nbsp;</p>\r\n',	16,	2,	'2017-04-13 18:36:08',	'2017-04-13 18:36:08'),
(55,	'Bu zaman da ev almak mı, kirada oturmak mı?',	'',	'<p>Ailenizin yanında oturuyorsunuz, &quot;Ah bir kendi evim olsa&quot; diye hayal kuruyorsunuz. Veya kiradasınız ve her ay b&uuml;t&ccedil;enizin &ouml;nemli bir kısmını kiraya &ouml;deyerek havaya attığınızı d&uuml;ş&uuml;n&uuml;yorsunuz. Bir ev mi satın alacaksınız yoksa kiralayacak mısınız? Kirada oturmaya devam mı edeceksiniz yoksa ev sahipliğine doğru cesur ama korkutucu bir adım mı atacaksınız? İşte &ccedil;&ouml;z&uuml;mleri...</p>\r\n\r\n<p>Yukarıdaki tariflerden birine uyuyorsanız bu yazı sizin i&ccedil;in.</p>\r\n\r\n<p>Sizi merakta bırakmayalım, sorunun kısa cevabını hemen verelim: cevap kişinin b&uuml;t&ccedil;esine ve g&uuml;nl&uuml;k harcamaları rahat yapma / para biriktirme arasında ne tarafa yakın olduğuna g&ouml;re değişir. Ancak, genel olarak i&ccedil;inde yaşayacağınız evi krediye girip satın almak uzun vadede en doğru karar. Niye mi b&ouml;yle d&uuml;ş&uuml;n&uuml;yoruz? Buyrun okuyun:</p>\r\n\r\n<p>Kredi kira karşılaştırmasında net karara varmak i&ccedil;in, bazı varsayımlara dayalı detaylı bir hesap yapmak lazım. Yazımızda bu hesaba dahil olması gereken en &ouml;nemli konuları ele alacağız.</p>\r\n\r\n<p>Konut Kredisi Kullandığınız Senaryo</p>\r\n\r\n<p>&Ouml;ncelikli olarak konut kredisi kullanmak i&ccedil;in elinizde birka&ccedil; istisna dışında mutlaka biraz peşinatınız olmalı. Alacağınız evin değerinin %25&#39;ini (yani 4&#39;te birini) peşin olarak &ouml;demeniz BDDK tarafından yasal olarak zorunlu tutulmuş bir şart olduğundan bundan ka&ccedil;ış yok.<br />\r\n&Ouml;rnek verirsek, 135.000 TL değerinde bir ev i&ccedil;in yaklaşık 35.000 TL peşinatınızın olması gerekiyor ve konut kredisini ancak geriye kalan 100.000 TL i&ccedil;in kullanabilirsiniz.</p>\r\n\r\n<p>Bug&uuml;n&uuml;n şartlarında (Mart-Nisan 2015) 100.000 TL konut kredisi i&ccedil;in 10 yıl vadede aylık taksitleriniz 1.346 TL olacaktır. &Ouml;ncelikle bu tutarın sizin b&uuml;t&ccedil;enizi zorlamayacak bir seviyede olduğundan emin olmanız lazım.<br />\r\nKredinin 10 sene boyunca toplam geri &ouml;demesi (faiz + anapara) ise 161.500 TL olmaktadır. Konut kredisi kullanmanızdan dolayı &ouml;deyeceğiniz kredi tahsis &uuml;creti, ekspertiz ve ipotek tesisi &uuml;creti toplamı (dosya masrafı) yaklaşık 1.000 TL olmakta. Bu şartlar altında 100.000 TL&#39;yi 10 yıl vade ile almanız durumunda faiz ve masraf toplamı 62.500 TL, anaparanız da d&acirc;hil toplam &ouml;demeniz 162.500 TL olmaktadır.<br />\r\nBu alışveriş karşılığında 10 sene sonra bir eve sahip olacaksınız ve evin o g&uuml;nk&uuml; değerinin ne olacağı &ouml;nemli bir soru. Ge&ccedil;tiğimiz 5 senede ev fiyatları toplam %75 oranında son 10 senede ise toplam %230 artmış. Yani başka bir değişle 100.000 TL&#39;lik bir evi 5 sene &ouml;nce alsaydınız bug&uuml;nk&uuml; fiyatı 175.000 TL, on sene &ouml;nce aynı parayı bir eve &ouml;demiş olsaydınız bug&uuml;nk&uuml; fiyatı tam 330.000TL olacaktı. Yani tam 3,3 katı! Aynı d&ouml;nemde enflasyon %118 artmış; yani bu hesaba g&ouml;re yatırımınızın &quot;enflasyondan arındırılmış&quot; reel değeri de ciddi oranda artmış olacaktı.<br />\r\nGelin biz biraz daha tedbirli davranalım ve evinizin değer artışının ileriki yıllarda ge&ccedil;miş 10 yıllık ortalamanın yarısı kadar (daha d&uuml;ş&uuml;k) olacağını varsayalım. Biraz detaylı bir hesaplamayla bug&uuml;n 135.000 TL&#39;ye aldığınız evin değeri 10 sene sonra 362.000 TL olacak ve bu durumda evin değer artışından elde ettiğiniz kazan&ccedil; 227.000 TL olacaktır. Bu k&acirc;rdan yukarıda hesapladığımız kredi faizi ve masrafları da d&uuml;şersek k&acirc;rınız net olarak 164.500 TL olacaktır. Evi alırken &ouml;demeniz gereken %2 tapu harcı ve emlak&ccedil;ı komisyonunu (ortalama %2) da ekleseniz bile durum &ccedil;ok değişmiyor, net k&acirc;rınız 159.000 TL ediyor.</p>\r\n\r\n<p>Yani T&uuml;rkiye gibi gelişen ve n&uuml;fusu her ge&ccedil;en g&uuml;n b&uuml;y&uuml;yen bir &uuml;lkede konut kredisine verdiğiniz faize yanmayın, &ccedil;&uuml;nk&uuml; olduk&ccedil;a y&uuml;ksek bir ihtimalle aldığınız evin değer artışı &ouml;dediğiniz faizlerin kat be kat &uuml;zerinde olacaktır.</p>\r\n\r\n<p>Kiraya &Ccedil;ıkmanız Durumunda</p>\r\n\r\n<p>&nbsp;</p>\r\n\r\n<p>Değeri 135 bin TL olan ve aylık olarak 650 TL kira &ouml;dediğiniz bir evde oturduğunuzu varsayalım. Kira kontratınızın yenilenmesi durumunda zam oranı &uuml;st sınırı Yargıtay 6. Hukuk Dairesinin Aralık 2013&#39;te verdiği emsal karara g&ouml;re &uuml;retici fiyat endeksi (&Uuml;FE) oranına g&ouml;re belirlenecek. Ge&ccedil;miş verilere g&ouml;re 10 yıl boyunca kira artışınızın yıllık ortalama %8 olduğunu varsayalım. Bu durumda 10 yıl sonra &ouml;deyeceğiniz aylık kiranız 1.300 TL ve 10 yılda kiraya &ouml;dediğiniz toplam bedel ise; 113.000 TL olacaktır (68,000TL faiz ve t&uuml;m masraflar yerine!).</p>\r\n\r\n<p>Sonu&ccedil; olarak;</p>\r\n\r\n<p>Hesapladığımız gibi kirada kalmanız durumunda hem 10 senelik faiz ve masrafın neredeyse 2 katını &ouml;deyeceksiniz, hem para biriktirmeniz zorlaşacak hem de alacağınız evin değer kazanmasından mahrum kalacaksınız. Ev sahibiyle uğraşmak da cabası!<br />\r\nSiz en iyisi peşinatınızı denkleştirin, cesaretinizi toplayın ve &ouml;deyebileceğiniz bir krediye girin.</p>\r\n\r\n<p>Son bir not olarak, kredi taksitlerinizin başlangı&ccedil;ta kira &ouml;demelerinizden fazla olacağı i&ccedil;in &ouml;deme zorluğu &ccedil;ekeceğinizi d&uuml;ş&uuml;n&uuml;yorsanız konut kredisi esnek &ouml;deme se&ccedil;eneklerinden (ilk seneler daha d&uuml;ş&uuml;k, sonraki seneler giderek y&uuml;kselen taksitler) yararlanarak size uygun bir &ouml;deme se&ccedil;eneğinden faydalanabilir veya kredinizi daha uzun bir vade ile alabilirsiniz.</p>\r\n\r\n<p>Kaynak: Sabah&nbsp;</p>\r\n',	18,	2,	'2017-04-13 18:36:26',	'2017-04-13 18:36:26'),
(56,	'Kredi kullananların sayısı her geçen gün artıyor.',	'',	'<p>T&uuml;rkiye Bankalar Birliği (TBB), 2014 yılı temmuz - eyl&uuml;l d&ouml;nemi itibarıyla t&uuml;ketici kredisi ve konut kredisi kullanan toplam kişi sayısının 15 milyon 561 bin 105 kişiye, kredi miktarı ise 252 milyar TL&#39;ye ulaştığını bildirdi.</p>\r\n\r\n<p>TBB, Temmuz - Eyl&uuml;l 2014 d&ouml;nemi t&uuml;ketici ve konut kredileri raporunu yayımladı.</p>\r\n\r\n<p>Rapora g&ouml;re, Temmuz - Eyl&uuml;l 2014 d&ouml;neminde 2 milyon 932 bin 507 kişiye, 41,9 milyar TL tutarında t&uuml;ketici kredisi ve konut kredisi kullandırıldı. Kredi kullanan kişi sayısı bir &ouml;nceki yılın aynı d&ouml;nemine g&ouml;re y&uuml;zde 8, bir &ouml;nceki &uuml;&ccedil; aylık d&ouml;neme g&ouml;re ise y&uuml;zde 11 arttı.</p>\r\n\r\n<p>Aynı d&ouml;nemde kullandırılan kredi miktarı ise bir &ouml;nceki yılın aynı d&ouml;nemine g&ouml;re y&uuml;zde 3 k&uuml;&ccedil;&uuml;l&uuml;rken, bir &ouml;nceki &uuml;&ccedil; aylık d&ouml;neme g&ouml;re ise y&uuml;zde 17 b&uuml;y&uuml;d&uuml;.</p>\r\n\r\n<p>Temmuz - Eyl&uuml;l 2014 d&ouml;nemi sonu itibariyle t&uuml;ketici kredileri ve konut kredileri bakiyesi 252 milyar TL, kredi kullanan toplam kişi sayısı ise 15 milyon 561 bin 105 oldu. Toplam kişi sayısı Temmuz-Eyl&uuml;l 2013&#39;e g&ouml;re y&uuml;zde 10, bir &ouml;nceki &uuml;&ccedil; aylık d&ouml;neme g&ouml;re ise y&uuml;zde 4 arttı. T&uuml;ketici kredisi ve konut kredileri bakiyesi ise bir &ouml;nceki yılın aynı d&ouml;nemine g&ouml;re y&uuml;zde 14, Nisan-Haziran 2014&#39;e g&ouml;re ise y&uuml;zde 4 b&uuml;y&uuml;d&uuml;.</p>\r\n\r\n<p>Yılın 3. &ccedil;eyreğinde t&uuml;ketici kredileri ve konut kredilerinin mal ve hizmet gruplarına g&ouml;re dağılımında ihtiya&ccedil; kredileri y&uuml;zde 54 ile en b&uuml;y&uuml;k paya sahip oldu. Bunu sırasıyla, y&uuml;zde 25 ve y&uuml;zde 16 pay ile konut ve diğer krediler izledi.</p>\r\n\r\n<p>Aynı d&ouml;nemde 2 milyon 176 bin 137 kişi, 23 milyar TL tutarında ihtiya&ccedil; kredisi, 107 bin 247 kişi 10 milyar TL tutarında konut kredisi ve 618</p>\r\n\r\n<p><br />\r\nbin 527 kişi yaklaşık 7 milyar TL tutarında &quot;diğer&quot; başlığı altına giren krediler kullandı.<br />\r\nBir &ouml;nceki yılın Temmuz - Eyl&uuml;l d&ouml;nemine g&ouml;re taşıt kredileri y&uuml;zde 23, konut kredileri ise y&uuml;zde 6, ihtiya&ccedil; kredileri y&uuml;zde 5 azalırken, diğer krediler y&uuml;zde 24 arttı. Bakiye a&ccedil;ısından taşıt kredileri bir &ouml;nceki yılın aynı &uuml;&ccedil; aylık d&ouml;nemine g&ouml;re y&uuml;zde 17 azalırken, konut kredileri y&uuml;zde 13, ihtiya&ccedil; kredileri y&uuml;zde 13, diğer krediler ise y&uuml;zde 26 artış kaydetti.</p>\r\n\r\n<p>Temmuz-Eyl&uuml;l 2014 d&ouml;nemi i&ccedil;inde kullananlar bazında ortalama t&uuml;ketici kredisi ve konut kredisi miktarı yaklaşık 14,3 bin TL d&uuml;zeyinde ger&ccedil;ekleşti. Bu b&uuml;y&uuml;kl&uuml;k konut kredilerinde yaklaşık 98 bin TL ve taşıt kredilerinde yaklaşık 63 bin TL oldu.</p>\r\n\r\n<p>2014 yılı temmuz-eyl&uuml;l d&ouml;nemi sonundaki bakiye verilerine g&ouml;re, ortalama t&uuml;ketici kredisi ve konut kredisi miktarı 16,2 bin TL d&uuml;zeyindeyken, bu miktar konut kredilerinde 61 bin TL ve taşıt kredilerinde 21 bin TL oldu.</p>\r\n\r\n<p>- Vade dağılımı</p>\r\n\r\n<p>Temmuz - Eyl&uuml;l 2014 d&ouml;nemi i&ccedil;inde kullandırılan t&uuml;ketici kredileri ve konut kredilerinde en fazla tercih edilen vade dilimi 25 - 36 ay olurken bunu 73 ay &uuml;zeri ile 49 - 72 ay vade dilimleri izledi.</p>\r\n\r\n<p>Temmuz - Eyl&uuml;l 2014 d&ouml;nemi itibariyle 6,7 milyar TL olan takipteki krediler (idari+kanuni), t&uuml;ketici kredileri ve konut kredileri toplamının y&uuml;zde 2,65&#39;ini oluşturdu.</p>\r\n\r\n<p>2014 yılı 3. &ccedil;eyrekte kullandırılan t&uuml;ketici kredileri ve konut kredilerinden kanuni takibe alınan kredi miktarı, bir &ouml;nceki yılın aynı d&ouml;nemine g&ouml;re y&uuml;zde 71 artarak 801 milyon TL oldu. S&ouml;z konusu kredilerin yaklaşık y&uuml;zde 3&#39;&uuml;n&uuml; taşıt, y&uuml;zde 5&#39;ini konut, y&uuml;zde 38&#39;ini ihtiya&ccedil; kredileri ve y&uuml;zde 54&#39;&uuml;n&uuml; diğer krediler oluşturdu.&nbsp;</p>\r\n',	20,	2,	'2017-04-13 18:36:38',	'2017-04-13 18:36:38'),
(57,	'Ad Delivery Rules',	'',	'<p>Lorem ipsum dolor sit amet, consectetuer adipiscing elit, sed diam nonummy nibh euismod tincidunt ut laoreet dolore magna aliquam erat volutpat. Ut wisi enim ad minim veniam, quis nostrud exerci tation ullamcorper suscipit lobortis nisl ut aliquip ex ea commodo consequat.</p>\r\n\r\n<p>Lorem ipsum dolor sit amet, consectetuer adipiscing elit, sed diam nonummy nibh euismod tincidunt ut laoreet dolore magna aliquam erat volutpat. Ut wisi enim ad minim veniam, quis nostrud exerci tation ullamcorper suscipit lobortis nisl ut aliquip ex ea commodo consequat.</p>\r\n\r\n<p>&nbsp;</p>\r\n\r\n<p>Lorem ipsum dolor sit amet, consectetuer adipiscing elit, sed diam nonummy nibh euismod tincidunt ut laoreet dolore magna aliquam erat volutpat. Ut wisi enim ad minim veniam, quis nostrud exerci tation ullamcorper suscipit lobortis nisl ut aliquip ex ea commodo consequat.</p>\r\n\r\n<p>&nbsp;</p>\r\n\r\n<p>Lorem ipsum dolor sit amet, consectetuer adipiscing elit, sed diam nonummy nibh euismod tincidunt ut laoreet dolore magna aliquam erat volutpat. Ut wisi enim ad minim veniam, quis nostrud exerci tation ullamcorper suscipit lobortis nisl ut aliquip ex ea commodo consequat.</p>\r\n\r\n<p>Lorem ipsum dolor sit amet, consectetuer adipiscing elit, sed diam nonummy nibh euismod tincidunt ut laoreet dolore magna aliquam erat volutpat. Ut wisi enim ad minim veniam, quis nostrud exerci tation ullamcorper suscipit lobortis nisl ut aliquip ex ea commodo consequat.</p>\r\n\r\n<p>Lorem ipsum dolor sit amet, consectetuer adipiscing elit, sed diam nonummy nibh euismod tincidunt ut laoreet dolore magna aliquam erat volutpat. Ut wisi enim ad minim veniam, quis nostrud exerci tation ullamcorper suscipit lobortis nisl ut aliquip ex ea commodo consequat.Lorem ipsum dolor sit amet, consectetuer adipiscing elit, sed diam nonummy nibh euismod tincidunt ut laoreet dolore magna aliquam erat volutpat. Ut wisi enim ad minim veniam, quis nostrud exerci tation ullamcorper suscipit lobortis nisl ut aliquip ex ea commodo consequat.Lorem ipsum dolor sit amet, consectetuer adipiscing elit, sed diam nonummy nibh euismod tincidunt ut laoreet dolore magna aliquam erat volutpat. Ut wisi enim ad minim veniam, quis nostrud exerci tation ullamcorper suscipit lobortis nisl ut aliquip ex ea commodo consequat.</p>\r\n\r\n<p>&nbsp;</p>\r\n\r\n<p>Lorem ipsum dolor sit amet, consectetuer adipiscing elit, sed diam nonummy nibh euismod tincidunt ut laoreet dolore magna aliquam erat volutpat. Ut wisi enim ad minim veniam, quis nostrud exerci tation ullamcorper suscipit lobortis nisl ut aliquip ex ea commodo consequat.</p>\r\n\r\n<p>&nbsp;</p>\r\n\r\n<p>Lorem ipsum dolor sit amet, consectetuer adipiscing elit, sed diam nonummy nibh euismod tincidunt ut laoreet dolore magna aliquam erat volutpat. Ut wisi enim ad minim veniam, quis nostrud exerci tation ullamcorper suscipit lobortis nisl ut aliquip ex ea commodo consequat.</p>\r\n',	10,	2,	'2017-04-14 09:46:21',	'2017-04-14 09:46:21'),
(58,	'Privacy Policy',	'',	'<p>Lorem ipsum dolor sit amet, consectetuer adipiscing elit, sed diam nonummy nibh euismod tincidunt ut laoreet dolore magna aliquam erat volutpat. Ut wisi enim ad minim veniam, quis nostrud exerci tation ullamcorper suscipit lobortis nisl ut aliquip ex ea commodo consequat.</p>\r\n\r\n<p>Lorem ipsum dolor sit amet, consectetuer adipiscing elit, sed diam nonummy nibh euismod tincidunt ut laoreet dolore magna aliquam erat volutpat. Ut wisi enim ad minim veniam, quis nostrud exerci tation ullamcorper suscipit lobortis nisl ut aliquip ex ea commodo consequat.</p>\r\n\r\n<p>&nbsp;</p>\r\n\r\n<p>Lorem ipsum dolor sit amet, consectetuer adipiscing elit, sed diam nonummy nibh euismod tincidunt ut laoreet dolore magna aliquam erat volutpat. Ut wisi enim ad minim veniam, quis nostrud exerci tation ullamcorper suscipit lobortis nisl ut aliquip ex ea commodo consequat.</p>\r\n\r\n<p>&nbsp;</p>\r\n\r\n<p>Lorem ipsum dolor sit amet, consectetuer adipiscing elit, sed diam nonummy nibh euismod tincidunt ut laoreet dolore magna aliquam erat volutpat. Ut wisi enim ad minim veniam, quis nostrud exerci tation ullamcorper suscipit lobortis nisl ut aliquip ex ea commodo consequat.</p>\r\n\r\n<p>Lorem ipsum dolor sit amet, consectetuer adipiscing elit, sed diam nonummy nibh euismod tincidunt ut laoreet dolore magna aliquam erat volutpat. Ut wisi enim ad minim veniam, quis nostrud exerci tation ullamcorper suscipit lobortis nisl ut aliquip ex ea commodo consequat.</p>\r\n\r\n<p>Lorem ipsum dolor sit amet, consectetuer adipiscing elit, sed diam nonummy nibh euismod tincidunt ut laoreet dolore magna aliquam erat volutpat. Ut wisi enim ad minim veniam, quis nostrud exerci tation ullamcorper suscipit lobortis nisl ut aliquip ex ea commodo consequat.Lorem ipsum dolor sit amet, consectetuer adipiscing elit, sed diam nonummy nibh euismod tincidunt ut laoreet dolore magna aliquam erat volutpat. Ut wisi enim ad minim veniam, quis nostrud exerci tation ullamcorper suscipit lobortis nisl ut aliquip ex ea commodo consequat.Lorem ipsum dolor sit amet, consectetuer adipiscing elit, sed diam nonummy nibh euismod tincidunt ut laoreet dolore magna aliquam erat volutpat. Ut wisi enim ad minim veniam, quis nostrud exerci tation ullamcorper suscipit lobortis nisl ut aliquip ex ea commodo consequat.</p>\r\n\r\n<p>&nbsp;</p>\r\n\r\n<p>Lorem ipsum dolor sit amet, consectetuer adipiscing elit, sed diam nonummy nibh euismod tincidunt ut laoreet dolore magna aliquam erat volutpat. Ut wisi enim ad minim veniam, quis nostrud exerci tation ullamcorper suscipit lobortis nisl ut aliquip ex ea commodo consequat.</p>\r\n\r\n<p>&nbsp;</p>\r\n\r\n<p>Lorem ipsum dolor sit amet, consectetuer adipiscing elit, sed diam nonummy nibh euismod tincidunt ut laoreet dolore magna aliquam erat volutpat. Ut wisi enim ad minim veniam, quis nostrud exerci tation ullamcorper suscipit lobortis nisl ut aliquip ex ea commodo consequat.</p>\r\n',	9,	2,	'2017-04-14 09:46:42',	'2017-04-14 09:46:42'),
(59,	'Terms of Use',	'',	'<p>Lorem ipsum dolor sit amet, consectetuer adipiscing elit, sed diam nonummy nibh euismod tincidunt ut laoreet dolore magna aliquam erat volutpat. Ut wisi enim ad minim veniam, quis nostrud exerci tation ullamcorper suscipit lobortis nisl ut aliquip ex ea commodo consequat.</p>\r\n\r\n<p>Lorem ipsum dolor sit amet, consectetuer adipiscing elit, sed diam nonummy nibh euismod tincidunt ut laoreet dolore magna aliquam erat volutpat. Ut wisi enim ad minim veniam, quis nostrud exerci tation ullamcorper suscipit lobortis nisl ut aliquip ex ea commodo consequat.</p>\r\n\r\n<p>&nbsp;</p>\r\n\r\n<p>Lorem ipsum dolor sit amet, consectetuer adipiscing elit, sed diam nonummy nibh euismod tincidunt ut laoreet dolore magna aliquam erat volutpat. Ut wisi enim ad minim veniam, quis nostrud exerci tation ullamcorper suscipit lobortis nisl ut aliquip ex ea commodo consequat.</p>\r\n\r\n<p>&nbsp;</p>\r\n\r\n<p>Lorem ipsum dolor sit amet, consectetuer adipiscing elit, sed diam nonummy nibh euismod tincidunt ut laoreet dolore magna aliquam erat volutpat. Ut wisi enim ad minim veniam, quis nostrud exerci tation ullamcorper suscipit lobortis nisl ut aliquip ex ea commodo consequat.</p>\r\n\r\n<p>Lorem ipsum dolor sit amet, consectetuer adipiscing elit, sed diam nonummy nibh euismod tincidunt ut laoreet dolore magna aliquam erat volutpat. Ut wisi enim ad minim veniam, quis nostrud exerci tation ullamcorper suscipit lobortis nisl ut aliquip ex ea commodo consequat.</p>\r\n\r\n<p>Lorem ipsum dolor sit amet, consectetuer adipiscing elit, sed diam nonummy nibh euismod tincidunt ut laoreet dolore magna aliquam erat volutpat. Ut wisi enim ad minim veniam, quis nostrud exerci tation ullamcorper suscipit lobortis nisl ut aliquip ex ea commodo consequat.Lorem ipsum dolor sit amet, consectetuer adipiscing elit, sed diam nonummy nibh euismod tincidunt ut laoreet dolore magna aliquam erat volutpat. Ut wisi enim ad minim veniam, quis nostrud exerci tation ullamcorper suscipit lobortis nisl ut aliquip ex ea commodo consequat.Lorem ipsum dolor sit amet, consectetuer adipiscing elit, sed diam nonummy nibh euismod tincidunt ut laoreet dolore magna aliquam erat volutpat. Ut wisi enim ad minim veniam, quis nostrud exerci tation ullamcorper suscipit lobortis nisl ut aliquip ex ea commodo consequat.</p>\r\n\r\n<p>&nbsp;</p>\r\n\r\n<p>Lorem ipsum dolor sit amet, consectetuer adipiscing elit, sed diam nonummy nibh euismod tincidunt ut laoreet dolore magna aliquam erat volutpat. Ut wisi enim ad minim veniam, quis nostrud exerci tation ullamcorper suscipit lobortis nisl ut aliquip ex ea commodo consequat.</p>\r\n\r\n<p>&nbsp;</p>\r\n\r\n<p>Lorem ipsum dolor sit amet, consectetuer adipiscing elit, sed diam nonummy nibh euismod tincidunt ut laoreet dolore magna aliquam erat volutpat. Ut wisi enim ad minim veniam, quis nostrud exerci tation ullamcorper suscipit lobortis nisl ut aliquip ex ea commodo consequat.</p>\r\n',	8,	2,	'2017-04-14 09:47:05',	'2017-04-14 09:47:05'),
(60,	'Legal warning',	'',	'<p>Lorem ipsum dolor sit amet, consectetuer adipiscing elit, sed diam nonummy nibh euismod tincidunt ut laoreet dolore magna aliquam erat volutpat. Ut wisi enim ad minim veniam, quis nostrud exerci tation ullamcorper suscipit lobortis nisl ut aliquip ex ea commodo consequat.</p>\r\n\r\n<p>Lorem ipsum dolor sit amet, consectetuer adipiscing elit, sed diam nonummy nibh euismod tincidunt ut laoreet dolore magna aliquam erat volutpat. Ut wisi enim ad minim veniam, quis nostrud exerci tation ullamcorper suscipit lobortis nisl ut aliquip ex ea commodo consequat.</p>\r\n\r\n<p>&nbsp;</p>\r\n\r\n<p>Lorem ipsum dolor sit amet, consectetuer adipiscing elit, sed diam nonummy nibh euismod tincidunt ut laoreet dolore magna aliquam erat volutpat. Ut wisi enim ad minim veniam, quis nostrud exerci tation ullamcorper suscipit lobortis nisl ut aliquip ex ea commodo consequat.</p>\r\n\r\n<p>&nbsp;</p>\r\n\r\n<p>Lorem ipsum dolor sit amet, consectetuer adipiscing elit, sed diam nonummy nibh euismod tincidunt ut laoreet dolore magna aliquam erat volutpat. Ut wisi enim ad minim veniam, quis nostrud exerci tation ullamcorper suscipit lobortis nisl ut aliquip ex ea commodo consequat.</p>\r\n\r\n<p>Lorem ipsum dolor sit amet, consectetuer adipiscing elit, sed diam nonummy nibh euismod tincidunt ut laoreet dolore magna aliquam erat volutpat. Ut wisi enim ad minim veniam, quis nostrud exerci tation ullamcorper suscipit lobortis nisl ut aliquip ex ea commodo consequat.</p>\r\n\r\n<p>Lorem ipsum dolor sit amet, consectetuer adipiscing elit, sed diam nonummy nibh euismod tincidunt ut laoreet dolore magna aliquam erat volutpat. Ut wisi enim ad minim veniam, quis nostrud exerci tation ullamcorper suscipit lobortis nisl ut aliquip ex ea commodo consequat.Lorem ipsum dolor sit amet, consectetuer adipiscing elit, sed diam nonummy nibh euismod tincidunt ut laoreet dolore magna aliquam erat volutpat. Ut wisi enim ad minim veniam, quis nostrud exerci tation ullamcorper suscipit lobortis nisl ut aliquip ex ea commodo consequat.Lorem ipsum dolor sit amet, consectetuer adipiscing elit, sed diam nonummy nibh euismod tincidunt ut laoreet dolore magna aliquam erat volutpat. Ut wisi enim ad minim veniam, quis nostrud exerci tation ullamcorper suscipit lobortis nisl ut aliquip ex ea commodo consequat.</p>\r\n\r\n<p>&nbsp;</p>\r\n\r\n<p>Lorem ipsum dolor sit amet, consectetuer adipiscing elit, sed diam nonummy nibh euismod tincidunt ut laoreet dolore magna aliquam erat volutpat. Ut wisi enim ad minim veniam, quis nostrud exerci tation ullamcorper suscipit lobortis nisl ut aliquip ex ea commodo consequat.</p>\r\n\r\n<p>&nbsp;</p>\r\n\r\n<p>Lorem ipsum dolor sit amet, consectetuer adipiscing elit, sed diam nonummy nibh euismod tincidunt ut laoreet dolore magna aliquam erat volutpat. Ut wisi enim ad minim veniam, quis nostrud exerci tation ullamcorper suscipit lobortis nisl ut aliquip ex ea commodo consequat.</p>\r\n',	7,	2,	'2017-04-14 09:47:27',	'2017-04-14 09:47:27'),
(61,	'Help',	'',	'<p>Lorem ipsum dolor sit amet, consectetuer adipiscing elit, sed diam nonummy nibh euismod tincidunt ut laoreet dolore magna aliquam erat volutpat. Ut wisi enim ad minim veniam, quis nostrud exerci tation ullamcorper suscipit lobortis nisl ut aliquip ex ea commodo consequat.</p>\r\n\r\n<p>Lorem ipsum dolor sit amet, consectetuer adipiscing elit, sed diam nonummy nibh euismod tincidunt ut laoreet dolore magna aliquam erat volutpat. Ut wisi enim ad minim veniam, quis nostrud exerci tation ullamcorper suscipit lobortis nisl ut aliquip ex ea commodo consequat.</p>\r\n\r\n<p>&nbsp;</p>\r\n\r\n<p>Lorem ipsum dolor sit amet, consectetuer adipiscing elit, sed diam nonummy nibh euismod tincidunt ut laoreet dolore magna aliquam erat volutpat. Ut wisi enim ad minim veniam, quis nostrud exerci tation ullamcorper suscipit lobortis nisl ut aliquip ex ea commodo consequat.</p>\r\n\r\n<p>&nbsp;</p>\r\n\r\n<p>Lorem ipsum dolor sit amet, consectetuer adipiscing elit, sed diam nonummy nibh euismod tincidunt ut laoreet dolore magna aliquam erat volutpat. Ut wisi enim ad minim veniam, quis nostrud exerci tation ullamcorper suscipit lobortis nisl ut aliquip ex ea commodo consequat.</p>\r\n\r\n<p>Lorem ipsum dolor sit amet, consectetuer adipiscing elit, sed diam nonummy nibh euismod tincidunt ut laoreet dolore magna aliquam erat volutpat. Ut wisi enim ad minim veniam, quis nostrud exerci tation ullamcorper suscipit lobortis nisl ut aliquip ex ea commodo consequat.</p>\r\n\r\n<p>Lorem ipsum dolor sit amet, consectetuer adipiscing elit, sed diam nonummy nibh euismod tincidunt ut laoreet dolore magna aliquam erat volutpat. Ut wisi enim ad minim veniam, quis nostrud exerci tation ullamcorper suscipit lobortis nisl ut aliquip ex ea commodo consequat.Lorem ipsum dolor sit amet, consectetuer adipiscing elit, sed diam nonummy nibh euismod tincidunt ut laoreet dolore magna aliquam erat volutpat. Ut wisi enim ad minim veniam, quis nostrud exerci tation ullamcorper suscipit lobortis nisl ut aliquip ex ea commodo consequat.Lorem ipsum dolor sit amet, consectetuer adipiscing elit, sed diam nonummy nibh euismod tincidunt ut laoreet dolore magna aliquam erat volutpat. Ut wisi enim ad minim veniam, quis nostrud exerci tation ullamcorper suscipit lobortis nisl ut aliquip ex ea commodo consequat.</p>\r\n\r\n<p>&nbsp;</p>\r\n\r\n<p>Lorem ipsum dolor sit amet, consectetuer adipiscing elit, sed diam nonummy nibh euismod tincidunt ut laoreet dolore magna aliquam erat volutpat. Ut wisi enim ad minim veniam, quis nostrud exerci tation ullamcorper suscipit lobortis nisl ut aliquip ex ea commodo consequat.</p>\r\n\r\n<p>&nbsp;</p>\r\n\r\n<p>Lorem ipsum dolor sit amet, consectetuer adipiscing elit, sed diam nonummy nibh euismod tincidunt ut laoreet dolore magna aliquam erat volutpat. Ut wisi enim ad minim veniam, quis nostrud exerci tation ullamcorper suscipit lobortis nisl ut aliquip ex ea commodo consequat.</p>\r\n',	6,	2,	'2017-04-14 09:47:47',	'2017-04-14 09:47:47');

CREATE TABLE `attributs` (
  `id` int(10) unsigned NOT NULL AUTO_INCREMENT,
  `title` varchar(222) COLLATE utf8_unicode_ci DEFAULT NULL,
  `description` varchar(255) COLLATE utf8_unicode_ci DEFAULT NULL,
  `type` varchar(255) COLLATE utf8_unicode_ci DEFAULT NULL,
  `code` int(11) DEFAULT NULL,
  `created_at` timestamp NOT NULL DEFAULT '0000-00-00 00:00:00',
  `updated_at` timestamp NOT NULL DEFAULT '0000-00-00 00:00:00',
  `deleted_at` timestamp NULL DEFAULT NULL,
  PRIMARY KEY (`id`)
) ENGINE=InnoDB DEFAULT CHARSET=utf8 COLLATE=utf8_unicode_ci;

INSERT INTO `attributs` (`id`, `title`, `description`, `type`, `code`, `created_at`, `updated_at`, `deleted_at`) VALUES
(1,	NULL,	NULL,	'Konut Tipi',	1442125789,	'2015-09-13 07:30:27',	'2015-09-13 07:30:27',	NULL),
(2,	NULL,	NULL,	'Konut Tipi',	1442125834,	'2015-09-13 07:30:50',	'2015-09-13 07:30:50',	NULL),
(3,	NULL,	NULL,	'Konut Tipi',	1442125859,	'2015-09-13 07:31:09',	'2015-09-13 07:31:09',	NULL),
(4,	NULL,	NULL,	'Konut Tipi',	1442125878,	'2015-09-13 07:31:25',	'2015-09-13 07:31:25',	NULL),
(5,	NULL,	NULL,	'Konut Tipi',	1442125892,	'2015-09-13 07:31:39',	'2015-09-13 07:31:39',	NULL),
(6,	NULL,	NULL,	'Konut Tipi',	1442125906,	'2015-09-13 07:31:57',	'2015-09-13 07:31:57',	NULL),
(7,	NULL,	NULL,	'Konut Tipi',	1442125923,	'2015-09-13 07:32:10',	'2015-09-13 07:32:10',	NULL),
(8,	NULL,	NULL,	'Konut Tipi',	1442125936,	'2015-09-13 07:32:20',	'2015-09-13 07:32:20',	NULL),
(9,	NULL,	NULL,	'Manzara',	1442125951,	'2015-09-13 07:32:37',	'2015-09-13 07:32:37',	NULL),
(10,	NULL,	NULL,	'Manzara',	1442125962,	'2015-09-13 07:32:47',	'2015-09-13 07:32:47',	NULL),
(11,	NULL,	NULL,	'Manzara',	1442125972,	'2015-09-13 07:32:58',	'2015-09-13 07:32:58',	NULL),
(12,	NULL,	NULL,	'Manzara',	1442125984,	'2015-09-13 07:33:15',	'2015-09-13 07:33:15',	NULL),
(13,	NULL,	NULL,	'Ulaşım',	1442126014,	'2015-09-13 07:33:41',	'2015-09-13 07:33:41',	NULL),
(14,	NULL,	NULL,	'Ulaşım',	1442126028,	'2015-09-13 07:33:55',	'2015-09-13 07:33:55',	NULL),
(15,	NULL,	NULL,	'Ulaşım',	1442126039,	'2015-09-13 07:34:07',	'2015-09-13 07:34:07',	NULL),
(16,	NULL,	NULL,	'Ulaşım',	1442126060,	'2015-09-13 07:34:26',	'2015-09-13 07:34:26',	NULL),
(17,	NULL,	NULL,	'Ulaşım',	1442126070,	'2015-09-13 07:34:48',	'2015-09-13 07:34:48',	NULL),
(18,	NULL,	NULL,	'Ulaşım',	1442126095,	'2015-09-13 07:35:02',	'2015-09-13 07:35:02',	NULL),
(19,	NULL,	NULL,	'Ulaşım',	1442126114,	'2015-09-13 07:35:21',	'2015-09-13 07:35:21',	NULL),
(20,	NULL,	NULL,	'Ulaşım',	1442126130,	'2015-09-13 07:35:50',	'2015-09-13 07:35:50',	NULL),
(21,	NULL,	NULL,	'Ulaşım',	1442126161,	'2015-09-13 07:36:10',	'2015-09-13 07:36:10',	NULL),
(22,	NULL,	NULL,	'Ulaşım',	1442126176,	'2015-09-13 07:36:29',	'2015-09-13 07:36:29',	NULL),
(23,	NULL,	NULL,	'Ulaşım',	1442126194,	'2015-09-13 07:36:42',	'2015-09-13 07:36:42',	NULL),
(24,	NULL,	NULL,	'Ulaşım',	1442126208,	'2015-09-13 07:37:00',	'2015-09-13 07:37:00',	NULL),
(25,	NULL,	NULL,	'Ulaşım',	1442126227,	'2015-09-13 07:37:16',	'2015-09-13 07:37:16',	NULL),
(26,	NULL,	NULL,	'Ulaşım',	1442126240,	'2015-09-13 07:37:27',	'2015-09-13 07:37:27',	NULL),
(27,	NULL,	NULL,	'Ulaşım',	1442126252,	'2015-09-13 07:37:39',	'2015-09-13 07:37:39',	NULL),
(28,	NULL,	NULL,	'Ulaşım',	1442126265,	'2015-09-13 07:37:55',	'2015-09-13 07:37:55',	NULL),
(29,	NULL,	NULL,	'Ulaşım',	1442126280,	'2015-09-13 07:38:08',	'2015-09-13 07:38:08',	NULL),
(30,	NULL,	NULL,	'Muhit',	1442126301,	'2015-09-13 07:38:32',	'2015-09-13 07:38:32',	NULL),
(31,	NULL,	NULL,	'Muhit',	1442126318,	'2015-09-13 07:38:47',	'2015-09-13 07:38:47',	NULL),
(32,	NULL,	NULL,	'Muhit',	1442126333,	'2015-09-13 07:39:02',	'2015-09-13 07:39:02',	NULL),
(33,	NULL,	NULL,	'Muhit',	1442126346,	'2015-09-13 07:39:16',	'2015-09-13 07:39:16',	NULL),
(34,	NULL,	NULL,	'Muhit',	1442126364,	'2015-09-13 07:39:31',	'2015-09-13 07:39:31',	NULL),
(35,	NULL,	NULL,	'Muhit',	1442126375,	'2015-09-13 07:39:44',	'2015-09-13 07:39:44',	NULL),
(36,	NULL,	NULL,	'Muhit',	1442126391,	'2015-09-13 07:39:59',	'2015-09-13 07:39:59',	NULL),
(37,	NULL,	NULL,	'Muhit',	1442126404,	'2015-09-13 07:40:12',	'2015-09-13 07:40:12',	NULL),
(38,	NULL,	NULL,	'Muhit',	1442126419,	'2015-09-13 07:40:36',	'2015-09-13 07:40:36',	NULL),
(39,	NULL,	NULL,	'Muhit',	1442126442,	'2015-09-13 07:40:51',	'2015-09-13 07:40:51',	NULL),
(40,	NULL,	NULL,	'Muhit',	1442126458,	'2015-09-13 07:41:07',	'2015-09-13 07:41:07',	NULL),
(41,	NULL,	NULL,	'Muhit',	1442126471,	'2015-09-13 07:41:19',	'2015-09-13 07:41:19',	NULL),
(42,	NULL,	NULL,	'Muhit',	1442126486,	'2015-09-13 07:41:33',	'2015-09-13 07:41:33',	NULL),
(43,	NULL,	NULL,	'Muhit',	1442126498,	'2015-09-13 07:41:47',	'2015-09-13 07:41:47',	NULL),
(44,	NULL,	NULL,	'Muhit',	1442126513,	'2015-09-13 07:42:03',	'2015-09-13 07:42:03',	NULL),
(45,	NULL,	NULL,	'Muhit',	1442126529,	'2015-09-13 07:42:21',	'2015-09-13 07:42:21',	NULL),
(46,	NULL,	NULL,	'Muhit',	1442126548,	'2015-09-13 07:42:37',	'2015-09-13 07:42:37',	NULL),
(47,	NULL,	NULL,	'Muhit',	1442126563,	'2015-09-13 07:42:51',	'2015-09-13 07:42:51',	NULL),
(48,	NULL,	NULL,	'Muhit',	1442126580,	'2015-09-13 07:43:09',	'2015-09-13 07:43:09',	NULL),
(49,	NULL,	NULL,	'Muhit',	1442126594,	'2015-09-13 07:43:22',	'2015-09-13 07:43:22',	NULL),
(50,	NULL,	NULL,	'Muhit',	1442126608,	'2015-09-13 07:43:36',	'2015-09-13 07:43:36',	NULL),
(51,	NULL,	NULL,	'Muhit',	1442126622,	'2015-09-13 07:43:49',	'2015-09-13 07:43:49',	NULL),
(52,	NULL,	NULL,	'Dış Özellik',	1442126642,	'2015-09-13 07:44:11',	'2015-09-13 07:44:11',	NULL),
(53,	NULL,	NULL,	'Dış Özellik',	1442126668,	'2015-09-13 07:44:36',	'2015-09-13 07:44:36',	NULL),
(54,	NULL,	NULL,	'Dış Özellik',	1442126680,	'2015-09-13 07:44:47',	'2015-09-13 07:44:47',	NULL),
(55,	NULL,	NULL,	'Dış Özellik',	1442126691,	'2015-09-13 07:45:00',	'2015-09-13 07:45:00',	NULL),
(56,	NULL,	NULL,	'Dış Özellik',	1442126720,	'2015-09-13 07:45:28',	'2015-09-13 07:45:28',	NULL),
(57,	NULL,	NULL,	'Dış Özellik',	1442126732,	'2015-09-13 07:45:44',	'2015-09-13 07:45:44',	NULL),
(58,	NULL,	NULL,	'Dış Özellik',	1442126750,	'2015-09-13 07:45:59',	'2015-09-13 07:45:59',	NULL),
(59,	NULL,	NULL,	'Dış Özellik',	1442126765,	'2015-09-13 07:46:13',	'2015-09-13 07:46:13',	NULL),
(60,	NULL,	NULL,	'Dış Özellik',	1442126779,	'2015-09-13 07:46:28',	'2015-09-13 07:46:28',	NULL),
(61,	NULL,	NULL,	'Dış Özellik',	1442126793,	'2015-09-13 07:46:40',	'2015-09-13 07:46:40',	NULL),
(62,	NULL,	NULL,	'Dış Özellik',	1442126804,	'2015-09-13 07:46:52',	'2015-09-13 07:46:52',	NULL),
(63,	NULL,	NULL,	'Dış Özellik',	1442126819,	'2015-09-13 07:47:07',	'2015-09-13 07:47:07',	NULL),
(64,	NULL,	NULL,	'Dış Özellik',	1442126834,	'2015-09-13 07:47:22',	'2015-09-13 07:47:22',	NULL),
(65,	NULL,	NULL,	'Dış Özellik',	1442126846,	'2015-09-13 07:47:35',	'2015-09-13 07:47:35',	NULL),
(66,	NULL,	NULL,	'Dış Özellik',	1442126861,	'2015-09-13 07:47:50',	'2015-09-13 07:47:50',	NULL),
(67,	NULL,	NULL,	'Dış Özellik',	1442126876,	'2015-09-13 07:48:05',	'2015-09-13 07:48:05',	NULL),
(68,	NULL,	NULL,	'Dış Özellik',	1442126892,	'2015-09-13 07:48:20',	'2015-09-13 07:48:20',	NULL),
(69,	NULL,	NULL,	'Dış Özellik',	1442126906,	'2015-09-13 07:48:35',	'2015-09-13 07:48:35',	NULL),
(70,	NULL,	NULL,	'Dış Özellik',	1442126922,	'2015-09-13 07:48:51',	'2015-09-13 07:48:51',	NULL),
(71,	NULL,	NULL,	'Dış Özellik',	1442126941,	'2015-09-13 07:49:09',	'2015-09-13 07:49:09',	NULL),
(72,	NULL,	NULL,	'İç Özellik',	1442126961,	'2015-09-13 07:49:28',	'2015-09-13 07:49:28',	NULL),
(73,	NULL,	NULL,	'İç Özellik',	1442126974,	'2015-09-13 07:49:41',	'2015-09-13 07:49:41',	NULL),
(74,	NULL,	NULL,	'İç Özellik',	1442126986,	'2015-09-13 07:49:54',	'2015-09-13 07:49:54',	NULL),
(75,	NULL,	NULL,	'İç Özellik',	1442126999,	'2015-09-13 07:50:07',	'2015-09-13 07:50:07',	NULL),
(76,	NULL,	NULL,	'İç Özellik',	1442127013,	'2015-09-13 07:50:20',	'2015-09-13 07:50:20',	NULL),
(77,	NULL,	NULL,	'İç Özellik',	1442127025,	'2015-09-13 07:50:32',	'2015-09-13 07:50:32',	NULL),
(78,	NULL,	NULL,	'İç Özellik',	1442127037,	'2015-09-13 07:50:46',	'2015-09-13 07:50:46',	NULL),
(79,	NULL,	NULL,	'İç Özellik',	1442127051,	'2015-09-13 07:51:00',	'2015-09-13 07:51:00',	NULL),
(80,	NULL,	NULL,	'İç Özellik',	1442127067,	'2015-09-13 07:51:15',	'2015-09-13 07:51:15',	NULL),
(81,	NULL,	NULL,	'İç Özellik',	1442127079,	'2015-09-13 07:51:31',	'2015-09-13 07:51:31',	NULL),
(82,	NULL,	NULL,	'İç Özellik',	1442127099,	'2015-09-13 07:51:47',	'2015-09-13 07:51:47',	NULL),
(83,	NULL,	NULL,	'İç Özellik',	1442127113,	'2015-09-13 07:52:01',	'2015-09-13 07:52:01',	NULL),
(84,	NULL,	NULL,	'İç Özellik',	1442127153,	'2015-09-13 07:53:00',	'2015-09-13 07:53:00',	NULL),
(85,	NULL,	NULL,	'İç Özellik',	1442127187,	'2015-09-13 07:53:16',	'2015-09-13 07:53:16',	NULL),
(86,	NULL,	NULL,	'İç Özellik',	1442127203,	'2015-09-13 07:53:34',	'2015-09-13 07:53:34',	NULL),
(87,	NULL,	NULL,	'İç Özellik',	1442127219,	'2015-09-13 07:53:49',	'2015-09-13 07:53:49',	NULL),
(88,	NULL,	NULL,	'İç Özellik',	1442127237,	'2015-09-13 07:54:11',	'2015-09-13 07:54:11',	NULL),
(89,	NULL,	NULL,	'İç Özellik',	1442127258,	'2015-09-13 07:54:26',	'2015-09-13 07:54:26',	NULL),
(90,	NULL,	NULL,	'İç Özellik',	1442127273,	'2015-09-13 07:54:42',	'2015-09-13 07:54:42',	NULL),
(91,	NULL,	NULL,	'İç Özellik',	1442127290,	'2015-09-13 07:55:01',	'2015-09-13 07:55:01',	NULL),
(92,	NULL,	NULL,	'İç Özellik',	1442127311,	'2015-09-13 07:55:20',	'2015-09-13 07:55:20',	NULL),
(93,	NULL,	NULL,	'İç Özellik',	1442127326,	'2015-09-13 07:55:33',	'2015-09-13 07:55:33',	NULL),
(94,	NULL,	NULL,	'İç Özellik',	1442129589,	'2015-09-13 08:33:26',	'2015-09-13 08:33:26',	NULL),
(95,	NULL,	NULL,	'İç Özellik',	1442129611,	'2015-09-13 08:33:40',	'2015-09-13 08:33:40',	NULL),
(96,	NULL,	NULL,	'İç Özellik',	1442129628,	'2015-09-13 08:33:55',	'2015-09-13 08:33:55',	NULL),
(97,	NULL,	NULL,	'İç Özellik',	1442129639,	'2015-09-13 08:34:06',	'2015-09-13 08:34:06',	NULL),
(98,	NULL,	NULL,	'İç Özellik',	1442129651,	'2015-09-13 08:34:18',	'2015-09-13 08:34:18',	NULL),
(99,	NULL,	NULL,	'İç Özellik',	1442129663,	'2015-09-13 08:34:34',	'2015-09-13 08:34:34',	NULL),
(100,	NULL,	NULL,	'İç Özellik',	1442129683,	'2015-09-13 08:34:50',	'2015-09-13 08:34:50',	NULL),
(101,	NULL,	NULL,	'İç Özellik',	1442129695,	'2015-09-13 08:35:02',	'2015-09-13 08:35:02',	NULL),
(102,	NULL,	NULL,	'İç Özellik',	1442129707,	'2015-09-13 08:35:21',	'2015-09-13 08:35:21',	NULL),
(103,	NULL,	NULL,	'İç Özellik',	1442129727,	'2015-09-13 08:35:37',	'2015-09-13 08:35:37',	NULL),
(104,	NULL,	NULL,	'İç Özellik',	1442129749,	'2015-09-13 08:35:58',	'2015-09-13 08:35:58',	NULL),
(105,	NULL,	NULL,	'İç Özellik',	1442129765,	'2015-09-13 08:36:13',	'2015-09-13 08:36:13',	NULL),
(106,	NULL,	NULL,	'İç Özellik',	1442129779,	'2015-09-13 08:36:28',	'2015-09-13 08:36:28',	NULL),
(107,	NULL,	NULL,	'İç Özellik',	1442129794,	'2015-09-13 08:36:43',	'2015-09-13 08:36:43',	NULL),
(108,	NULL,	NULL,	'İç Özellik',	1442129809,	'2015-09-13 08:37:15',	'2015-09-13 08:37:15',	NULL),
(109,	NULL,	NULL,	'İç Özellik',	1442129850,	'2015-09-13 08:37:37',	'2015-09-13 08:37:37',	NULL),
(110,	NULL,	NULL,	'İç Özellik',	1442129864,	'2015-09-13 08:37:52',	'2015-09-13 08:37:52',	NULL),
(111,	NULL,	NULL,	'İç Özellik',	1442129880,	'2015-09-13 08:38:13',	'2015-09-13 08:38:13',	NULL),
(112,	NULL,	NULL,	'İç Özellik',	1442129900,	'2015-09-13 08:38:32',	'2015-09-13 08:38:32',	NULL),
(113,	NULL,	NULL,	'İç Özellik',	1442129957,	'2015-09-13 08:39:25',	'2015-09-13 08:39:25',	NULL),
(114,	NULL,	NULL,	'İç Özellik',	1442129971,	'2015-09-13 08:39:40',	'2015-09-13 08:39:40',	NULL),
(115,	NULL,	NULL,	'İç Özellik',	1442129986,	'2015-09-13 08:40:01',	'2015-09-13 08:40:01',	NULL),
(116,	NULL,	NULL,	'İç Özellik',	1442130016,	'2015-09-13 08:40:23',	'2015-09-13 08:40:23',	NULL),
(117,	NULL,	NULL,	'İç Özellik',	1442130027,	'2015-09-13 08:40:39',	'2015-09-13 08:40:39',	NULL),
(118,	NULL,	NULL,	'İç Özellik',	1442130048,	'2015-09-13 08:40:58',	'2015-09-13 08:40:58',	NULL),
(119,	NULL,	NULL,	'Cephe',	1442130072,	'2015-09-13 08:41:19',	'2015-09-13 08:41:19',	NULL),
(120,	NULL,	NULL,	'Cephe',	1442130089,	'2015-09-13 08:41:36',	'2015-09-13 08:41:36',	NULL),
(121,	NULL,	NULL,	'Cephe',	1442130100,	'2015-09-13 08:41:49',	'2015-09-13 08:41:49',	NULL),
(122,	NULL,	NULL,	'Cephe',	1442130113,	'2015-09-13 08:42:04',	'2015-09-13 08:42:04',	NULL),
(123,	NULL,	NULL,	'Durumu',	1442270823,	'2015-09-14 19:47:10',	'2015-09-14 19:47:10',	NULL),
(124,	NULL,	NULL,	'Durumu',	1442270833,	'2015-09-14 19:47:20',	'2015-09-14 19:47:20',	NULL),
(125,	NULL,	NULL,	'Türü',	1442270873,	'2015-09-14 19:47:58',	'2015-09-14 19:47:58',	NULL),
(126,	NULL,	NULL,	'Türü',	1442270881,	'2015-09-14 19:48:08',	'2015-09-14 19:48:08',	NULL),
(127,	NULL,	NULL,	'Türü',	1442270894,	'2015-09-14 19:48:18',	'2015-09-14 19:48:18',	NULL),
(128,	NULL,	NULL,	'Türü',	1442270900,	'2015-09-14 19:48:25',	'2015-09-14 19:48:25',	NULL),
(129,	NULL,	NULL,	'Türü',	1442270914,	'2015-09-14 19:48:39',	'2015-09-14 19:48:39',	NULL),
(130,	NULL,	NULL,	'Türü',	1442270922,	'2015-09-14 19:48:56',	'2015-09-14 19:48:56',	NULL),
(131,	NULL,	NULL,	'Türü',	1442270944,	'2015-09-14 19:49:13',	'2015-09-14 19:49:13',	NULL),
(132,	NULL,	NULL,	'Türü',	1442270957,	'2015-09-14 19:49:22',	'2015-09-14 19:49:22',	NULL),
(133,	NULL,	NULL,	'Kat Sayısı',	1442281939,	'2015-09-14 22:52:25',	'2015-09-14 22:52:25',	NULL),
(134,	NULL,	NULL,	'Kat Sayısı',	1442281947,	'2015-09-14 22:52:37',	'2015-09-14 22:52:37',	NULL),
(135,	NULL,	NULL,	'Kat Sayısı',	1442281960,	'2015-09-14 22:52:47',	'2015-09-14 22:52:47',	NULL),
(136,	NULL,	NULL,	'Kat Sayısı',	1442281969,	'2015-09-14 22:52:55',	'2015-09-14 22:52:55',	NULL),
(137,	NULL,	NULL,	'Kat Sayısı',	1442281977,	'2015-09-14 22:53:02',	'2015-09-14 22:53:02',	NULL),
(138,	NULL,	NULL,	'Kat Sayısı',	1442281984,	'2015-09-14 22:53:10',	'2015-09-14 22:53:10',	NULL),
(139,	NULL,	NULL,	'Kat Sayısı',	1442281992,	'2015-09-14 22:53:18',	'2015-09-14 22:53:18',	NULL),
(140,	NULL,	NULL,	'Kat Sayısı',	1442282001,	'2015-09-14 22:53:27',	'2015-09-14 22:53:27',	NULL),
(141,	NULL,	NULL,	'Kat Sayısı',	1442282009,	'2015-09-14 22:53:35',	'2015-09-14 22:53:35',	NULL),
(142,	NULL,	NULL,	'Kat Sayısı',	1442282017,	'2015-09-14 22:53:44',	'2015-09-14 22:53:44',	NULL),
(143,	NULL,	NULL,	'Kat Sayısı',	1442282026,	'2015-09-14 22:53:52',	'2015-09-14 22:53:52',	NULL),
(144,	NULL,	NULL,	'Kat Sayısı',	1442282034,	'2015-09-14 22:53:59',	'2015-09-14 22:53:59',	NULL),
(145,	NULL,	NULL,	'Kat Sayısı',	1442282044,	'2015-09-14 22:54:09',	'2015-09-14 22:54:09',	NULL),
(146,	NULL,	NULL,	'Kat Sayısı',	1442282051,	'2015-09-14 22:54:17',	'2015-09-14 22:54:17',	NULL),
(147,	NULL,	NULL,	'Kat Sayısı',	1442282061,	'2015-09-14 22:54:27',	'2015-09-14 22:54:27',	NULL),
(148,	NULL,	NULL,	'Kat Sayısı',	1442282069,	'2015-09-14 22:54:35',	'2015-09-14 22:54:35',	NULL),
(149,	NULL,	NULL,	'Kat Sayısı',	1442282078,	'2015-09-14 22:54:44',	'2015-09-14 22:54:44',	NULL),
(150,	NULL,	NULL,	'Kat Sayısı',	1442282090,	'2015-09-14 22:54:55',	'2015-09-14 22:54:55',	NULL),
(151,	NULL,	NULL,	'Kat Sayısı',	1442282098,	'2015-09-14 22:55:11',	'2015-09-14 22:55:11',	NULL),
(152,	NULL,	NULL,	'Kat Sayısı',	1442282126,	'2015-09-14 22:55:31',	'2015-09-14 22:55:31',	NULL),
(153,	NULL,	NULL,	'Banyo Sayısı',	1442282289,	'2015-09-14 22:58:13',	'2015-09-14 22:58:13',	NULL),
(154,	NULL,	NULL,	'Banyo Sayısı',	1442282296,	'2015-09-14 22:58:20',	'2015-09-14 22:58:20',	NULL),
(155,	NULL,	NULL,	'Banyo Sayısı',	1442282302,	'2015-09-14 22:58:26',	'2015-09-14 22:58:26',	NULL),
(156,	NULL,	NULL,	'Banyo Sayısı',	1442282309,	'2015-09-14 22:58:32',	'2015-09-14 22:58:32',	NULL),
(157,	NULL,	NULL,	'Banyo Sayısı',	1442282315,	'2015-09-14 22:58:40',	'2015-09-14 22:58:40',	NULL),
(158,	NULL,	NULL,	'Banyo Sayısı',	1442282323,	'2015-09-14 22:58:46',	'2015-09-14 22:58:46',	NULL),
(159,	NULL,	NULL,	'Banyo Sayısı',	1442282328,	'2015-09-14 22:58:53',	'2015-09-14 22:58:53',	NULL),
(160,	NULL,	NULL,	'Banyo Sayısı',	1442282336,	'2015-09-14 22:59:00',	'2015-09-14 22:59:00',	NULL),
(161,	NULL,	NULL,	'Banyo Sayısı',	1442282342,	'2015-09-14 22:59:06',	'2015-09-14 22:59:06',	NULL),
(162,	NULL,	NULL,	'Banyo Sayısı',	1442282349,	'2015-09-14 22:59:17',	'2015-09-14 22:59:17',	NULL),
(163,	NULL,	NULL,	'Bulundugu Kat',	1442282491,	'2015-09-14 23:01:41',	'2015-09-14 23:01:41',	NULL),
(164,	NULL,	NULL,	'Bulundugu Kat',	1442282510,	'2015-09-14 23:02:02',	'2015-09-14 23:02:02',	NULL),
(165,	NULL,	NULL,	'Bulundugu Kat',	1442282525,	'2015-09-14 23:02:18',	'2015-09-14 23:02:18',	NULL),
(166,	NULL,	NULL,	'Bulundugu Kat',	1442282541,	'2015-09-14 23:02:33',	'2015-09-14 23:02:33',	NULL),
(167,	NULL,	NULL,	'Bulundugu Kat',	1442282556,	'2015-09-14 23:02:50',	'2015-09-14 23:02:50',	NULL),
(168,	NULL,	NULL,	'Bulundugu Kat',	1442282581,	'2015-09-14 23:03:11',	'2015-09-14 23:03:11',	NULL),
(169,	NULL,	NULL,	'Bulundugu Kat',	1442282594,	'2015-09-14 23:03:26',	'2015-09-14 23:03:26',	NULL),
(170,	NULL,	NULL,	'Bulundugu Kat',	1442282609,	'2015-09-14 23:03:50',	'2015-09-14 23:03:50',	NULL),
(171,	NULL,	NULL,	'Bulundugu Kat',	1442282633,	'2015-09-14 23:04:06',	'2015-09-14 23:04:06',	NULL),
(172,	NULL,	NULL,	'Bulundugu Kat',	1442282649,	'2015-09-14 23:04:15',	'2015-09-14 23:04:15',	NULL),
(173,	NULL,	NULL,	'Bulundugu Kat',	1442282658,	'2015-09-14 23:04:23',	'2015-09-14 23:04:23',	NULL),
(174,	NULL,	NULL,	'Bulundugu Kat',	1442282665,	'2015-09-14 23:04:31',	'2015-09-14 23:04:31',	NULL),
(175,	NULL,	NULL,	'Bulundugu Kat',	1442282673,	'2015-09-14 23:04:39',	'2015-09-14 23:04:39',	NULL),
(176,	NULL,	NULL,	'Bulundugu Kat',	1442282683,	'2015-09-14 23:04:50',	'2015-09-14 23:04:50',	NULL),
(177,	NULL,	NULL,	'Bulundugu Kat',	1442282694,	'2015-09-14 23:04:59',	'2015-09-14 23:04:59',	NULL),
(178,	NULL,	NULL,	'Bulundugu Kat',	1442282703,	'2015-09-14 23:05:09',	'2015-09-14 23:05:09',	NULL),
(179,	NULL,	NULL,	'Bulundugu Kat',	1442282712,	'2015-09-14 23:05:19',	'2015-09-14 23:05:19',	NULL),
(180,	NULL,	NULL,	'Bulundugu Kat',	1442282744,	'2015-09-14 23:05:49',	'2015-09-14 23:05:49',	NULL),
(181,	NULL,	NULL,	'Bulundugu Kat',	1442282752,	'2015-09-14 23:06:00',	'2015-09-14 23:06:00',	NULL),
(182,	NULL,	NULL,	'Bulundugu Kat',	1442282769,	'2015-09-14 23:06:18',	'2015-09-14 23:06:18',	NULL),
(183,	NULL,	NULL,	'Bulundugu Kat',	1442282781,	'2015-09-14 23:06:28',	'2015-09-14 23:06:28',	NULL),
(184,	NULL,	NULL,	'Bulundugu Kat',	1442282794,	'2015-09-14 23:06:41',	'2015-09-14 23:06:41',	NULL),
(185,	NULL,	NULL,	'Bulundugu Kat',	1442282806,	'2015-09-14 23:06:53',	'2015-09-14 23:06:53',	NULL),
(186,	NULL,	NULL,	'Bulundugu Kat',	1442282818,	'2015-09-14 23:07:04',	'2015-09-14 23:07:04',	NULL),
(187,	NULL,	NULL,	'Bulundugu Kat',	1442282826,	'2015-09-14 23:07:13',	'2015-09-14 23:07:13',	NULL),
(188,	NULL,	NULL,	'Bulundugu Kat',	1442282835,	'2015-09-14 23:07:22',	'2015-09-14 23:07:22',	NULL),
(189,	NULL,	NULL,	'Bulundugu Kat',	1442282853,	'2015-09-14 23:07:37',	'2015-09-14 23:07:37',	NULL),
(190,	NULL,	NULL,	'Oda Sayısı',	1442283599,	'2015-09-14 23:20:07',	'2015-09-14 23:20:07',	NULL),
(191,	NULL,	NULL,	'Oda Sayısı',	1442283610,	'2015-09-14 23:20:28',	'2015-10-23 05:04:35',	'2015-10-23 05:04:35'),
(192,	NULL,	NULL,	'Oda Sayısı',	1442283631,	'2015-09-14 23:20:42',	'2015-10-23 05:04:40',	'2015-10-23 05:04:40'),
(193,	NULL,	NULL,	'Oda Sayısı',	1442283651,	'2015-09-14 23:20:55',	'2015-10-23 05:05:06',	'2015-10-23 05:05:06'),
(194,	NULL,	NULL,	'Oda Sayısı',	1442283665,	'2015-09-14 23:21:08',	'2015-10-23 05:04:44',	'2015-10-23 05:04:44'),
(195,	NULL,	NULL,	'Oda Sayısı',	1442283677,	'2015-09-14 23:21:21',	'2015-10-23 05:05:10',	'2015-10-23 05:05:10'),
(196,	NULL,	NULL,	'Oda Sayısı',	1442283694,	'2015-09-14 23:21:38',	'2015-10-23 05:04:49',	'2015-10-23 05:04:49'),
(197,	NULL,	NULL,	'Oda Sayısı',	1442283706,	'2015-09-14 23:21:51',	'2015-10-23 05:04:53',	'2015-10-23 05:04:53'),
(198,	NULL,	NULL,	'Oda Sayısı',	1442283714,	'2015-09-14 23:22:06',	'2015-10-23 05:04:58',	'2015-10-23 05:04:58'),
(199,	NULL,	NULL,	'Oda Sayısı',	1442283733,	'2015-09-14 23:22:17',	'2015-10-23 05:05:01',	'2015-10-23 05:05:01'),
(200,	NULL,	NULL,	'Oda Sayısı',	1442283746,	'2015-09-14 23:22:31',	'2015-10-23 05:05:15',	'2015-10-23 05:05:15'),
(201,	NULL,	NULL,	'Oda Sayısı',	1442283760,	'2015-09-14 23:22:44',	'2015-10-23 05:05:19',	'2015-10-23 05:05:19'),
(202,	NULL,	NULL,	'Oda Sayısı',	1442283784,	'2015-09-14 23:23:21',	'2015-10-23 05:05:25',	'2015-10-23 05:05:25'),
(203,	NULL,	NULL,	'Zemin Durumu',	1442283898,	'2015-09-14 23:25:24',	'2015-09-14 23:25:24',	NULL),
(204,	NULL,	NULL,	'Zemin Durumu',	1442283933,	'2015-09-14 23:25:38',	'2015-09-14 23:25:38',	NULL),
(205,	NULL,	NULL,	'Zemin Durumu',	1442283946,	'2015-09-14 23:25:50',	'2015-09-14 23:25:50',	NULL),
(206,	NULL,	NULL,	'Zemin Durumu',	1442283953,	'2015-09-14 23:26:05',	'2015-09-14 23:26:05',	NULL),
(207,	NULL,	NULL,	'Zemin Durumu',	1442283967,	'2015-09-14 23:26:17',	'2015-09-14 23:26:17',	NULL),
(208,	NULL,	NULL,	'Zemin Durumu',	1442283979,	'2015-09-14 23:26:31',	'2015-09-14 23:26:31',	NULL),
(209,	NULL,	NULL,	'Zemin Durumu',	1442283994,	'2015-09-14 23:26:43',	'2015-09-14 23:26:43',	NULL),
(210,	NULL,	NULL,	'Zemin Durumu',	1442284029,	'2015-09-14 23:27:14',	'2015-09-14 23:27:14',	NULL),
(211,	NULL,	NULL,	'Zemin Durumu',	1442284037,	'2015-09-14 23:27:37',	'2015-09-14 23:27:37',	NULL),
(212,	NULL,	NULL,	'Zemin Durumu',	1442284062,	'2015-09-14 23:27:51',	'2015-09-14 23:27:51',	NULL),
(213,	NULL,	NULL,	'Zemin Durumu',	1442284081,	'2015-09-14 23:28:06',	'2015-09-14 23:28:06',	NULL),
(214,	NULL,	NULL,	'Zemin Durumu',	1442284095,	'2015-09-14 23:28:24',	'2015-09-14 23:28:24',	NULL),
(215,	NULL,	NULL,	'Zemin Durumu',	1442284110,	'2015-09-14 23:28:33',	'2015-09-14 23:28:33',	NULL),
(216,	NULL,	NULL,	'Zemin Durumu',	1442284120,	'2015-09-14 23:28:43',	'2015-09-14 23:28:43',	NULL),
(217,	NULL,	NULL,	'Zemin Durumu',	1442284131,	'2015-09-14 23:29:01',	'2015-09-14 23:29:01',	NULL),
(218,	NULL,	NULL,	'Zemin Durumu',	1442284144,	'2015-09-14 23:29:14',	'2015-09-14 23:29:14',	NULL),
(219,	NULL,	NULL,	'Zemin Durumu',	1442284162,	'2015-09-14 23:29:28',	'2015-09-14 23:29:28',	NULL),
(220,	NULL,	NULL,	'Isıtma Sistemi',	1442284188,	'2015-09-14 23:29:51',	'2015-09-14 23:29:51',	NULL),
(221,	NULL,	NULL,	'Isıtma Sistemi',	1442284198,	'2015-09-14 23:30:02',	'2015-09-14 23:30:02',	NULL),
(222,	NULL,	NULL,	'Isıtma Sistemi',	1442284211,	'2015-09-14 23:30:21',	'2015-09-14 23:30:21',	NULL),
(223,	NULL,	NULL,	'Isıtma Sistemi',	1442284232,	'2015-09-14 23:30:47',	'2015-10-26 05:30:22',	'2015-10-26 05:30:22'),
(224,	NULL,	NULL,	'Isıtma Sistemi',	1442284250,	'2015-09-14 23:31:05',	'2015-09-14 23:31:05',	NULL),
(225,	NULL,	NULL,	'Isıtma Sistemi',	1442284268,	'2015-09-14 23:31:23',	'2015-09-14 23:31:23',	NULL),
(226,	NULL,	NULL,	'Isıtma Sistemi',	1442284291,	'2015-09-14 23:31:34',	'2015-09-14 23:31:34',	NULL),
(227,	NULL,	NULL,	'Isıtma Sistemi',	1442284302,	'2015-09-14 23:31:47',	'2015-09-14 23:31:47',	NULL),
(228,	NULL,	NULL,	'Isıtma Sistemi',	1442284315,	'2015-09-14 23:32:07',	'2015-09-14 23:32:07',	NULL),
(229,	NULL,	NULL,	'Isıtma Sistemi',	1442284335,	'2015-09-14 23:32:20',	'2015-09-14 23:32:20',	NULL),
(230,	NULL,	NULL,	'Türü',	1444138331,	'2015-10-06 10:33:01',	'2015-10-06 10:33:01',	NULL),
(231,	NULL,	NULL,	'Durumu',	1445585910,	'2015-10-23 04:38:34',	'2015-10-23 04:38:34',	NULL),
(232,	NULL,	NULL,	'Tapu Durumu',	1445586672,	'2015-10-23 04:51:18',	'2015-10-23 04:51:18',	NULL),
(233,	NULL,	NULL,	'Tapu Durumu',	1445586681,	'2015-10-23 04:51:48',	'2015-10-23 04:51:48',	NULL),
(234,	NULL,	NULL,	'Tapu Durumu',	1445586711,	'2015-10-23 04:52:03',	'2015-10-23 04:52:03',	NULL),
(235,	NULL,	NULL,	'Kullanım Durumu',	1445586744,	'2015-10-23 04:52:34',	'2015-10-23 04:52:34',	NULL),
(236,	NULL,	NULL,	'Kullanım Durumu',	1445586760,	'2015-10-23 04:52:51',	'2015-10-23 04:52:51',	NULL),
(237,	NULL,	NULL,	'Kullanım Durumu',	1445586774,	'2015-10-23 04:53:07',	'2015-10-23 04:53:07',	NULL),
(238,	NULL,	NULL,	'Kullanım Durumu',	1445586793,	'2015-10-23 04:53:28',	'2015-10-23 04:53:28',	NULL),
(239,	NULL,	NULL,	'Isıtma Sistemi',	1445586839,	'2015-10-23 04:54:09',	'2015-10-23 04:54:20',	'2015-10-23 04:54:20'),
(240,	NULL,	NULL,	'Isıtma Sistemi',	1445586864,	'2015-10-23 04:54:35',	'2015-10-23 04:54:35',	NULL),
(241,	NULL,	NULL,	'Isıtma Sistemi',	1445586894,	'2015-10-23 04:55:08',	'2015-10-23 04:55:08',	NULL),
(242,	NULL,	NULL,	'Isıtma Sistemi',	1445586915,	'2015-10-23 04:55:31',	'2015-10-23 04:55:31',	NULL),
(243,	NULL,	NULL,	'Isıtma Sistemi',	1445586934,	'2015-10-23 04:55:42',	'2015-10-23 04:55:42',	NULL),
(244,	NULL,	NULL,	'Oda Sayısı',	1445587026,	'2015-10-23 04:57:11',	'2015-10-23 04:57:11',	NULL),
(245,	NULL,	NULL,	'Oda Sayısı',	1445587043,	'2015-10-23 04:57:35',	'2015-10-23 04:57:35',	NULL),
(246,	NULL,	NULL,	'Oda Sayısı',	1445587060,	'2015-10-23 04:57:43',	'2015-10-23 04:57:43',	NULL),
(247,	NULL,	NULL,	'Oda Sayısı',	1445587066,	'2015-10-23 04:57:52',	'2015-10-23 04:57:52',	NULL),
(248,	NULL,	NULL,	'Oda Sayısı',	1445587078,	'2015-10-23 04:58:10',	'2015-10-23 04:58:10',	NULL),
(249,	NULL,	NULL,	'Oda Sayısı',	1445587094,	'2015-10-23 04:58:18',	'2015-10-23 04:58:18',	NULL),
(250,	NULL,	NULL,	'Oda Sayısı',	1445587101,	'2015-10-23 04:58:26',	'2018-01-01 19:17:16',	'2018-01-01 19:17:16'),
(251,	NULL,	NULL,	'Oda Sayısı',	1445587110,	'2015-10-23 04:58:33',	'2015-10-23 04:58:33',	NULL),
(252,	NULL,	NULL,	'Oda Sayısı',	1445587118,	'2015-10-23 04:58:49',	'2015-10-23 04:58:49',	NULL),
(253,	NULL,	NULL,	'Oda Sayısı',	1445587134,	'2015-10-23 04:58:57',	'2015-10-23 04:58:57',	NULL),
(254,	NULL,	NULL,	'Oda Sayısı',	1445587140,	'2015-10-23 04:59:03',	'2015-10-23 04:59:03',	NULL),
(255,	NULL,	NULL,	'Oda Sayısı',	1445587147,	'2015-10-23 04:59:11',	'2015-10-23 04:59:11',	NULL),
(256,	NULL,	NULL,	'Oda Sayısı',	1445587156,	'2015-10-23 04:59:20',	'2015-10-23 04:59:20',	NULL),
(257,	NULL,	NULL,	'Oda Sayısı',	1445587165,	'2015-10-23 04:59:34',	'2015-10-23 04:59:34',	NULL),
(258,	NULL,	NULL,	'Oda Sayısı',	1445587178,	'2015-10-23 04:59:42',	'2015-10-23 04:59:42',	NULL),
(259,	NULL,	NULL,	'Oda Sayısı',	1445587186,	'2015-10-23 04:59:51',	'2015-10-23 04:59:51',	NULL),
(260,	NULL,	NULL,	'Oda Sayısı',	1445587195,	'2015-10-23 04:59:58',	'2015-10-23 04:59:58',	NULL),
(261,	NULL,	NULL,	'Oda Sayısı',	1445587203,	'2015-10-23 05:00:06',	'2015-10-23 05:00:06',	NULL),
(262,	NULL,	NULL,	'Oda Sayısı',	1445587211,	'2015-10-23 05:00:23',	'2015-10-23 05:00:23',	NULL),
(263,	NULL,	NULL,	'Oda Sayısı',	1445587278,	'2015-10-23 05:01:22',	'2015-10-23 05:01:22',	NULL),
(264,	NULL,	NULL,	'Oda Sayısı',	1445587286,	'2015-10-23 05:01:29',	'2015-10-23 05:01:29',	NULL),
(265,	NULL,	NULL,	'Oda Sayısı',	1445587293,	'2015-10-23 05:01:36',	'2015-10-23 05:01:36',	NULL),
(266,	NULL,	NULL,	'Oda Sayısı',	1445587300,	'2015-10-23 05:01:43',	'2015-10-23 05:01:43',	NULL),
(267,	NULL,	NULL,	'Oda Sayısı',	1445587309,	'2015-10-23 05:01:58',	'2015-10-23 05:01:58',	NULL),
(268,	NULL,	NULL,	'Oda Sayısı',	1445587323,	'2015-10-23 05:02:05',	'2015-10-23 05:02:05',	NULL),
(269,	NULL,	NULL,	'Oda Sayısı',	1445587329,	'2015-10-23 05:02:12',	'2015-10-23 05:02:12',	NULL),
(270,	NULL,	NULL,	'Oda Sayısı',	1445587338,	'2015-10-23 05:02:20',	'2015-10-23 05:02:20',	NULL),
(271,	NULL,	NULL,	'Oda Sayısı',	1445587344,	'2015-10-23 05:02:28',	'2015-10-23 05:02:28',	NULL),
(272,	NULL,	NULL,	'Oda Sayısı',	1445587352,	'2015-10-23 05:02:41',	'2015-10-23 05:02:41',	NULL),
(273,	NULL,	NULL,	'Oda Sayısı',	1445587365,	'2015-10-23 05:02:48',	'2015-10-23 05:02:48',	NULL),
(274,	NULL,	NULL,	'Oda Sayısı',	1445587372,	'2015-10-23 05:02:57',	'2015-10-23 05:02:57',	NULL),
(275,	NULL,	NULL,	'Oda Sayısı',	1445587381,	'2015-10-23 05:03:04',	'2015-10-23 05:03:04',	NULL),
(276,	NULL,	NULL,	'Oda Sayısı',	1445587389,	'2015-10-23 05:03:12',	'2015-10-23 05:03:12',	NULL),
(277,	NULL,	NULL,	'Oda Sayısı',	1445587397,	'2015-10-23 05:03:27',	'2015-10-23 05:03:27',	NULL),
(278,	NULL,	NULL,	'Oda Sayısı',	1445587412,	'2015-10-23 05:04:22',	'2015-10-23 05:04:22',	NULL),
(279,	NULL,	NULL,	'Öğrenciye Bekara',	1445588633,	'2015-10-23 05:24:10',	'2015-10-23 05:24:10',	NULL),
(280,	NULL,	NULL,	'Öğrenciye Bekara',	1445588654,	'2015-10-23 05:24:27',	'2015-10-23 05:24:27',	NULL),
(281,	NULL,	NULL,	'Öğrenciye Bekara',	1445588669,	'2015-10-23 05:24:38',	'2015-10-23 05:24:38',	NULL),
(282,	NULL,	NULL,	'Türü',	1487164768,	'2017-02-15 10:19:35',	'2017-04-12 12:14:30',	'2017-04-12 12:14:30'),
(283,	NULL,	NULL,	'Türü',	1514108609,	'2017-12-24 06:43:39',	'2017-12-24 06:43:44',	'2017-12-24 06:43:44'),
(284,	NULL,	NULL,	'Konut Tipi',	1514213779,	'2017-12-25 11:56:37',	'2017-12-25 11:56:37',	NULL),
(285,	NULL,	NULL,	'Dış Özellik',	1514219230,	'2017-12-25 13:27:30',	'2017-12-25 13:27:30',	NULL),
(286,	NULL,	NULL,	'Oda Sayısı',	1514845050,	'2018-01-01 19:17:45',	'2018-01-01 19:17:45',	NULL);

CREATE TABLE `attribut_translations` (
  `id` int(10) unsigned NOT NULL AUTO_INCREMENT,
  `title` varchar(255) COLLATE utf8_unicode_ci DEFAULT NULL,
  `description` varchar(255) COLLATE utf8_unicode_ci DEFAULT NULL,
  `attribut_id` int(10) unsigned NOT NULL,
  `locale_id` int(10) unsigned NOT NULL,
  `created_at` timestamp NOT NULL DEFAULT '0000-00-00 00:00:00',
  `updated_at` timestamp NOT NULL DEFAULT '0000-00-00 00:00:00',
  PRIMARY KEY (`id`),
  UNIQUE KEY `attribut_translations_attribut_id_locale_id_unique` (`attribut_id`,`locale_id`),
  KEY `attribut_translations_attribut_id_index` (`attribut_id`),
  KEY `attribut_translations_locale_id_index` (`locale_id`),
  CONSTRAINT `attribut_translations_attribut_id_foreign` FOREIGN KEY (`attribut_id`) REFERENCES `attributs` (`id`) ON DELETE CASCADE,
  CONSTRAINT `attribut_translations_locale_id_foreign` FOREIGN KEY (`locale_id`) REFERENCES `locales` (`id`) ON DELETE CASCADE
) ENGINE=InnoDB DEFAULT CHARSET=utf8 COLLATE=utf8_unicode_ci;

INSERT INTO `attribut_translations` (`id`, `title`, `description`, `attribut_id`, `locale_id`, `created_at`, `updated_at`) VALUES
(1,	'Ara Kat',	'Ara Kat',	1,	1,	'2015-09-13 07:30:27',	'2015-09-13 07:30:27'),
(3,	'Ara Kat Dubleks',	'Ara Kat Dubleks',	2,	1,	'2015-09-13 07:30:50',	'2015-09-13 07:30:50'),
(5,	'Bahçe Dubleksi',	'Bahçe Dubleksi',	3,	1,	'2015-09-13 07:31:09',	'2015-09-13 07:31:09'),
(7,	'Bahçe Katı',	'Bahçe Katı',	4,	1,	'2015-09-13 07:31:25',	'2015-09-13 07:31:25'),
(9,	'Bahçeli',	'Bahçeli',	5,	1,	'2015-09-13 07:31:39',	'2015-09-13 07:31:39'),
(11,	'Müstakil Girişli',	'Müstakil Girişli',	6,	1,	'2015-09-13 07:31:57',	'2015-09-13 07:31:57'),
(13,	'Tripleks',	'Tripleks',	7,	1,	'2015-09-13 07:32:10',	'2015-09-13 07:32:10'),
(15,	'Çatı Dubleksi',	'Çatı Dubleksi',	8,	1,	'2015-09-13 07:32:20',	'2015-09-13 07:32:20'),
(17,	'Şehir',	'Şehir',	9,	1,	'2015-09-13 07:32:37',	'2017-12-25 12:16:08'),
(19,	'Deniz',	'Deniz',	10,	1,	'2015-09-13 07:32:47',	'2015-09-13 07:32:47'),
(21,	'Doğa',	'Doğa',	11,	1,	'2015-09-13 07:32:58',	'2015-09-13 07:32:58'),
(23,	'Göl',	'Göl',	12,	1,	'2015-09-13 07:33:15',	'2015-09-13 07:33:15'),
(25,	'Anayol',	'Anayol',	13,	1,	'2015-09-13 07:33:41',	'2015-09-13 07:33:41'),
(27,	'Boğaz Köprüleri',	'Boğaz Köprüleri',	14,	1,	'2015-09-13 07:33:55',	'2015-09-13 07:33:55'),
(29,	'Cadde',	'Cadde',	15,	1,	'2015-09-13 07:34:07',	'2015-09-13 07:34:07'),
(31,	'Deniz Otobüsü',	'Deniz Otobüsü',	16,	1,	'2015-09-13 07:34:26',	'2015-09-13 07:34:26'),
(33,	'Dolmuş',	'Dolmuş',	17,	1,	'2015-09-13 07:34:48',	'2015-09-13 07:34:48'),
(35,	'E-5',	'E-5',	18,	1,	'2015-09-13 07:35:02',	'2015-09-13 07:35:02'),
(37,	'Havaalanı',	'Havaalanı',	19,	1,	'2015-09-13 07:35:21',	'2015-09-13 07:35:21'),
(39,	'Marmaray',	'Marmaray',	20,	1,	'2015-09-13 07:35:50',	'2015-09-13 07:35:50'),
(41,	'Metro',	'Metro',	21,	1,	'2015-09-13 07:36:10',	'2015-09-13 07:36:10'),
(43,	'Metrobüs',	'Metrobüs',	22,	1,	'2015-09-13 07:36:29',	'2015-09-13 07:36:29'),
(45,	'Minibüs',	'Minibüs',	23,	1,	'2015-09-13 07:36:42',	'2015-09-13 07:36:42'),
(47,	'Otobüs Durağı',	'Otobüs Durağı',	24,	1,	'2015-09-13 07:37:00',	'2015-09-13 07:37:00'),
(49,	'Sahil',	'Sahil',	25,	1,	'2015-09-13 07:37:16',	'2015-09-13 07:37:16'),
(51,	'TEM',	'TEM',	26,	1,	'2015-09-13 07:37:27',	'2015-09-13 07:37:27'),
(53,	'Tramvay',	'Tramvay',	27,	1,	'2015-09-13 07:37:39',	'2015-09-13 07:37:39'),
(55,	'Tren İstasyonu',	'Tren İstasyonu',	28,	1,	'2015-09-13 07:37:55',	'2015-09-13 07:37:55'),
(57,	'İskele',	'İskele',	29,	1,	'2015-09-13 07:38:08',	'2015-09-13 07:38:08'),
(59,	'Alışveriş Merkezi',	'Alışveriş Merkezi',	30,	1,	'2015-09-13 07:38:32',	'2015-09-13 07:38:32'),
(61,	'Belediye',	'Belediye',	31,	1,	'2015-09-13 07:38:47',	'2015-09-13 07:38:47'),
(63,	'Cami',	'Cami',	32,	1,	'2015-09-13 07:39:02',	'2015-09-13 07:39:02'),
(65,	'Cemevi',	'Cemevi',	33,	1,	'2015-09-13 07:39:16',	'2015-09-13 07:39:16'),
(67,	'Denize Sıfır',	'Denize Sıfır',	34,	1,	'2015-09-13 07:39:31',	'2015-09-13 07:39:31'),
(69,	'Eczane',	'Eczane',	35,	1,	'2015-09-13 07:39:44',	'2015-09-13 07:39:44'),
(71,	'Eğlence Merkezi',	'Eğlence Merkezi',	36,	1,	'2015-09-13 07:39:59',	'2015-09-13 07:39:59'),
(73,	'Fuar',	'Fuar',	37,	1,	'2015-09-13 07:40:12',	'2015-09-13 07:40:12'),
(75,	'Hastane',	'Hastane',	38,	1,	'2015-09-13 07:40:36',	'2015-09-13 07:40:36'),
(77,	'Havra',	'Havra',	39,	1,	'2015-09-13 07:40:51',	'2015-09-13 07:40:51'),
(79,	'Kilise',	'Kilise',	40,	1,	'2015-09-13 07:41:07',	'2015-09-13 07:41:07'),
(81,	'Lise',	'Lise',	41,	1,	'2015-09-13 07:41:19',	'2015-09-13 07:41:19'),
(83,	'Market',	'Market',	42,	1,	'2015-09-13 07:41:33',	'2015-09-13 07:41:33'),
(85,	'Park',	'Park',	43,	1,	'2015-09-13 07:41:47',	'2015-09-13 07:41:47'),
(87,	'Polis Merkezi',	'Polis Merkezi',	44,	1,	'2015-09-13 07:42:03',	'2015-09-13 07:42:03'),
(89,	'Sağlık Ocağı',	'Sağlık Ocağı',	45,	1,	'2015-09-13 07:42:21',	'2015-09-13 07:42:21'),
(91,	'Semt Pazarı',	'Semt Pazarı',	46,	1,	'2015-09-13 07:42:37',	'2015-09-13 07:42:37'),
(93,	'Spor Salonu',	'Spor Salonu',	47,	1,	'2015-09-13 07:42:51',	'2015-09-13 07:42:51'),
(95,	'Üniversite',	'Üniversite',	48,	1,	'2015-09-13 07:43:09',	'2015-09-13 07:43:09'),
(97,	'İlköğretim',	'İlköğretim',	49,	1,	'2015-09-13 07:43:22',	'2015-09-13 07:43:22'),
(99,	'İtfaiye',	'İtfaiye',	50,	1,	'2015-09-13 07:43:36',	'2015-09-13 07:43:36'),
(101,	'Şehir Merkezi',	'Şehir Merkezi',	51,	1,	'2015-09-13 07:43:49',	'2015-09-13 07:43:49'),
(103,	'Asansör',	'Asansör',	52,	1,	'2015-09-13 07:44:11',	'2015-09-13 07:44:11'),
(105,	'Engelliye Uygun',	'Engelliye Uygun',	53,	1,	'2015-09-13 07:44:36',	'2015-09-13 07:44:36'),
(107,	'Güvenlik',	'Güvenlik',	54,	1,	'2015-09-13 07:44:47',	'2015-09-13 07:44:47'),
(109,	'Hidrofor',	'Hidrofor',	55,	1,	'2015-09-13 07:45:00',	'2015-09-13 07:45:00'),
(111,	'Isı Yalıtım',	'Isı Yalıtım',	56,	1,	'2015-09-13 07:45:28',	'2015-09-13 07:45:28'),
(113,	'Jeneratör',	'Jeneratör',	57,	1,	'2015-09-13 07:45:44',	'2015-09-13 07:45:44'),
(115,	'Kablo TV - Uydu',	'Kablo TV - Uydu',	58,	1,	'2015-09-13 07:45:59',	'2015-09-13 07:45:59'),
(117,	'Kapalı Garaj',	'Kapalı Garaj',	59,	1,	'2015-09-13 07:46:13',	'2015-09-13 07:46:13'),
(119,	'Kapıcı',	'Kapıcı',	60,	1,	'2015-09-13 07:46:28',	'2015-09-13 07:46:28'),
(121,	'Kreş',	'Kreş',	61,	1,	'2015-09-13 07:46:40',	'2015-09-13 07:46:40'),
(123,	'Otopark',	'Otopark',	62,	1,	'2015-09-13 07:46:52',	'2015-09-13 07:46:52'),
(125,	'Oyun Parkı',	'Oyun Parkı',	63,	1,	'2015-09-13 07:47:07',	'2015-09-13 07:47:07'),
(127,	'Ses Yalıtımı',	'Ses Yalıtımı',	64,	1,	'2015-09-13 07:47:22',	'2015-09-13 07:47:22'),
(129,	'Siding',	'Siding',	65,	1,	'2015-09-13 07:47:35',	'2015-09-13 07:47:35'),
(131,	'Spor Alanı',	'Spor Alanı',	66,	1,	'2015-09-13 07:47:50',	'2015-09-13 07:47:50'),
(133,	'Su Deposu',	'Su Deposu',	67,	1,	'2015-09-13 07:48:05',	'2015-09-13 07:48:05'),
(135,	'Tenis Kortu',	'Tenis Kortu',	68,	1,	'2015-09-13 07:48:20',	'2015-09-13 07:48:20'),
(137,	'Yangın Merdiveni',	'Yangın Merdiveni',	69,	1,	'2015-09-13 07:48:35',	'2015-09-13 07:48:35'),
(139,	'Yüzme Havuzu (Açık)',	'Yüzme Havuzu (Açık)',	70,	1,	'2015-09-13 07:48:51',	'2015-09-13 07:48:51'),
(141,	'Yüzme Havuzu (Kapalı)',	'Yüzme Havuzu (Kapalı)',	71,	1,	'2015-09-13 07:49:09',	'2015-09-13 07:49:09'),
(143,	'ADSL',	'ADSL',	72,	1,	'2015-09-13 07:49:28',	'2015-09-13 07:49:28'),
(145,	'Ahşap Doğrama',	'Ahşap Doğrama',	73,	1,	'2015-09-13 07:49:41',	'2015-09-13 07:49:41'),
(147,	'Alarm (Hırsız)',	'Alarm (Hırsız)',	74,	1,	'2015-09-13 07:49:54',	'2015-09-13 07:49:54'),
(149,	'Alarm (Yangın)',	'Alarm (Yangın)',	75,	1,	'2015-09-13 07:50:07',	'2015-09-13 07:50:07'),
(151,	'Amerikan Mutfak',	'Amerikan Mutfak',	76,	1,	'2015-09-13 07:50:20',	'2015-09-13 07:50:20'),
(153,	'Ankastre Fırın',	'Ankastre Fırın',	77,	1,	'2015-09-13 07:50:32',	'2015-09-13 07:50:32'),
(155,	'Balkon',	'Balkon',	78,	1,	'2015-09-13 07:50:46',	'2015-09-13 07:50:46'),
(157,	'Barbekü',	'Barbekü',	79,	1,	'2015-09-13 07:51:00',	'2015-09-13 07:51:00'),
(159,	'Beyaz Eşya',	'Beyaz Eşya',	80,	1,	'2015-09-13 07:51:15',	'2015-09-13 07:51:15'),
(161,	'Boyalı',	'Boyalı',	81,	1,	'2015-09-13 07:51:31',	'2015-09-13 07:51:31'),
(163,	'Bulaşık Makinesi',	'Bulaşık Makinesi',	82,	1,	'2015-09-13 07:51:47',	'2015-09-13 07:51:47'),
(165,	'Buzdolabı',	'Buzdolabı',	83,	1,	'2015-09-13 07:52:01',	'2015-09-13 07:52:01'),
(167,	'Duvar Kağıdı',	'Duvar Kağıdı',	84,	1,	'2015-09-13 07:53:00',	'2015-09-13 07:53:00'),
(169,	'Duşakabin',	'Duşakabin',	85,	1,	'2015-09-13 07:53:16',	'2015-09-13 07:53:16'),
(171,	'Ebeveyn Banyosu',	'Ebeveyn Banyosu',	86,	1,	'2015-09-13 07:53:34',	'2015-09-13 07:53:34'),
(173,	'Fiber İnternet',	'Fiber İnternet',	87,	1,	'2015-09-13 07:53:49',	'2015-09-13 07:53:49'),
(175,	'Fırın',	'Fırın',	88,	1,	'2015-09-13 07:54:11',	'2015-09-13 07:54:11'),
(177,	'Giyinme Odası',	'Giyinme Odası',	89,	1,	'2015-09-13 07:54:26',	'2015-09-13 07:54:26'),
(179,	'Gömme Dolap',	'Gömme Dolap',	90,	1,	'2015-09-13 07:54:42',	'2015-09-13 07:54:42'),
(181,	'Görüntülü Diafon',	'Görüntülü Diafon',	91,	1,	'2015-09-13 07:55:01',	'2015-09-13 07:55:01'),
(183,	'Hilton Banyo',	'Hilton Banyo',	92,	1,	'2015-09-13 07:55:20',	'2015-09-13 07:55:20'),
(185,	'Intercom Sistemi',	'Intercom Sistemi',	93,	1,	'2015-09-13 07:55:33',	'2015-09-13 07:55:33'),
(187,	'Isıcam',	'Isıcam',	94,	1,	'2015-09-13 08:33:26',	'2015-09-13 08:33:26'),
(189,	'Jakuzi',	'Jakuzi',	95,	1,	'2015-09-13 08:33:40',	'2015-09-13 08:33:40'),
(191,	'Kartonpiyer',	'Kartonpiyer',	96,	1,	'2015-09-13 08:33:55',	'2015-09-13 08:33:55'),
(193,	'Kiler',	'Kiler',	97,	1,	'2015-09-13 08:34:06',	'2015-09-13 08:34:06'),
(195,	'Klima',	'Klima',	98,	1,	'2015-09-13 08:34:18',	'2015-09-13 08:34:18'),
(197,	'Laminant Zemin',	'Laminant Zemin',	99,	1,	'2015-09-13 08:34:34',	'2015-10-26 07:33:25'),
(199,	'Marley',	'Marley',	100,	1,	'2015-09-13 08:34:50',	'2015-09-13 08:34:50'),
(201,	'Mobilya',	'Mobilya',	101,	1,	'2015-09-13 08:35:02',	'2015-09-13 08:35:02'),
(203,	'Mutfak (Ankastre)',	'Mutfak (Ankastre)',	102,	1,	'2015-09-13 08:35:21',	'2015-09-13 08:35:21'),
(205,	'Mutfak (Laminant)',	'Mutfak (Laminant)',	103,	1,	'2015-09-13 08:35:37',	'2015-10-26 07:35:57'),
(207,	'Mutfak Doğalgazı',	'Mutfak Doğalgazı',	104,	1,	'2015-09-13 08:35:58',	'2015-09-13 08:35:58'),
(209,	'PVC Doğrama',	'PVC Doğrama',	105,	1,	'2015-09-13 08:36:13',	'2015-09-13 08:36:13'),
(211,	'Panjur',	'Panjur',	106,	1,	'2015-09-13 08:36:28',	'2015-09-13 08:36:28'),
(213,	'Parke Zemin',	'Parke Zemin',	107,	1,	'2015-09-13 08:36:43',	'2015-09-13 08:36:43'),
(215,	'Sauna',	'Sauna',	108,	1,	'2015-09-13 08:37:15',	'2015-09-13 08:37:15'),
(217,	'Seramik Zemin',	'Seramik Zemin',	109,	1,	'2015-09-13 08:37:37',	'2015-09-13 08:37:37'),
(219,	'Set Üstü Ocak',	'Set Üstü Ocak',	110,	1,	'2015-09-13 08:37:52',	'2015-09-13 08:37:52'),
(221,	'Spot Aydınlatma',	'Spot Aydınlatma',	111,	1,	'2015-09-13 08:38:13',	'2015-09-13 08:38:13'),
(223,	'Teras',	'Teras',	112,	1,	'2015-09-13 08:38:32',	'2015-09-13 08:38:32'),
(225,	'Wi-Fi',	'Wi-Fi',	113,	1,	'2015-09-13 08:39:25',	'2015-09-13 08:39:25'),
(227,	'Çamaşır Makinesi',	'Çamaşır Makinesi',	114,	1,	'2015-09-13 08:39:40',	'2015-09-13 08:39:40'),
(229,	'Çamaşır Odası',	'Çamaşır Odası',	115,	1,	'2015-09-13 08:40:01',	'2015-09-13 08:40:01'),
(231,	'Çelik Kapı',	'Çelik Kapı',	116,	1,	'2015-09-13 08:40:23',	'2015-09-13 08:40:23'),
(233,	'Şofben',	'Şofben',	117,	1,	'2015-09-13 08:40:39',	'2015-09-13 08:40:39'),
(235,	'Şömine',	'Şömine',	118,	1,	'2015-09-13 08:40:58',	'2015-09-13 08:40:58'),
(237,	'Batı',	'Batı',	119,	1,	'2015-09-13 08:41:19',	'2015-09-13 08:41:19'),
(239,	'Doğu',	'Doğu',	120,	1,	'2015-09-13 08:41:36',	'2015-09-13 08:41:36'),
(241,	'Güney',	'Güney',	121,	1,	'2015-09-13 08:41:49',	'2015-09-13 08:41:49'),
(243,	'Kuzey',	'Kuzey',	122,	1,	'2015-09-13 08:42:04',	'2015-09-13 08:42:04'),
(245,	'Satılık',	'Satılık',	123,	1,	'2015-09-14 19:47:10',	'2015-09-14 19:47:10'),
(247,	'Kiralık',	'Kiralık',	124,	1,	'2015-09-14 19:47:20',	'2015-09-14 19:47:20'),
(249,	'Konut',	'',	125,	1,	'2015-09-14 19:47:58',	'2015-10-06 10:31:18'),
(251,	'İşyeri',	'',	126,	1,	'2015-09-14 19:48:08',	'2015-09-14 19:48:08'),
(253,	'Arsa',	'',	127,	1,	'2015-09-14 19:48:18',	'2015-09-14 19:48:18'),
(255,	'Devremülk',	'',	128,	1,	'2015-09-14 19:48:25',	'2015-09-14 19:48:25'),
(257,	'Turistik İşletme',	'',	129,	1,	'2015-09-14 19:48:39',	'2015-10-24 12:53:25'),
(259,	'Projeler',	'',	130,	1,	'2015-09-14 19:48:56',	'2015-09-14 19:48:56'),
(261,	'Lüks Konut',	'',	131,	1,	'2015-09-14 19:49:13',	'2015-09-14 19:49:13'),
(263,	'Öğrenci Yurtları',	'',	132,	1,	'2015-09-14 19:49:22',	'2015-09-14 19:49:22'),
(265,	'1 Katlı',	'1 Katlı',	133,	1,	'2015-09-14 22:52:25',	'2015-09-14 22:52:25'),
(267,	'2 Katlı',	'2 Katlı',	134,	1,	'2015-09-14 22:52:37',	'2015-09-14 22:52:37'),
(269,	'3 Katlı',	'3 Katlı',	135,	1,	'2015-09-14 22:52:47',	'2015-09-14 22:52:47'),
(271,	'4 Katlı',	'4 Katlı',	136,	1,	'2015-09-14 22:52:55',	'2015-09-14 22:52:55'),
(273,	'5 Katlı',	'5 Katlı',	137,	1,	'2015-09-14 22:53:02',	'2015-09-14 22:53:02'),
(275,	'6 Katlı',	'6 Katlı',	138,	1,	'2015-09-14 22:53:10',	'2015-09-14 22:53:10'),
(277,	'7 Katlı',	'7 Katlı',	139,	1,	'2015-09-14 22:53:18',	'2015-09-14 22:53:18'),
(279,	'8 Katlı ',	'8 Katlı',	140,	1,	'2015-09-14 22:53:27',	'2015-09-14 22:53:27'),
(281,	'9 Katlı',	'9 Katlı',	141,	1,	'2015-09-14 22:53:35',	'2015-09-14 22:53:35'),
(283,	'10 Katlı',	'10 Katlı',	142,	1,	'2015-09-14 22:53:44',	'2015-09-14 22:53:44'),
(285,	'11 Katlı',	'11 Katlı',	143,	1,	'2015-09-14 22:53:52',	'2015-09-14 22:53:52'),
(287,	'12 Katlı',	'12 Katlı',	144,	1,	'2015-09-14 22:53:59',	'2015-09-14 22:53:59'),
(289,	'13 Katlı',	'13 Katlı',	145,	1,	'2015-09-14 22:54:09',	'2015-09-14 22:54:09'),
(291,	'14 Katlı',	'14 Katlı',	146,	1,	'2015-09-14 22:54:17',	'2015-09-14 22:54:17'),
(293,	'15 Katlı',	'15 Katlı',	147,	1,	'2015-09-14 22:54:27',	'2015-09-14 22:54:27'),
(295,	'16 Katlı',	'16 Katlı',	148,	1,	'2015-09-14 22:54:35',	'2015-09-14 22:54:35'),
(297,	'17 Katlı',	'17 Katlı',	149,	1,	'2015-09-14 22:54:44',	'2015-09-14 22:54:44'),
(299,	'18 Katlı',	'18 Katlı',	150,	1,	'2015-09-14 22:54:55',	'2015-09-14 22:54:55'),
(301,	'19 Katlı',	'19 Katlı',	151,	1,	'2015-09-14 22:55:11',	'2015-09-14 22:55:11'),
(303,	'20 Kat ve Üzeri',	'20 Kat ve Üzeri',	152,	1,	'2015-09-14 22:55:31',	'2015-09-14 22:55:31'),
(305,	'1',	'1',	153,	1,	'2015-09-14 22:58:13',	'2015-09-14 22:58:13'),
(307,	'2',	'2',	154,	1,	'2015-09-14 22:58:20',	'2015-09-14 22:58:20'),
(309,	'3',	'3',	155,	1,	'2015-09-14 22:58:26',	'2015-09-14 22:58:26'),
(311,	'4',	'4',	156,	1,	'2015-09-14 22:58:32',	'2015-09-14 22:58:32'),
(313,	'5',	'5',	157,	1,	'2015-09-14 22:58:40',	'2015-09-14 22:58:40'),
(315,	'6',	'6',	158,	1,	'2015-09-14 22:58:46',	'2015-09-14 22:58:46'),
(317,	'7',	'7',	159,	1,	'2015-09-14 22:58:53',	'2015-09-14 22:58:53'),
(319,	'8',	'8',	160,	1,	'2015-09-14 22:59:00',	'2015-09-14 22:59:00'),
(321,	'9',	'9',	161,	1,	'2015-09-14 22:59:06',	'2015-09-14 22:59:06'),
(323,	'10 ve üzeri',	'10 ve üzeri',	162,	1,	'2015-09-14 22:59:17',	'2015-09-14 22:59:17'),
(325,	'Yarı Giriş',	'Yarı Giriş',	163,	1,	'2015-09-14 23:01:41',	'2015-09-14 23:01:41'),
(327,	'Giriş / Zemin',	'Giriş / Zemin',	164,	1,	'2015-09-14 23:02:02',	'2015-09-14 23:02:02'),
(329,	'Yüksek Giriş',	'Yüksek Giriş',	165,	1,	'2015-09-14 23:02:18',	'2015-09-14 23:02:18'),
(331,	'Bahçe Katı',	'Bahçe Katı',	166,	1,	'2015-09-14 23:02:33',	'2015-09-14 23:02:33'),
(333,	'Çatı Katı',	'Çatı Katı',	167,	1,	'2015-09-14 23:02:50',	'2015-09-14 23:02:50'),
(335,	'Çatıda Teraslı',	'Çatıda Teraslı',	168,	1,	'2015-09-14 23:03:11',	'2015-09-14 23:03:11'),
(337,	'Bodrum',	'Bodrum',	169,	1,	'2015-09-14 23:03:26',	'2015-09-14 23:03:26'),
(339,	'1. Kat',	'1. Kat',	170,	1,	'2015-09-14 23:03:50',	'2015-09-14 23:03:50'),
(341,	'2. Kat',	'2. Kat',	171,	1,	'2015-09-14 23:04:06',	'2015-09-14 23:04:06'),
(343,	'3. Kat',	'3. Kat',	172,	1,	'2015-09-14 23:04:15',	'2015-09-14 23:04:15'),
(345,	'4. Kat',	'4. Kat',	173,	1,	'2015-09-14 23:04:23',	'2015-09-14 23:04:23'),
(347,	'5. Kat',	'5. Kat',	174,	1,	'2015-09-14 23:04:31',	'2015-09-14 23:04:31'),
(349,	'6. Kat',	'6. Kat',	175,	1,	'2015-09-14 23:04:39',	'2015-09-14 23:04:39'),
(351,	'7. Kat',	'7. Kat',	176,	1,	'2015-09-14 23:04:50',	'2015-09-14 23:04:50'),
(353,	'8. Kat',	'8. Kat',	177,	1,	'2015-09-14 23:04:59',	'2015-09-14 23:04:59'),
(355,	'9. Kat',	'9. Kat',	178,	1,	'2015-09-14 23:05:09',	'2015-09-14 23:05:09'),
(357,	'10. Kat',	'10. Kat',	179,	1,	'2015-09-14 23:05:19',	'2015-09-14 23:05:19'),
(359,	'11. Kat',	'11. Kat',	180,	1,	'2015-09-14 23:05:49',	'2015-09-14 23:05:49'),
(361,	'12. Kat',	'12. Kat',	181,	1,	'2015-09-14 23:06:00',	'2015-09-14 23:06:00'),
(363,	' 13. Kat',	'13. Kat',	182,	1,	'2015-09-14 23:06:18',	'2015-10-26 06:38:09'),
(365,	'14. Kat',	'14. Kat',	183,	1,	'2015-09-14 23:06:28',	'2015-09-14 23:06:28'),
(367,	'15. Kat',	'15. Kat',	184,	1,	'2015-09-14 23:06:41',	'2015-09-14 23:06:41'),
(369,	'16. Kat',	'16. Kat',	185,	1,	'2015-09-14 23:06:53',	'2015-09-14 23:06:53'),
(371,	'17. Kat',	'17. Kat',	186,	1,	'2015-09-14 23:07:04',	'2015-09-14 23:07:04'),
(373,	'18. Kat',	'18. Kat',	187,	1,	'2015-09-14 23:07:13',	'2015-09-14 23:07:13'),
(375,	'19. Kat',	'19. Kat',	188,	1,	'2015-09-14 23:07:22',	'2015-09-14 23:07:22'),
(377,	'20. Kat Üzeri',	'20. Kat Üzeri',	189,	1,	'2015-09-14 23:07:37',	'2015-09-14 23:07:37'),
(379,	'Stüdyo Tipi',	'Stüdyo Tipi',	190,	1,	'2015-09-14 23:20:07',	'2015-09-14 23:20:07'),
(381,	'1+1',	'1+1',	191,	1,	'2015-09-14 23:20:28',	'2015-09-14 23:20:28'),
(383,	'2+1',	'2+1',	192,	1,	'2015-09-14 23:20:42',	'2015-09-14 23:20:42'),
(385,	'3+1',	'3+1',	193,	1,	'2015-09-14 23:20:55',	'2015-09-14 23:20:55'),
(387,	'4+1',	'4+1',	194,	1,	'2015-09-14 23:21:08',	'2015-09-14 23:21:08'),
(389,	'5+1',	'5+1',	195,	1,	'2015-09-14 23:21:21',	'2015-09-14 23:21:21'),
(391,	'2+2',	'2+2',	196,	1,	'2015-09-14 23:21:38',	'2015-09-14 23:21:38'),
(393,	'3+2',	'3+2',	197,	1,	'2015-09-14 23:21:51',	'2015-09-14 23:21:51'),
(395,	'4+2',	'4+2',	198,	1,	'2015-09-14 23:22:06',	'2015-09-14 23:22:06'),
(397,	'5+2',	'5+2',	199,	1,	'2015-09-14 23:22:17',	'2015-09-14 23:22:17'),
(399,	'6+2',	'6+2',	200,	1,	'2015-09-14 23:22:31',	'2015-09-14 23:22:31'),
(401,	'7+2',	'7+2',	201,	1,	'2015-09-14 23:22:44',	'2015-09-14 23:22:44'),
(403,	'Çok Odalı (8\'den fazla)',	'Çok Odalı (8\'den fazla)',	202,	1,	'2015-09-14 23:23:21',	'2015-09-14 23:23:21'),
(405,	'Fayans',	'Fayans',	203,	1,	'2015-09-14 23:25:24',	'2015-09-14 23:25:24'),
(407,	'Seramik',	'Seramik',	204,	1,	'2015-09-14 23:25:38',	'2015-09-14 23:25:38'),
(409,	'Karo Seramik',	'Karo Seramik',	205,	1,	'2015-09-14 23:25:50',	'2015-09-14 23:25:50'),
(411,	'Bordur Fayans',	'Bordur Fayans',	206,	1,	'2015-09-14 23:26:05',	'2015-09-14 23:26:05'),
(413,	'Mozaik',	'Mozaik',	207,	1,	'2015-09-14 23:26:17',	'2015-09-14 23:26:17'),
(415,	'Granit',	'Granit',	208,	1,	'2015-09-14 23:26:31',	'2015-09-14 23:26:31'),
(417,	'Mermer',	'Mermer',	209,	1,	'2015-09-14 23:26:43',	'2015-09-14 23:26:43'),
(419,	'Beton',	'Beton',	210,	1,	'2015-09-14 23:27:14',	'2015-09-14 23:27:14'),
(421,	'Halıfleks',	'Halıfleks',	211,	1,	'2015-09-14 23:27:37',	'2015-09-14 23:27:37'),
(423,	'Laminant',	'Laminant',	212,	1,	'2015-09-14 23:27:51',	'2015-09-14 23:27:51'),
(425,	'Marley',	'Marley',	213,	1,	'2015-09-14 23:28:06',	'2015-09-14 23:28:06'),
(427,	'Mineflo',	'Mineflo',	214,	1,	'2015-09-14 23:28:24',	'2015-09-14 23:28:24'),
(429,	'Tahta',	'Tahta',	215,	1,	'2015-09-14 23:28:33',	'2015-09-14 23:28:33'),
(431,	'Parke',	'Parke',	216,	1,	'2015-09-14 23:28:43',	'2015-09-14 23:28:43'),
(433,	'Meşe Parke',	'Meşe Parke',	217,	1,	'2015-09-14 23:29:01',	'2015-09-14 23:29:01'),
(435,	'Amerikan Parke',	'Amerikan Parke',	218,	1,	'2015-09-14 23:29:14',	'2015-09-14 23:29:14'),
(437,	'İtalyan Parke',	'İtalyan Parke',	219,	1,	'2015-09-14 23:29:28',	'2015-09-14 23:29:28'),
(439,	'Klima',	'Klima',	220,	1,	'2015-09-14 23:29:51',	'2015-09-14 23:29:51'),
(441,	'Kombi',	'Kombi',	221,	1,	'2015-09-14 23:30:02',	'2015-09-14 23:30:02'),
(443,	'Yerden Isıtma',	'Yerden Isıtma',	222,	1,	'2015-09-14 23:30:21',	'2015-09-14 23:30:21'),
(445,	'Dogalgaz Kapıda',	'Dogalgaz Kapıda',	223,	1,	'2015-09-14 23:30:47',	'2015-09-14 23:30:47'),
(447,	'Dogalgaz Soba',	'Dogalgaz Soba',	224,	1,	'2015-09-14 23:31:05',	'2015-09-14 23:31:05'),
(449,	'Merkezi Dogalgaz',	'Merkezi Dogalgaz',	225,	1,	'2015-09-14 23:31:23',	'2015-09-14 23:31:23'),
(451,	'Merkezi Kömür',	'Merkezi Kömür',	226,	1,	'2015-09-14 23:31:34',	'2015-09-14 23:31:34'),
(453,	'Merkezi Fueloil',	'Merkezi Fueloil',	227,	1,	'2015-09-14 23:31:47',	'2015-09-14 23:31:47'),
(455,	'Güneş Enerjisi',	'Güneş Enerjisi',	228,	1,	'2015-09-14 23:32:07',	'2015-09-14 23:32:07'),
(457,	'Soba',	'Soba',	229,	1,	'2015-09-14 23:32:20',	'2015-09-14 23:32:20'),
(459,	'Günlük Kiralık',	'',	230,	1,	'2015-10-06 10:33:01',	'2015-10-06 10:33:01'),
(461,	'Devren',	'Devren',	231,	1,	'2015-10-23 04:38:34',	'2015-10-23 04:39:05'),
(463,	'Arsa',	'Arsa',	232,	1,	'2015-10-23 04:51:18',	'2015-10-23 04:51:18'),
(465,	'Kat İrtifakı',	'Kat İrtifakı',	233,	1,	'2015-10-23 04:51:48',	'2015-10-23 04:51:48'),
(467,	'Kat Mülkiyeti',	'Kat Mülkiyeti',	234,	1,	'2015-10-23 04:52:03',	'2015-10-23 04:52:03'),
(469,	'Boş',	'Boş',	235,	1,	'2015-10-23 04:52:34',	'2015-10-23 04:52:34'),
(471,	'Kiracı Oturuyor',	'Kiracı Oturuyor',	236,	1,	'2015-10-23 04:52:51',	'2015-10-23 04:52:51'),
(473,	'Ev Sahibi Oturuyor',	'Ev Sahibi Oturuyor',	237,	1,	'2015-10-23 04:53:07',	'2015-10-23 04:53:07'),
(475,	'Belirtilmemiş',	'Belirtilmemiş',	238,	1,	'2015-10-23 04:53:28',	'2015-10-23 04:53:28'),
(477,	'Güneş Enerjisi',	'Güneş Enerjisi',	239,	1,	'2015-10-23 04:54:09',	'2015-10-23 04:54:09'),
(479,	'Kat Kaloriferi',	'Kat Kaloriferi',	240,	1,	'2015-10-23 04:54:35',	'2015-10-23 04:54:35'),
(481,	'Merkezi (Pay Ölçer)',	'Merkezi (Pay Ölçer)',	241,	1,	'2015-10-23 04:55:08',	'2015-10-23 04:55:08'),
(483,	'Jeotermal Isıtma',	'Jeotermal Isıtma',	242,	1,	'2015-10-23 04:55:31',	'2015-10-23 04:55:31'),
(485,	'Yok',	'Yok',	243,	1,	'2015-10-23 04:55:42',	'2015-10-23 04:55:42'),
(487,	'1',	'1',	244,	1,	'2015-10-23 04:57:11',	'2015-10-23 04:57:11'),
(489,	'1+1 ve Üzeri',	'1+1 ve Üzeri',	245,	1,	'2015-10-23 04:57:36',	'2015-10-23 04:57:36'),
(491,	'2',	'2',	246,	1,	'2015-10-23 04:57:43',	'2015-10-23 04:57:43'),
(493,	'2+1',	'2+1',	247,	1,	'2015-10-23 04:57:52',	'2015-10-23 04:57:52'),
(495,	'2+2 ve Üzeri',	'2+2 ve Üzeri',	248,	1,	'2015-10-23 04:58:10',	'2015-10-23 04:58:10'),
(497,	'3',	'3',	249,	1,	'2015-10-23 04:58:18',	'2015-10-23 04:58:18'),
(499,	'3+1',	'3+1',	250,	1,	'2015-10-23 04:58:26',	'2015-10-23 04:58:26'),
(501,	'3+2',	'3+2',	251,	1,	'2015-10-23 04:58:33',	'2015-10-23 04:58:33'),
(503,	'3+3 ve Üzeri',	'3+3 ve Üzeri',	252,	1,	'2015-10-23 04:58:49',	'2015-10-23 04:58:49'),
(505,	'4',	'4',	253,	1,	'2015-10-23 04:58:57',	'2015-10-23 04:58:57'),
(507,	'4+1',	'4+1',	254,	1,	'2015-10-23 04:59:03',	'2015-10-23 04:59:03'),
(509,	'4+2',	'4+2',	255,	1,	'2015-10-23 04:59:11',	'2015-10-23 04:59:11'),
(511,	'4+3',	'4+3',	256,	1,	'2015-10-23 04:59:20',	'2015-10-23 04:59:20'),
(513,	'4+4 ve Üzeri',	'4+4 ve Üzeri',	257,	1,	'2015-10-23 04:59:34',	'2015-10-23 04:59:34'),
(515,	'5',	'5',	258,	1,	'2015-10-23 04:59:42',	'2015-10-23 04:59:42'),
(517,	'5+1',	'5+1',	259,	1,	'2015-10-23 04:59:51',	'2015-10-23 04:59:51'),
(519,	'5+2',	'5+2',	260,	1,	'2015-10-23 04:59:58',	'2015-10-23 04:59:58'),
(521,	'5+3',	'5+3',	261,	1,	'2015-10-23 05:00:06',	'2015-10-23 05:00:06'),
(523,	'5+4 ve Üzeri',	'5+4 ve Üzeri',	262,	1,	'2015-10-23 05:00:23',	'2015-10-23 05:00:23'),
(525,	'6',	'6',	263,	1,	'2015-10-23 05:01:22',	'2015-10-23 05:01:22'),
(527,	'6+1',	'6+1',	264,	1,	'2015-10-23 05:01:29',	'2015-10-23 05:01:29'),
(529,	'6+2',	'6+2',	265,	1,	'2015-10-23 05:01:36',	'2015-10-23 05:01:36'),
(531,	'6+3',	'6+3',	266,	1,	'2015-10-23 05:01:43',	'2015-10-23 05:01:43'),
(533,	'6+4 ve Üzeri',	'6+4 ve Üzeri',	267,	1,	'2015-10-23 05:01:58',	'2015-10-23 05:01:58'),
(535,	'7',	'7',	268,	1,	'2015-10-23 05:02:05',	'2015-10-23 05:02:05'),
(537,	'7+1',	'7+1',	269,	1,	'2015-10-23 05:02:12',	'2015-10-23 05:02:12'),
(539,	'7+2',	'7+2',	270,	1,	'2015-10-23 05:02:21',	'2015-10-23 05:02:21'),
(541,	'7+3',	'7+3',	271,	1,	'2015-10-23 05:02:28',	'2015-10-23 05:02:28'),
(543,	'7+4 ve Üzeri',	'7+4 ve Üzeri',	272,	1,	'2015-10-23 05:02:41',	'2015-10-23 05:02:41'),
(545,	'8',	'8',	273,	1,	'2015-10-23 05:02:48',	'2015-10-23 05:02:48'),
(547,	'8+1',	'8+1',	274,	1,	'2015-10-23 05:02:57',	'2015-10-23 05:02:57'),
(549,	'8+2',	'8+2',	275,	1,	'2015-10-23 05:03:04',	'2015-10-23 05:03:04'),
(551,	'8+3',	'8+3',	276,	1,	'2015-10-23 05:03:12',	'2015-10-23 05:03:12'),
(553,	'8+4 ve Üzeri',	'8+4 ve Üzeri',	277,	1,	'2015-10-23 05:03:27',	'2015-10-23 05:03:27'),
(555,	'9 ve Üzeri',	'9 ve Üzeri',	278,	1,	'2015-10-23 05:04:22',	'2015-10-23 05:04:22'),
(557,	'Bekara',	'Bekara',	279,	1,	'2015-10-23 05:24:10',	'2015-10-23 05:24:10'),
(559,	'Öğrenciye',	'Öğrenciye',	280,	1,	'2015-10-23 05:24:27',	'2015-10-23 05:24:27'),
(561,	'Aileye',	'Aileye',	281,	1,	'2015-10-23 05:24:38',	'2015-10-23 05:24:38'),
(562,	'For sale',	'',	123,	2,	'2016-09-18 23:17:44',	'2016-09-18 23:17:44'),
(565,	'The circuit',	'',	231,	2,	'2016-09-18 23:18:26',	'2016-09-18 23:18:26'),
(568,	'For rent',	'',	124,	2,	'2016-09-18 23:18:52',	'2016-09-18 23:18:52'),
(571,	'Daily rent',	'',	230,	2,	'2016-09-18 23:20:07',	'2016-09-18 23:20:07'),
(574,	'Dormitories',	'',	132,	2,	'2016-09-18 23:21:07',	'2016-09-18 23:21:07'),
(577,	'Luxury Residential',	'',	131,	2,	'2016-09-18 23:21:40',	'2016-09-18 23:21:40'),
(580,	'Projects',	'',	130,	2,	'2016-09-18 23:22:05',	'2016-09-18 23:22:05'),
(583,	'Resorts',	'',	129,	2,	'2016-09-18 23:22:34',	'2016-09-18 23:22:34'),
(586,	'Timeshares',	'',	128,	2,	'2016-09-18 23:23:00',	'2016-09-18 23:23:00'),
(589,	'Land',	'',	127,	2,	'2016-09-18 23:23:23',	'2016-09-18 23:23:23'),
(592,	'Workplace',	'',	126,	2,	'2016-09-18 23:23:44',	'2016-09-18 23:23:44'),
(595,	'Housing',	'',	125,	2,	'2016-09-18 23:25:47',	'2016-09-18 23:25:47'),
(598,	'No',	'',	243,	2,	'2016-09-18 23:26:58',	'2016-09-18 23:26:58'),
(601,	'Geothermal Heating',	'',	242,	2,	'2016-09-18 23:27:25',	'2016-09-18 23:27:25'),
(604,	'Center (Share Meter)',	'',	241,	2,	'2016-09-18 23:28:04',	'2016-09-18 23:28:04'),
(607,	'Floor Heating',	'',	240,	2,	'2016-09-18 23:29:31',	'2016-09-18 23:29:31'),
(610,	'Stove',	'',	229,	2,	'2016-09-18 23:29:57',	'2016-09-18 23:29:57'),
(613,	'Solar energy',	'',	228,	2,	'2016-09-18 23:30:24',	'2016-09-18 23:30:24'),
(616,	'central Fuel-Oil',	'',	227,	2,	'2016-09-18 23:30:49',	'2016-09-18 23:30:49'),
(619,	'central Coal',	'',	226,	2,	'2016-09-18 23:31:13',	'2016-09-18 23:31:13'),
(622,	'central Natural Gas',	'',	225,	2,	'2016-09-18 23:33:02',	'2016-09-18 23:33:02'),
(625,	'Natural Gas Stove',	'',	224,	2,	'2016-09-18 23:33:36',	'2016-09-18 23:33:36'),
(628,	'Underfloor Heating',	'',	222,	2,	'2016-09-18 23:33:59',	'2016-09-18 23:33:59'),
(631,	'Combi',	'',	221,	2,	'2016-09-18 23:35:33',	'2016-09-18 23:35:33'),
(634,	'Air conditioning',	'',	220,	2,	'2016-09-18 23:35:58',	'2016-09-18 23:35:58'),
(637,	'Italian Parker',	'',	219,	2,	'2016-09-18 23:38:43',	'2016-09-18 23:38:43'),
(640,	'American Parker',	'',	218,	2,	'2016-09-18 23:40:01',	'2016-09-18 23:40:01'),
(643,	'oak Flooring',	'',	217,	2,	'2016-09-18 23:41:40',	'2016-09-18 23:41:40'),
(646,	'Parquet',	'',	216,	2,	'2016-09-18 23:42:37',	'2016-09-18 23:42:37'),
(649,	'Board',	'',	215,	2,	'2016-09-18 23:43:01',	'2016-09-18 23:43:01'),
(652,	'Mineflo',	'',	214,	2,	'2016-09-18 23:47:40',	'2016-09-18 23:47:40'),
(655,	'Marley',	'',	213,	2,	'2016-09-18 23:48:13',	'2016-09-18 23:48:13'),
(658,	'Laminated',	'',	212,	2,	'2016-09-18 23:48:39',	'2016-09-18 23:48:40'),
(661,	'Carpeting',	'',	211,	2,	'2016-09-19 01:16:57',	'2016-09-19 01:16:57'),
(664,	'Concrete',	'',	210,	2,	'2016-09-19 01:17:19',	'2016-09-19 01:17:19'),
(667,	'Marble',	'',	209,	2,	'2016-09-19 01:17:54',	'2016-09-19 01:17:54'),
(670,	'Granite',	'',	208,	2,	'2016-09-19 01:18:22',	'2016-09-19 01:18:22'),
(673,	'Mosaic',	'',	207,	2,	'2016-09-19 01:18:48',	'2016-09-19 01:18:48'),
(676,	'Border Tiles',	'',	206,	2,	'2016-09-19 01:19:10',	'2016-09-19 01:19:10'),
(679,	'tiles',	'',	205,	2,	'2016-09-19 01:19:38',	'2016-09-19 01:19:38'),
(682,	'Ceramic',	'',	204,	2,	'2016-09-19 01:20:03',	'2016-09-19 01:20:03'),
(685,	'Tile',	'',	203,	2,	'2016-09-19 01:20:26',	'2016-09-19 01:20:26'),
(688,	'tarla',	'',	282,	1,	'2017-02-15 10:19:35',	'2017-02-15 10:19:35'),
(689,	'',	'',	282,	2,	'2017-02-15 10:19:35',	'2017-02-15 10:19:35'),
(692,	'3 + 3 and Over',	'',	252,	2,	'2017-04-14 09:50:16',	'2017-04-14 09:50:16'),
(693,	'3+2',	'',	251,	2,	'2017-04-14 09:50:26',	'2017-04-14 09:50:26'),
(694,	'3+1',	'',	250,	2,	'2017-04-14 09:50:35',	'2017-04-14 09:50:35'),
(695,	'3',	'',	249,	2,	'2017-04-14 09:50:43',	'2017-04-14 09:50:43'),
(696,	'2 + 2 and Over',	'',	248,	2,	'2017-04-14 09:51:03',	'2017-04-14 09:51:03'),
(697,	'2+1',	'',	247,	2,	'2017-04-14 09:51:09',	'2017-04-14 09:51:09'),
(698,	'2',	'',	246,	2,	'2017-04-14 09:51:16',	'2017-04-14 09:51:16'),
(699,	'1 + 1 and Over',	'',	245,	2,	'2017-04-14 09:51:31',	'2017-04-14 09:51:31'),
(700,	'1',	'',	244,	2,	'2017-04-14 09:51:40',	'2017-04-14 09:51:40'),
(701,	'Studio Type',	'',	190,	2,	'2017-04-14 09:51:54',	'2017-04-14 09:51:54'),
(702,	'9 and Üer',	'',	278,	2,	'2017-04-14 09:53:31',	'2017-04-14 09:53:31'),
(703,	'8 + 4 and Over',	'',	277,	2,	'2017-04-14 09:53:47',	'2017-04-14 09:53:47'),
(704,	'8+3',	'',	276,	2,	'2017-04-14 09:53:54',	'2017-04-14 09:53:54'),
(705,	'8+2',	'',	275,	2,	'2017-04-14 09:54:06',	'2017-04-14 09:54:06'),
(706,	'8+1',	'',	274,	2,	'2017-04-14 09:54:16',	'2017-04-14 09:54:16'),
(707,	'8',	'',	273,	2,	'2017-04-14 09:54:25',	'2017-04-14 09:54:25'),
(708,	'7 + 4 and Over',	'',	272,	2,	'2017-04-14 09:54:47',	'2017-04-14 09:54:47'),
(709,	'7+3',	'',	271,	2,	'2017-04-14 09:54:56',	'2017-04-14 09:54:56'),
(710,	'7+2',	'',	270,	2,	'2017-04-14 09:55:06',	'2017-04-14 09:55:06'),
(711,	'7+1',	'',	269,	2,	'2017-04-14 09:55:17',	'2017-04-14 09:55:17'),
(712,	'7',	'',	268,	2,	'2017-04-14 09:55:27',	'2017-04-14 09:55:27'),
(713,	'6 + 4 and Üer',	'',	267,	2,	'2017-04-14 09:55:45',	'2017-04-14 09:55:45'),
(714,	'6+3',	'',	266,	2,	'2017-04-14 09:55:54',	'2017-04-14 09:55:54'),
(715,	'6+2',	'',	265,	2,	'2017-04-14 09:56:02',	'2017-04-14 09:56:02'),
(716,	'6+1',	'',	264,	2,	'2017-04-14 09:56:10',	'2017-04-14 09:56:10'),
(717,	'6',	'',	263,	2,	'2017-04-14 09:56:18',	'2017-04-14 09:56:18'),
(718,	'5 + 4 and Over',	'',	262,	2,	'2017-04-14 09:56:31',	'2017-04-14 09:56:31'),
(719,	'5+3',	'',	261,	2,	'2017-04-14 09:56:38',	'2017-04-14 09:56:38'),
(720,	'5+2',	'',	260,	2,	'2017-04-14 09:56:47',	'2017-04-14 09:56:47'),
(721,	'5+1',	'',	259,	2,	'2017-04-14 09:56:58',	'2017-04-14 09:56:58'),
(722,	'5',	'',	258,	2,	'2017-04-14 09:57:12',	'2017-04-14 09:57:12'),
(723,	'4 + 4 and Over',	'',	257,	2,	'2017-04-14 09:57:26',	'2017-04-14 09:57:26'),
(724,	'4+3',	'',	256,	2,	'2017-04-14 09:57:35',	'2017-04-14 09:57:35'),
(725,	'4+2',	'',	255,	2,	'2017-04-14 09:57:43',	'2017-04-14 09:57:43'),
(726,	'4+1',	'',	254,	2,	'2017-04-14 09:57:52',	'2017-04-14 09:57:52'),
(727,	'4',	'',	253,	2,	'2017-04-14 09:58:01',	'2017-04-14 09:58:02'),
(728,	'Condominium',	'',	234,	2,	'2017-04-14 09:59:08',	'2017-04-14 09:59:08'),
(729,	'Floor Alignment',	'',	233,	2,	'2017-04-14 09:59:56',	'2017-04-14 09:59:56'),
(730,	'Land',	'',	232,	2,	'2017-04-14 10:03:20',	'2017-04-14 10:03:20'),
(731,	'Family',	'',	281,	2,	'2017-04-14 10:04:10',	'2017-04-14 10:04:10'),
(732,	'Öğrenciye',	'',	280,	2,	'2017-04-14 10:04:19',	'2017-04-14 10:04:19'),
(733,	'Bekara',	'',	279,	2,	'2017-04-14 10:04:35',	'2017-04-14 10:04:35'),
(734,	'Unspecified',	'',	238,	2,	'2017-04-14 10:04:48',	'2017-04-14 10:04:48'),
(735,	'Home Staying',	'',	237,	2,	'2017-04-14 10:05:01',	'2017-04-14 10:05:02'),
(736,	'Tenant is sitting',	'',	236,	2,	'2017-04-14 10:05:16',	'2017-04-14 10:05:16'),
(737,	'Null',	'',	235,	2,	'2017-04-14 10:05:33',	'2017-04-14 10:05:33'),
(738,	'North',	'North',	122,	2,	'2017-04-14 10:08:32',	'2017-04-14 10:08:32'),
(739,	'South',	'',	121,	2,	'2017-04-14 10:09:19',	'2017-04-14 10:09:19'),
(740,	'East',	'',	120,	2,	'2017-04-14 10:09:32',	'2017-04-14 10:09:32'),
(741,	'West',	'',	119,	2,	'2017-04-14 10:09:44',	'2017-04-14 10:09:44'),
(742,	'Lake',	'',	12,	2,	'2017-04-14 10:09:59',	'2017-04-14 10:09:59'),
(743,	'Nature',	'',	11,	2,	'2017-04-14 10:10:24',	'2017-04-14 10:10:24'),
(744,	'Sea',	'',	10,	2,	'2017-04-14 10:10:37',	'2017-04-14 10:10:37'),
(745,	'Throat',	'',	9,	2,	'2017-04-14 10:10:51',	'2017-04-14 10:10:51'),
(746,	'Roof Duplex',	'',	8,	2,	'2017-04-14 10:11:42',	'2017-04-14 10:11:42'),
(747,	'Tripleks',	'',	7,	2,	'2017-04-14 10:11:55',	'2017-04-14 10:11:55'),
(748,	'Private Entry',	'',	6,	2,	'2017-04-14 10:12:09',	'2017-04-14 10:12:09'),
(749,	'Garden',	'',	5,	2,	'2017-04-14 10:12:27',	'2017-04-14 10:12:27'),
(750,	'Garden Floor',	'',	4,	2,	'2017-04-14 10:12:41',	'2017-04-14 10:12:41'),
(751,	'Garden Duplex',	'',	3,	2,	'2017-04-14 10:12:55',	'2017-04-14 10:12:55'),
(752,	'Floor Duplex',	'',	2,	2,	'2017-04-14 10:13:07',	'2017-04-14 10:13:07'),
(753,	'Mezzanine',	'',	1,	2,	'2017-04-14 10:13:22',	'2017-04-14 10:13:22'),
(754,	'Scaffolding',	'',	29,	2,	'2017-04-14 10:15:56',	'2017-04-14 10:15:56'),
(755,	'Railway station',	'',	28,	2,	'2017-04-14 10:16:08',	'2017-04-14 10:16:08'),
(756,	'Tram',	'',	27,	2,	'2017-04-14 10:16:25',	'2017-04-14 10:16:25'),
(757,	'TEM',	'',	26,	2,	'2017-04-14 10:16:39',	'2017-04-14 10:16:39'),
(758,	'Beach',	'',	25,	2,	'2017-04-14 10:16:52',	'2017-04-14 10:16:52'),
(759,	'Bus stop',	'',	24,	2,	'2017-04-14 10:17:08',	'2017-04-14 10:17:08'),
(760,	'Minibus',	'',	23,	2,	'2017-04-14 10:17:22',	'2017-04-14 10:17:22'),
(761,	'Metrobüs',	'',	22,	2,	'2017-04-14 10:17:41',	'2017-04-14 10:17:41'),
(762,	'Metro',	'',	21,	2,	'2017-04-14 10:17:48',	'2017-04-14 10:17:48'),
(763,	'Marmaray',	'',	20,	2,	'2017-04-14 10:18:00',	'2017-04-14 10:18:00'),
(764,	'Airport',	'',	19,	2,	'2017-04-14 10:18:17',	'2017-04-14 10:18:17'),
(765,	'E-5',	'',	18,	2,	'2017-04-14 10:18:23',	'2017-04-14 10:18:23'),
(766,	'Sea bus',	'',	16,	2,	'2017-04-14 10:18:41',	'2017-04-14 10:18:41'),
(767,	'Filled',	'',	17,	2,	'2017-04-14 10:18:56',	'2017-04-14 10:18:56'),
(768,	'Street',	'',	15,	2,	'2017-04-14 10:19:09',	'2017-04-14 10:19:09'),
(769,	'Bosphorus Bridges',	'',	14,	2,	'2017-04-14 10:19:22',	'2017-04-14 10:19:22'),
(770,	'Highway',	'',	13,	2,	'2017-04-14 10:19:37',	'2017-04-14 10:19:37'),
(771,	'Town center',	'',	51,	2,	'2017-04-14 10:22:11',	'2017-04-14 10:22:11'),
(772,	'Fire Department',	'',	50,	2,	'2017-04-14 10:22:26',	'2017-04-14 10:22:26'),
(773,	'Primary education',	'',	49,	2,	'2017-04-14 10:22:41',	'2017-04-14 10:22:41'),
(774,	'University',	'',	48,	2,	'2017-04-14 10:22:57',	'2017-04-14 10:22:57'),
(775,	'Gym',	'',	47,	2,	'2017-04-14 10:23:14',	'2017-04-14 10:23:14'),
(776,	'District Market',	'',	46,	2,	'2017-04-14 10:23:29',	'2017-04-14 10:23:29'),
(777,	'The health clinic',	'',	45,	2,	'2017-04-14 10:23:44',	'2017-04-14 10:23:44'),
(778,	'Police station',	'',	44,	2,	'2017-04-14 10:24:00',	'2017-04-14 10:24:00'),
(779,	'Park',	'',	43,	2,	'2017-04-14 10:24:14',	'2017-04-14 10:24:14'),
(780,	'Market',	'',	42,	2,	'2017-04-14 10:25:13',	'2017-04-14 10:25:13'),
(781,	'High school',	'',	41,	2,	'2017-04-14 10:25:28',	'2017-04-14 10:25:28'),
(782,	'The church',	'',	40,	2,	'2017-04-14 10:25:42',	'2017-04-14 10:25:42'),
(783,	'Synagogue',	'',	39,	2,	'2017-04-14 10:25:58',	'2017-04-14 10:25:58'),
(784,	'Hospital',	'',	38,	2,	'2017-04-14 10:26:15',	'2017-04-14 10:26:15'),
(785,	'Fair',	'',	37,	2,	'2017-04-14 10:26:29',	'2017-04-14 10:26:29'),
(786,	'Amusement center',	'',	36,	2,	'2017-04-14 10:26:46',	'2017-04-14 10:26:46'),
(787,	'Pharmacy',	'',	35,	2,	'2017-04-14 10:27:02',	'2017-04-14 10:27:02'),
(788,	'Next to sea shore',	'',	34,	2,	'2017-04-14 10:27:18',	'2017-04-14 10:27:18'),
(789,	'Cemevi',	'',	33,	2,	'2017-04-14 10:28:25',	'2017-04-14 10:28:25'),
(790,	'Mosque',	'',	32,	2,	'2017-04-14 10:28:42',	'2017-04-14 10:28:42'),
(791,	'municipality',	'',	31,	2,	'2017-04-14 10:28:56',	'2017-04-14 10:28:56'),
(792,	'The mall',	'',	30,	2,	'2017-04-14 10:29:20',	'2017-04-14 10:29:20'),
(793,	'10 and over',	'',	162,	2,	'2017-04-14 10:33:32',	'2017-04-14 10:33:32'),
(794,	'9',	'',	161,	2,	'2017-04-14 10:33:46',	'2017-04-14 10:33:46'),
(795,	'8',	'',	160,	2,	'2017-04-14 10:33:51',	'2017-04-14 10:33:51'),
(796,	'7',	'',	159,	2,	'2017-04-14 10:33:56',	'2017-04-14 10:33:56'),
(797,	'6',	'',	158,	2,	'2017-04-14 10:34:00',	'2017-04-14 10:34:00'),
(798,	'5',	'',	157,	2,	'2017-04-14 10:34:04',	'2017-04-14 10:34:04'),
(799,	'4',	'',	156,	2,	'2017-04-14 10:34:14',	'2017-04-14 10:34:14'),
(800,	'3',	'',	155,	2,	'2017-04-14 10:34:20',	'2017-04-14 10:34:20'),
(801,	'2',	'',	154,	2,	'2017-04-14 10:34:28',	'2017-04-14 10:34:28'),
(802,	'1',	'',	153,	2,	'2017-04-14 10:34:36',	'2017-04-14 10:34:36'),
(803,	'On the 20th Floor',	'',	189,	2,	'2017-04-14 10:36:46',	'2017-04-14 10:36:46'),
(804,	'19th Floor',	'',	188,	2,	'2017-04-14 10:37:07',	'2017-04-14 10:37:07'),
(805,	'18th Floor',	'',	187,	2,	'2017-04-14 10:37:39',	'2017-04-14 10:37:39'),
(806,	'17th Floor',	'',	186,	2,	'2017-04-14 10:37:52',	'2017-04-14 10:37:52'),
(807,	'Floor 16',	'',	185,	2,	'2017-04-14 10:38:08',	'2017-04-14 10:38:08'),
(808,	'15th Floor',	'',	184,	2,	'2017-04-14 10:38:23',	'2017-04-14 10:38:23'),
(809,	'Floor 14',	'',	183,	2,	'2017-04-14 10:38:39',	'2017-04-14 10:38:39'),
(810,	'Floor 13',	'',	182,	2,	'2017-04-14 10:39:03',	'2017-04-14 10:39:03'),
(811,	'Floor 12',	'',	181,	2,	'2017-04-14 10:41:44',	'2017-04-14 10:41:44'),
(812,	'Floor 11',	'',	180,	2,	'2017-04-14 10:41:59',	'2017-04-14 10:41:59'),
(813,	'Floor 10',	'',	179,	2,	'2017-04-14 10:42:25',	'2017-04-14 10:42:25'),
(814,	'Floor 9',	'',	178,	2,	'2017-04-14 10:42:43',	'2017-04-14 10:42:43'),
(815,	'Floor 8',	'',	177,	2,	'2017-04-14 10:43:13',	'2017-04-14 10:43:13'),
(816,	'Floor 7',	'',	176,	2,	'2017-04-14 10:43:26',	'2017-04-14 10:43:26'),
(817,	'Floor 6',	'',	175,	2,	'2017-04-14 10:43:41',	'2017-04-14 10:43:41'),
(818,	'5th floor',	'',	174,	2,	'2017-04-14 10:43:54',	'2017-04-14 10:43:54'),
(819,	'4th floor',	'',	173,	2,	'2017-04-14 10:44:07',	'2017-04-14 10:44:07'),
(820,	'3 floor',	'',	172,	2,	'2017-04-14 10:47:16',	'2017-04-14 10:47:16'),
(821,	'2nd Floor',	'',	171,	2,	'2017-04-14 10:47:32',	'2017-04-14 10:47:32'),
(822,	'1st Floor',	'',	170,	2,	'2017-04-14 10:47:46',	'2017-04-14 10:47:46'),
(823,	'Basement',	'',	169,	2,	'2017-04-14 10:47:59',	'2017-04-14 10:47:59'),
(824,	'Rooftop Terrace',	'',	168,	2,	'2017-04-14 10:48:12',	'2017-04-14 10:48:12'),
(825,	'Penthouse',	'',	167,	2,	'2017-04-14 10:48:25',	'2017-04-14 10:48:25'),
(826,	'Bahçe Katı',	'',	166,	2,	'2017-04-14 10:48:34',	'2017-04-14 10:48:34'),
(827,	'high entrance',	'',	165,	2,	'2017-04-14 10:48:47',	'2017-04-14 10:48:47'),
(828,	'Introduction / Ground',	'',	164,	2,	'2017-04-14 10:49:01',	'2017-04-14 10:49:01'),
(829,	'Semi Introduction',	'',	163,	2,	'2017-04-14 10:49:17',	'2017-04-14 10:49:17'),
(830,	'20th Floor and Over',	'',	152,	2,	'2017-04-14 11:06:34',	'2017-04-14 11:06:34'),
(831,	'19 Floors',	'',	151,	2,	'2017-04-14 11:06:47',	'2017-04-14 11:06:47'),
(832,	'18 Floors',	'',	150,	2,	'2017-04-14 11:07:09',	'2017-04-14 11:07:09'),
(833,	'17 Floors',	'',	149,	2,	'2017-04-14 11:07:16',	'2017-04-14 11:07:16'),
(834,	'16 Floors',	'',	148,	2,	'2017-04-14 11:07:28',	'2017-04-14 11:07:28'),
(835,	'15 Floors',	'',	147,	2,	'2017-04-14 11:07:36',	'2017-04-14 11:07:36'),
(836,	'14 Floors',	'',	146,	2,	'2017-04-14 11:07:45',	'2017-04-14 11:07:45'),
(837,	'13 Floors',	'',	145,	2,	'2017-04-14 11:07:52',	'2017-04-14 11:07:52'),
(838,	'12 Floors',	'',	144,	2,	'2017-04-14 11:07:57',	'2017-04-14 11:07:57'),
(839,	'11 Floors',	'',	143,	2,	'2017-04-14 11:08:05',	'2017-04-14 11:08:05'),
(840,	'10 Floors',	'',	142,	2,	'2017-04-14 11:08:18',	'2017-04-14 11:08:18'),
(841,	'9 Floors',	'',	141,	2,	'2017-04-14 11:08:28',	'2017-04-14 11:08:28'),
(842,	'8 Floors',	'',	140,	2,	'2017-04-14 11:08:38',	'2017-04-14 11:08:38'),
(843,	'7 Floors',	'',	139,	2,	'2017-04-14 11:08:44',	'2017-04-14 11:08:44'),
(844,	'6 Floors',	'',	138,	2,	'2017-04-14 11:08:54',	'2017-04-14 11:08:54'),
(845,	'5 Floors',	'',	137,	2,	'2017-04-14 11:09:11',	'2017-04-14 11:09:11'),
(846,	'4 Floors',	'',	136,	2,	'2017-04-14 11:09:18',	'2017-04-14 11:09:18'),
(847,	'3 Floors',	'',	135,	2,	'2017-04-14 11:09:27',	'2017-04-14 11:09:27'),
(848,	'2 Floors',	'',	134,	2,	'2017-04-14 11:09:33',	'2017-04-14 11:09:33'),
(849,	'1 Floors',	'',	133,	2,	'2017-04-14 11:09:43',	'2017-04-14 11:09:51'),
(850,	'Fireplace',	'',	118,	2,	'2017-04-14 11:16:57',	'2017-04-14 11:16:57'),
(851,	'Water heater',	'',	117,	2,	'2017-04-14 11:17:13',	'2017-04-14 11:17:13'),
(852,	'Steel door',	'',	116,	2,	'2017-04-14 11:35:44',	'2017-04-14 11:35:44'),
(853,	'Laundry room',	'',	115,	2,	'2017-04-14 11:36:08',	'2017-04-14 11:36:08'),
(854,	'Washing machine',	'',	114,	2,	'2017-04-14 11:36:24',	'2017-04-14 11:36:24'),
(855,	'Wi-Fi',	'',	113,	2,	'2017-04-14 11:36:33',	'2017-04-14 11:36:33'),
(856,	'Terrace',	'',	112,	2,	'2017-04-14 11:37:04',	'2017-04-14 11:37:04'),
(857,	'Spot Lighting',	'',	111,	2,	'2017-04-14 11:37:21',	'2017-04-14 11:37:21'),
(858,	'Set Top Cooker',	'',	110,	2,	'2017-04-14 11:37:37',	'2017-04-14 11:37:37'),
(859,	'Ceramic Floor',	'',	109,	2,	'2017-04-14 11:37:52',	'2017-04-14 11:37:52'),
(860,	'Sauna',	'',	108,	2,	'2017-04-14 11:38:08',	'2017-04-14 11:38:08'),
(861,	'Parquet Floor',	'',	107,	2,	'2017-04-14 11:39:43',	'2017-04-14 11:39:43'),
(862,	'Blinds',	'',	106,	2,	'2017-04-14 11:39:57',	'2017-04-14 11:39:57'),
(863,	'PVC Joinery',	'',	105,	2,	'2017-04-14 11:43:40',	'2017-04-14 11:43:40'),
(864,	'Kitchen Natural Gas',	'',	104,	2,	'2017-04-14 11:43:57',	'2017-04-14 11:43:57'),
(865,	'Kitchen (Laminate)',	'',	103,	2,	'2017-04-14 11:44:54',	'2017-04-14 11:44:54'),
(866,	'Kitchen (Built-in)',	'',	102,	2,	'2017-04-14 11:47:08',	'2017-04-14 11:47:08'),
(867,	'Furniture',	'',	101,	2,	'2017-04-14 11:52:33',	'2017-04-14 11:52:33'),
(868,	'Marley',	'',	100,	2,	'2017-04-14 11:54:26',	'2017-04-14 11:54:26'),
(869,	'Laminate Flooring',	'',	99,	2,	'2017-04-14 11:55:59',	'2017-04-14 11:55:59'),
(870,	'Air conditioning',	'',	98,	2,	'2017-04-14 11:56:57',	'2017-04-14 11:56:57'),
(871,	'Cellar',	'',	97,	2,	'2017-04-14 11:57:54',	'2017-04-14 11:57:54'),
(872,	'Plasterboard',	'',	96,	2,	'2017-04-14 11:58:13',	'2017-04-14 11:58:13'),
(873,	'Jacuzzi',	'',	95,	2,	'2017-04-14 11:58:30',	'2017-04-14 11:58:30'),
(874,	'Isıcam',	'',	94,	2,	'2017-04-14 11:58:54',	'2017-04-14 11:58:54'),
(875,	'Intercom System',	'',	93,	2,	'2017-04-14 11:59:20',	'2017-04-14 11:59:20'),
(876,	'Hilton Bath',	'',	92,	2,	'2017-04-14 11:59:42',	'2017-04-14 11:59:42'),
(877,	'Video intercom',	'',	91,	2,	'2017-04-14 11:59:59',	'2017-04-14 11:59:59'),
(878,	'Closet',	'',	90,	2,	'2017-04-14 12:00:22',	'2017-04-14 12:00:22'),
(879,	'Dressing room',	'',	89,	2,	'2017-04-14 12:00:40',	'2017-04-14 12:00:40'),
(880,	'Bakery',	'',	88,	2,	'2017-04-14 12:01:00',	'2017-04-14 12:01:00'),
(881,	'Fiber Internet',	'',	87,	2,	'2017-04-14 12:01:20',	'2017-04-14 12:01:20'),
(882,	'Parent Banyosu',	'',	86,	2,	'2017-04-14 12:02:00',	'2017-04-14 12:02:00'),
(883,	'Shower',	'',	85,	2,	'2017-04-14 12:02:17',	'2017-04-14 12:02:17'),
(884,	'Wall paper',	'',	84,	2,	'2017-04-14 12:02:34',	'2017-04-14 12:02:34'),
(885,	'A refrigerator',	'',	83,	2,	'2017-04-14 12:02:50',	'2017-04-14 12:02:50'),
(886,	'Dishwasher',	'',	82,	2,	'2017-04-14 12:03:09',	'2017-04-14 12:03:09'),
(887,	'Painted',	'',	81,	2,	'2017-04-14 12:03:24',	'2017-04-14 12:03:24'),
(888,	'White goods',	'',	80,	2,	'2017-04-14 12:03:49',	'2017-04-14 12:03:49'),
(889,	'Barbecue',	'',	79,	2,	'2017-04-14 12:05:17',	'2017-04-14 12:05:17'),
(890,	'Balcony',	'',	78,	2,	'2017-04-14 12:05:30',	'2017-04-14 12:05:30'),
(891,	'Built-in oven',	'',	77,	2,	'2017-04-14 12:05:56',	'2017-04-14 12:05:56'),
(892,	'American kitchen',	'',	76,	2,	'2017-04-14 12:06:13',	'2017-04-14 12:06:13'),
(893,	'Alarm (Fire)',	'',	75,	2,	'2017-04-14 12:07:08',	'2017-04-14 12:07:08'),
(894,	'Alarm (Thief)',	'',	74,	2,	'2017-04-14 12:07:23',	'2017-04-14 12:07:23'),
(895,	'Wood Joinery',	'',	73,	2,	'2017-04-14 12:07:41',	'2017-04-14 12:07:41'),
(896,	'ADSL',	'',	72,	2,	'2017-04-14 12:07:50',	'2017-04-14 12:07:50'),
(897,	'Swimming Pool (Indoor)',	'',	71,	2,	'2017-04-14 12:10:26',	'2017-04-14 12:10:26'),
(898,	'Swimming Pool (Outdoor)',	'',	70,	2,	'2017-04-14 12:10:42',	'2017-04-14 12:10:42'),
(899,	'Fire escape',	'',	69,	2,	'2017-04-14 12:10:56',	'2017-04-14 12:10:56'),
(900,	'Tennis court',	'',	68,	2,	'2017-04-14 12:11:10',	'2017-04-14 12:11:10'),
(901,	'Water tank',	'',	67,	2,	'2017-04-14 12:11:23',	'2017-04-14 12:11:23'),
(902,	'Sports Area',	'',	66,	2,	'2017-04-14 12:11:34',	'2017-04-14 12:11:34'),
(903,	'Siding',	'',	65,	2,	'2017-04-14 12:11:50',	'2017-04-14 12:11:50'),
(904,	'Sound insulation',	'',	64,	2,	'2017-04-14 12:12:04',	'2017-04-14 12:12:04'),
(905,	'Playground',	'',	63,	2,	'2017-04-14 12:12:17',	'2017-04-14 12:12:17'),
(906,	'Car park',	'',	62,	2,	'2017-04-14 12:12:32',	'2017-04-14 12:12:32'),
(907,	'Nursery',	'',	61,	2,	'2017-04-14 12:12:46',	'2017-04-14 12:12:46'),
(908,	'Doorman',	'',	60,	2,	'2017-04-14 12:12:56',	'2017-04-14 12:12:56'),
(909,	'Closed Garage',	'',	59,	2,	'2017-04-14 12:13:09',	'2017-04-14 12:13:09'),
(910,	'Cable TV - Satellite',	'',	58,	2,	'2017-04-14 12:13:24',	'2017-04-14 12:13:24'),
(911,	'Generator',	'',	57,	2,	'2017-04-14 12:13:33',	'2017-04-14 12:13:33'),
(912,	'Heat Insulation',	'',	56,	2,	'2017-04-14 12:13:43',	'2017-04-14 12:13:43'),
(913,	'Hydrophore',	'',	55,	2,	'2017-04-14 12:13:58',	'2017-04-14 12:13:58'),
(914,	'Security',	'',	54,	2,	'2017-04-14 12:14:11',	'2017-04-14 12:14:11'),
(915,	'Obstacle Suitable',	'',	53,	2,	'2017-04-14 12:14:24',	'2017-04-14 12:14:24'),
(916,	'Elevator',	'',	52,	2,	'2017-04-14 12:14:36',	'2017-04-14 12:14:36'),
(917,	'baran',	'',	283,	1,	'2017-12-24 06:43:39',	'2017-12-24 06:43:39'),
(918,	'',	'',	283,	2,	'2017-12-24 06:43:39',	'2017-12-24 06:43:39'),
(919,	'Yüksek Giriş',	'Yüksek Giriş',	284,	1,	'2017-12-25 11:56:37',	'2017-12-25 11:56:37'),
(920,	'',	'',	284,	2,	'2017-12-25 11:56:37',	'2017-12-25 11:56:37'),
(921,	'Site İçi',	'Site İçi',	285,	1,	'2017-12-25 13:27:30',	'2017-12-25 13:27:30'),
(922,	'',	'',	285,	2,	'2017-12-25 13:27:30',	'2017-12-25 13:27:30'),
(923,	'3+1',	'3+1',	286,	1,	'2018-01-01 19:17:46',	'2018-01-01 19:17:46'),
(924,	'3+1',	'',	286,	2,	'2018-01-01 19:17:46',	'2018-01-01 19:17:46');

CREATE TABLE `categories` (
  `id` int(10) unsigned NOT NULL AUTO_INCREMENT,
  `parent_id` int(11) NOT NULL,
  `title` varchar(255) COLLATE utf8_unicode_ci DEFAULT NULL,
  `description` varchar(255) COLLATE utf8_unicode_ci DEFAULT NULL,
  `type` varchar(255) COLLATE utf8_unicode_ci DEFAULT NULL,
  `code` int(11) DEFAULT NULL,
  `created_at` timestamp NOT NULL DEFAULT '0000-00-00 00:00:00',
  `updated_at` timestamp NOT NULL DEFAULT '0000-00-00 00:00:00',
  `deleted_at` timestamp NULL DEFAULT NULL,
  PRIMARY KEY (`id`)
) ENGINE=InnoDB DEFAULT CHARSET=utf8 COLLATE=utf8_unicode_ci;


CREATE TABLE `cities` (
  `id` bigint(20) NOT NULL DEFAULT 0,
  `plaka` varchar(50) COLLATE utf8_unicode_ci DEFAULT NULL,
  `il_adi_buyuk` varchar(50) COLLATE utf8_unicode_ci DEFAULT NULL,
  `il_adi` varchar(50) COLLATE utf8_unicode_ci DEFAULT NULL,
  `il_adi_kucuk` varchar(50) COLLATE utf8_unicode_ci DEFAULT NULL,
  PRIMARY KEY (`id`)
) ENGINE=InnoDB DEFAULT CHARSET=utf8 COLLATE=utf8_unicode_ci;

INSERT INTO `cities` (`id`, `plaka`, `il_adi_buyuk`, `il_adi`, `il_adi_kucuk`) VALUES
(2,	'02',	'ADIYAMAN',	'Adıyaman',	'adıyaman'),
(3,	'03',	'AFYONKARAHİSAR',	'Afyonkarahisar',	'afyonkarahisar'),
(4,	'04',	'AĞRI',	'Ağrı',	'ağrı'),
(5,	'05',	'AMASYA',	'Amasya',	'amasya'),
(6,	'06',	'ANKARA',	'Ankara',	'ankara'),
(7,	'07',	'ANTALYA',	'Antalya',	'antalya'),
(8,	'08',	'ARTVİN',	'Artvin',	'artvin'),
(9,	'09',	'AYDIN',	'Aydın',	'aydın'),
(10,	'10',	'BALIKESİR',	'Balıkesir',	'balıkesir'),
(11,	'11',	'BİLECİK',	'Bilecik',	'bilecik'),
(12,	'12',	'BİNGÖL',	'Bingöl',	'bingöl'),
(13,	'13',	'BİTLİS',	'Bitlis',	'bitlis'),
(14,	'14',	'BOLU',	'Bolu',	'bolu'),
(15,	'15',	'BURDUR',	'Burdur',	'burdur'),
(16,	'16',	'BURSA',	'Bursa',	'bursa'),
(17,	'17',	'ÇANAKKALE',	'Çanakkale',	'çanakkale'),
(18,	'18',	'ÇANKIRI',	'Çankırı',	'çankırı'),
(19,	'19',	'ÇORUM',	'Çorum',	'çorum'),
(20,	'20',	'DENİZLİ',	'Denizli',	'denizli'),
(21,	'21',	'DİYARBAKIR',	'Diyarbakır',	'diyarbakır'),
(22,	'22',	'EDİRNE',	'Edirne',	'edirne'),
(23,	'23',	'ELAZIĞ',	'Elazığ',	'elazığ'),
(24,	'24',	'ERZİNCAN',	'Erzincan',	'erzincan'),
(25,	'25',	'ERZURUM',	'Erzurum',	'erzurum'),
(26,	'26',	'ESKİŞEHİR',	'Eskişehir',	'eskişehir'),
(27,	'27',	'GAZİANTEP',	'Gaziantep',	'gaziantep'),
(28,	'28',	'GİRESUN',	'Giresun',	'giresun'),
(29,	'29',	'GÜMÜŞHANE',	'Gümüşhane',	'gümüşhane'),
(30,	'30',	'HAKKARİ',	'Hakkari',	'hakkari'),
(31,	'31',	'HATAY',	'Hatay',	'hatay'),
(32,	'32',	'ISPARTA',	'Isparta',	'ısparta'),
(33,	'33',	'MERSİN',	'Mersin',	'mersin'),
(34,	'34',	'İSTANBUL',	'İstanbul',	'istanbul'),
(35,	'35',	'İZMİR',	'İzmir',	'izmir'),
(36,	'36',	'KARS',	'Kars',	'kars'),
(37,	'37',	'KASTAMONU',	'Kastamonu',	'kastamonu'),
(38,	'38',	'KAYSERİ',	'Kayseri',	'kayseri'),
(39,	'39',	'KIRKLARELİ',	'Kırklareli',	'kırklareli'),
(40,	'40',	'KIRŞEHİR',	'Kırşehir',	'kırşehir'),
(41,	'41',	'KOCAELİ',	'Kocaeli',	'kocaeli'),
(42,	'42',	'KONYA',	'Konya',	'konya'),
(43,	'43',	'KÜTAHYA',	'Kütahya',	'kütahya'),
(44,	'44',	'MALATYA',	'Malatya',	'malatya'),
(45,	'45',	'MANİSA',	'Manisa',	'manisa'),
(46,	'46',	'KAHRAMANMARAŞ',	'Kahramanmaraş',	'kahramanmaraş'),
(47,	'47',	'MARDİN',	'Mardin',	'mardin'),
(48,	'48',	'MUĞLA',	'Muğla',	'muğla'),
(49,	'49',	'MUŞ',	'Muş',	'muş'),
(50,	'50',	'NEVŞEHİR',	'Nevşehir',	'nevşehir'),
(51,	'51',	'NİĞDE',	'Niğde',	'niğde'),
(52,	'52',	'ORDU',	'Ordu',	'ordu'),
(53,	'53',	'RİZE',	'Rize',	'rize'),
(54,	'54',	'SAKARYA',	'Sakarya',	'sakarya'),
(55,	'55',	'SAMSUN',	'Samsun',	'samsun'),
(56,	'56',	'SİİRT',	'Siirt',	'siirt'),
(57,	'57',	'SİNOP',	'Sinop',	'sinop'),
(58,	'58',	'SİVAS',	'Sivas',	'sivas'),
(59,	'59',	'TEKİRDAĞ',	'Tekirdağ',	'tekirdağ'),
(60,	'60',	'TOKAT',	'Tokat',	'tokat'),
(61,	'61',	'TRABZON',	'Trabzon',	'trabzon'),
(62,	'62',	'TUNCELİ',	'Tunceli',	'tunceli'),
(63,	'63',	'ŞANLIURFA',	'Şanlıurfa',	'şanlıurfa'),
(64,	'64',	'UŞAK',	'Uşak',	'uşak'),
(65,	'65',	'VAN',	'Van',	'van'),
(66,	'66',	'YOZGAT',	'Yozgat',	'yozgat'),
(67,	'67',	'ZONGULDAK',	'Zonguldak',	'zonguldak'),
(68,	'68',	'AKSARAY',	'Aksaray',	'aksaray'),
(69,	'69',	'BAYBURT',	'Bayburt',	'bayburt'),
(70,	'70',	'KARAMAN',	'Karaman',	'karaman'),
(71,	'71',	'KIRIKKALE',	'Kırıkkale',	'kırıkkale'),
(72,	'72',	'BATMAN',	'Batman',	'batman'),
(73,	'73',	'ŞIRNAK',	'Şırnak',	'şırnak'),
(74,	'74',	'BARTIN',	'Bartın',	'bartın'),
(75,	'75',	'ARDAHAN',	'Ardahan',	'ardahan'),
(76,	'76',	'IĞDIR',	'Iğdır',	'ığdır'),
(77,	'77',	'YALOVA',	'Yalova',	'yalova'),
(78,	'78',	'KARABÜK',	'Karabük',	'karabük'),
(79,	'79',	'KİLİS',	'Kilis',	'kilis'),
(80,	'80',	'OSMANİYE',	'Osmaniye',	'osmaniye'),
(81,	'81',	'DÜZCE',	'Düzce',	'düzce');

CREATE TABLE `contents` (
  `id` int(10) unsigned NOT NULL AUTO_INCREMENT,
  `title` varchar(255) COLLATE utf8_unicode_ci DEFAULT NULL,
  `description` varchar(255) COLLATE utf8_unicode_ci DEFAULT NULL,
  `keywords` varchar(255) COLLATE utf8_unicode_ci DEFAULT NULL,
  `content` text COLLATE utf8_unicode_ci DEFAULT NULL,
  `type` varchar(255) COLLATE utf8_unicode_ci DEFAULT NULL,
  `code` int(11) DEFAULT NULL,
  `created_at` timestamp NOT NULL DEFAULT '0000-00-00 00:00:00',
  `updated_at` timestamp NOT NULL DEFAULT '0000-00-00 00:00:00',
  `deleted_at` timestamp NULL DEFAULT NULL,
  PRIMARY KEY (`id`)
) ENGINE=InnoDB DEFAULT CHARSET=utf8 COLLATE=utf8_unicode_ci;


CREATE TABLE `defineds` (
  `id` int(10) unsigned NOT NULL AUTO_INCREMENT,
  `type` varchar(255) COLLATE utf8_unicode_ci DEFAULT NULL,
  `created_at` timestamp NOT NULL DEFAULT '0000-00-00 00:00:00',
  `updated_at` timestamp NOT NULL DEFAULT '0000-00-00 00:00:00',
  `deleted_at` timestamp NULL DEFAULT NULL,
  PRIMARY KEY (`id`)
) ENGINE=InnoDB DEFAULT CHARSET=utf8 COLLATE=utf8_unicode_ci;

INSERT INTO `defineds` (`id`, `type`, `created_at`, `updated_at`, `deleted_at`) VALUES
(1,	'Ana Sayfa',	'2015-09-22 20:33:02',	'2015-09-22 20:33:02',	NULL),
(2,	'Harita',	'2015-10-05 05:32:54',	'2015-10-05 05:32:54',	NULL),
(3,	'Kurumsal',	'2015-10-05 05:33:10',	'2015-10-05 05:33:10',	NULL),
(4,	'Haberler',	'2015-10-05 05:33:21',	'2015-10-05 05:33:21',	NULL),
(5,	'iletisim',	'2015-10-05 05:33:39',	'2017-04-11 21:07:23',	NULL),
(6,	'KATEGORİLER',	'2015-10-05 05:33:51',	'2015-10-05 05:33:51',	NULL),
(7,	'anasayfavitrini',	'2015-10-05 05:34:03',	'2017-04-15 15:23:20',	NULL),
(8,	'firsatvitrini',	'2015-10-05 05:34:14',	'2017-04-15 15:23:53',	NULL),
(9,	'projevitrini',	'2015-10-05 05:34:28',	'2017-04-15 15:24:17',	NULL),
(10,	'acililanlar',	'2015-10-05 05:34:39',	'2017-04-15 15:22:41',	NULL),
(11,	'Hiç ilan bulunamadı',	'2015-10-05 05:34:50',	'2016-09-19 02:15:53',	NULL),
(12,	'Para Birimi',	'2015-10-05 05:35:01',	'2015-10-05 05:35:01',	NULL),
(13,	'Alış',	'2015-10-05 05:35:12',	'2015-10-05 05:35:12',	NULL),
(14,	'Satış',	'2015-10-05 05:35:24',	'2015-10-05 05:35:24',	NULL),
(15,	'HIZLI ARA',	'2015-10-05 05:35:42',	'2015-10-05 05:35:42',	NULL),
(16,	'İl Seçin',	'2015-10-05 05:35:53',	'2015-10-05 05:35:53',	NULL),
(17,	'İlçe Seçin',	'2015-10-05 05:36:06',	'2015-10-05 05:36:06',	NULL),
(18,	'Semt Seçin',	'2015-10-05 05:36:17',	'2015-10-05 05:36:17',	NULL),
(19,	'Emlak Durumu',	'2015-10-05 05:36:28',	'2015-10-05 05:36:28',	NULL),
(20,	'Emlak Türü',	'2015-10-05 05:36:38',	'2015-10-05 05:36:38',	NULL),
(21,	'Oda Sayısı',	'2015-10-05 05:36:48',	'2015-10-05 05:36:48',	NULL),
(22,	'Min Fiyat',	'2015-10-05 05:36:59',	'2015-10-05 05:36:59',	NULL),
(23,	'Max Fiyat',	'2015-10-05 05:37:09',	'2015-10-05 05:37:09',	NULL),
(24,	'Vitrin İlanları',	'2015-10-05 05:37:27',	'2015-10-05 05:37:27',	NULL),
(25,	'İLETİŞİM FORMU',	'2015-10-05 05:38:03',	'2015-10-05 05:38:03',	NULL),
(26,	'Ad Soyad',	'2015-10-05 05:38:20',	'2015-10-05 05:38:20',	NULL),
(27,	'Telefon',	'2015-10-05 05:38:30',	'2015-10-05 05:38:30',	NULL),
(28,	'Email Adres',	'2015-10-05 05:38:49',	'2015-10-05 05:38:49',	NULL),
(29,	'Mesajınız',	'2015-10-05 05:38:59',	'2015-10-05 05:38:59',	NULL),
(30,	'İLETİŞİM BİLGİLERİ',	'2015-10-05 05:39:11',	'2015-10-05 05:39:11',	NULL),
(31,	'Dil Seçimi',	'2015-10-05 05:41:00',	'2015-10-05 05:41:00',	NULL),
(32,	'Bana ozel',	'2015-10-05 05:41:12',	'2017-04-11 21:22:10',	NULL),
(33,	'ilanlarim',	'2015-10-24 07:11:20',	'2017-04-11 21:23:36',	NULL),
(34,	'Bilgilerim',	'2015-10-24 07:11:37',	'2015-10-24 07:11:37',	NULL),
(35,	'cikis Yap',	'2015-10-24 07:11:52',	'2017-04-11 21:22:40',	NULL),
(36,	'Tüm Kategoriler',	'2015-10-24 07:14:07',	'2015-10-24 07:14:07',	NULL),
(37,	'Adres',	'2015-10-24 07:15:38',	'2015-10-24 07:15:38',	NULL),
(38,	'Tel',	'2015-10-24 07:16:12',	'2015-10-24 07:16:12',	NULL),
(39,	'Fax',	'2015-10-24 07:16:40',	'2015-10-24 07:16:40',	NULL),
(40,	'Email',	'2015-10-24 07:17:07',	'2015-10-24 07:17:07',	NULL),
(41,	'Yardım',	'2015-10-24 07:18:37',	'2015-10-24 07:18:37',	NULL),
(42,	'eblten',	'2015-10-24 07:19:21',	'2017-04-15 15:34:26',	NULL),
(43,	'Email Adresiniz',	'2015-10-24 07:19:52',	'2015-10-24 07:19:52',	NULL),
(44,	'Social Profiles',	'2015-10-24 07:20:50',	'2017-04-11 21:35:30',	NULL),
(45,	'Tüm Hakları Saklıdır',	'2015-10-24 07:21:42',	'2015-10-24 07:21:42',	NULL),
(46,	'Yukarı Çık',	'2015-10-24 07:22:09',	'2015-10-24 07:22:09',	NULL),
(47,	'İLETİŞİM FORMU',	'2015-10-24 07:24:45',	'2015-10-24 07:24:45',	NULL),
(48,	'Emlaklar',	'2015-10-24 07:35:58',	'2015-10-24 07:35:58',	NULL),
(49,	'Adres / Şehir / Mahalle',	'2015-10-24 07:41:06',	'2015-10-24 07:41:06',	NULL),
(50,	'Mesaj Gönder',	'2015-10-24 07:43:59',	'2015-10-24 07:43:59',	NULL),
(51,	'Mesaj',	'2015-10-24 07:45:41',	'2015-10-24 07:45:41',	NULL),
(52,	'Kapat',	'2015-10-24 07:46:35',	'2015-10-24 07:46:35',	NULL),
(53,	'Gönder',	'2015-10-24 07:47:11',	'2015-10-24 07:47:11',	NULL),
(54,	'Web',	'2015-10-24 08:04:46',	'2015-10-24 08:04:46',	NULL),
(55,	'İlan Detayı',	'2015-10-24 08:06:45',	'2015-10-24 08:06:45',	NULL),
(56,	'Benzer İlanlar',	'2015-10-24 08:07:32',	'2015-10-24 08:07:32',	NULL),
(57,	'Konut Tipi',	'2015-10-24 08:11:05',	'2015-10-24 08:11:05',	NULL),
(58,	'Manzara',	'2015-10-24 08:11:25',	'2015-10-24 08:11:25',	NULL),
(59,	'Muhit',	'2015-10-24 08:11:44',	'2015-10-24 08:11:44',	NULL),
(60,	'Cephe',	'2015-10-24 08:12:01',	'2015-10-24 08:12:01',	NULL),
(61,	'Dış Özellikleri',	'2015-10-24 08:12:31',	'2015-10-24 08:12:31',	NULL),
(62,	'İç Özellikleri',	'2015-10-24 08:12:46',	'2015-10-24 08:12:46',	NULL),
(63,	'Ulaşım',	'2015-10-24 08:13:10',	'2015-10-24 08:13:10',	NULL),
(64,	'İncele',	'2015-10-24 10:57:49',	'2015-10-24 10:57:49',	NULL),
(65,	'Şehir seçiniz...',	'2015-10-24 11:03:40',	'2015-10-24 11:03:40',	NULL),
(66,	'İlçe seçiniz...',	'2015-10-24 11:04:30',	'2015-10-24 11:04:30',	NULL),
(67,	'Semt Seçin',	'2015-10-24 11:05:06',	'2015-10-24 11:05:06',	NULL),
(68,	'İlçe Seçin',	'2015-10-24 11:05:38',	'2015-10-24 11:05:38',	NULL),
(69,	'Semt seçiniz...',	'2015-10-24 11:09:58',	'2015-10-24 11:09:58',	NULL),
(70,	'ARA',	'2015-10-24 11:26:48',	'2015-10-24 11:26:48',	NULL),
(71,	'Seçiniz...',	'2015-10-24 11:28:29',	'2015-10-24 11:28:29',	NULL),
(72,	'Arama Kelime',	'2015-10-24 12:57:00',	'2015-10-24 12:57:00',	NULL),
(73,	'Kurumsal Üyelik Başvurusu',	'2015-10-25 09:45:06',	'2015-10-25 09:45:06',	NULL),
(74,	'Kullanıcı Bilgileri',	'2015-10-25 09:45:57',	'2015-10-25 09:45:57',	NULL),
(75,	'İşaretli alanlar, doldurulması gereken zorunlu alanlardır.',	'2015-10-25 09:46:34',	'2015-10-25 09:46:34',	NULL),
(76,	'Şifre',	'2015-10-25 10:03:41',	'2015-10-25 10:03:41',	NULL),
(77,	'Şifre Tekrar',	'2015-10-25 10:04:04',	'2015-10-25 10:04:04',	NULL),
(78,	'İsim',	'2015-10-25 10:04:29',	'2015-10-25 10:04:29',	NULL),
(79,	'Soyad',	'2015-10-25 10:05:21',	'2015-10-25 10:05:21',	NULL),
(80,	'Şehir',	'2015-10-25 10:05:58',	'2015-10-25 10:05:58',	NULL),
(81,	'ilce',	'2015-10-25 10:15:05',	'2017-04-11 23:59:22',	NULL),
(82,	'Semt',	'2015-10-25 10:29:31',	'2015-10-25 10:29:31',	NULL),
(83,	'Cep Telefonu',	'2015-10-25 10:31:45',	'2015-10-25 10:31:45',	NULL),
(84,	'Firma Bilgileri',	'2015-10-25 10:34:58',	'2015-10-25 10:34:58',	NULL),
(85,	'Firma Adı',	'2015-10-25 10:35:16',	'2015-10-25 10:35:16',	NULL),
(86,	'Firma Kısa Açıklama',	'2015-10-25 10:43:15',	'2015-10-25 10:43:15',	NULL),
(87,	'Vergi Dairesi',	'2015-10-25 10:43:33',	'2015-10-25 10:43:33',	NULL),
(88,	'Vergi Numarası',	'2015-10-25 10:44:02',	'2015-10-25 10:44:02',	NULL),
(89,	'Site Adresi',	'2015-10-25 10:44:21',	'2015-10-25 10:44:21',	NULL),
(90,	'Kayıt Ol',	'2015-10-25 10:45:04',	'2015-10-25 10:45:04',	NULL),
(91,	'Şifremi Unuttum',	'2015-10-25 10:50:22',	'2015-10-25 10:50:22',	NULL),
(92,	'Giriş Yap',	'2015-10-25 10:50:43',	'2015-10-25 10:50:43',	NULL),
(93,	'Web sitemize ait hizmetlerden yararlanabilmek için lütfen e-posta adresinizi ve şifrenizi girerek giriş yapınız.',	'2015-10-25 11:14:27',	'2015-10-25 11:14:27',	NULL),
(94,	'Emlak Ofisi veya İnşaat Şirketleri için, Kurumsal üyelik başvurusu.',	'2015-10-25 11:17:55',	'2015-10-25 11:17:55',	NULL),
(95,	'Bireysel Üyelik Başvurusu',	'2015-10-25 11:19:05',	'2015-10-25 11:19:05',	NULL),
(96,	'Sadece Gayrimenkul Sahibi Üyeler İçin, bireysel üyelik başvurusu.',	'2015-10-25 11:19:24',	'2015-10-25 11:19:24',	NULL),
(97,	'Neden üye olmaliyim, üyelik avantajlari nelerdir ? ',	'2015-10-25 11:19:52',	'2015-10-25 11:19:52',	NULL),
(98,	'Tüm ilanlarınız 7 gün 24 saat 365 gün sitemiz ile ile tüm türkiye de yayınlanır, arama motorlarında ilanlarınızı en yukarıda çıkartarak kısa sürede sonuç alırsınız.',	'2015-10-25 11:20:10',	'2015-10-25 11:20:10',	NULL),
(99,	'Merhaba',	'2015-10-26 05:02:52',	'2015-10-26 05:02:52',	NULL),
(100,	'İlk Adım',	'2015-10-26 05:11:14',	'2015-10-26 05:11:14',	NULL),
(101,	'En Çok İncelenen İlanlar',	'2015-10-26 09:13:25',	'2015-10-26 09:13:25',	NULL),
(102,	'Tümü',	'2015-10-26 09:14:12',	'2015-10-26 09:14:12',	NULL),
(103,	'Bildirimler',	'2015-10-26 09:14:48',	'2015-10-26 09:14:48',	NULL),
(104,	'Detayları görüntülemek için',	'2015-10-26 09:16:13',	'2015-10-26 09:16:13',	NULL),
(105,	'tıklayın',	'2015-10-26 09:16:30',	'2015-10-26 09:16:30',	NULL),
(106,	'tarafından',	'2015-10-26 09:16:58',	'2015-10-26 09:16:58',	NULL),
(107,	'Toplam İlan',	'2015-10-26 09:17:29',	'2015-10-26 09:17:29',	NULL),
(108,	'Toplam Üye',	'2015-10-26 09:17:49',	'2015-10-26 09:17:49',	NULL),
(109,	'ilan Tarihi',	'2015-10-26 09:27:29',	'2017-04-11 23:58:14',	NULL),
(110,	'Durumu',	'2015-10-26 09:28:06',	'2015-10-26 09:28:06',	NULL),
(111,	'-',	'2015-10-26 09:31:02',	'2017-12-27 10:26:47',	NULL),
(112,	'Krediye Uygunluk',	'2015-10-26 09:34:52',	'2015-10-26 09:34:52',	NULL),
(113,	'Bina Yaşı',	'2015-10-26 09:35:11',	'2015-10-26 09:35:11',	NULL),
(114,	'Metrekare',	'2015-10-26 09:35:36',	'2015-10-26 09:35:36',	NULL),
(115,	'Bulundugu Kat',	'2015-10-26 09:37:52',	'2015-10-26 09:37:52',	NULL),
(116,	'Kat Sayısı',	'2015-10-26 09:40:35',	'2015-10-26 09:40:35',	NULL),
(117,	'Banyo Sayısı',	'2015-10-26 09:41:09',	'2015-10-26 09:41:09',	NULL),
(118,	'Oda Salon',	'2015-10-26 09:43:09',	'2015-10-26 09:43:09',	NULL),
(119,	'Isıtma Sistemi',	'2015-10-26 09:43:42',	'2015-10-26 09:43:42',	NULL),
(120,	'Zemin Durumu',	'2015-10-26 09:44:04',	'2015-10-26 09:44:04',	NULL),
(121,	'Depozito',	'2015-10-26 09:45:01',	'2015-10-26 09:45:01',	NULL),
(122,	'Kullanım Durumu',	'2015-10-26 09:45:24',	'2015-10-26 09:45:24',	NULL),
(123,	'Öğrenciye/Bekara',	'2015-10-26 09:45:54',	'2015-10-26 09:45:54',	NULL),
(124,	'Menü',	'2016-09-18 23:05:41',	'2016-09-18 23:05:41',	NULL),
(125,	'kisa',	'2016-09-19 02:02:45',	'2016-09-19 02:02:45',	NULL),
(126,	'anabaslik1',	'2017-04-11 17:58:18',	'2017-04-11 17:58:18',	NULL),
(127,	'ebultenaciklama',	'2017-04-11 18:03:55',	'2017-04-11 18:03:55',	NULL),
(128,	'ilaniyayinla',	'2017-04-11 18:06:10',	'2017-04-15 15:29:52',	NULL),
(129,	'bilgialmakistiyorum',	'2017-04-11 18:06:49',	'2017-04-15 15:30:19',	NULL),
(130,	'hemenilanekle',	'2017-04-11 18:08:01',	'2017-04-15 15:30:36',	NULL),
(131,	'ilaniniztmagimizdacretsiz',	'2017-04-11 18:12:59',	'2017-04-15 15:31:51',	NULL),
(132,	'hemensimdiilaniniziekle',	'2017-04-11 18:13:26',	'2017-04-15 15:32:20',	NULL),
(133,	'sistemimizehergnonlarca',	'2017-04-11 18:14:42',	'2017-04-15 15:32:53',	NULL),
(134,	'sizdeemlaksayesinde',	'2017-04-11 18:21:21',	'2017-04-15 15:33:35',	NULL),
(135,	'bulabilecegimizyzlerce',	'2017-04-11 18:35:42',	'2017-04-15 16:03:08',	NULL),
(136,	'EmlakDanismani',	'2017-04-11 18:39:30',	'2017-04-15 15:26:03',	NULL),
(137,	'iLANLAR',	'2017-04-11 18:45:45',	'2017-04-11 21:06:35',	NULL),
(138,	'KrediHesapla',	'2017-04-11 23:31:13',	'2017-04-15 15:24:47',	NULL),
(139,	'ilan Bilgileri',	'2017-04-11 23:53:20',	'2017-04-11 23:57:29',	NULL),
(140,	'il',	'2017-04-11 23:55:27',	'2017-04-11 23:55:27',	NULL),
(141,	'Kurumsalaciklama',	'2017-04-12 09:43:30',	'2017-04-12 09:43:30',	NULL),
(142,	'Devamini Oku',	'2017-04-12 09:49:26',	'2017-04-12 09:49:26',	NULL),
(143,	'Tapu Durumu',	'2017-04-15 12:32:53',	'2017-04-15 12:32:53',	NULL),
(144,	'Site İçi',	'2017-12-27 10:10:56',	'2017-12-27 10:10:56',	NULL),
(145,	'M2 Fiyat',	'2017-12-27 10:11:41',	'2017-12-27 10:11:41',	NULL),
(149,	'Türü',	'2017-12-27 10:33:35',	'2017-12-27 10:33:35',	NULL),
(150,	'Parsel No',	'2017-12-27 10:33:57',	'2017-12-27 10:33:57',	NULL),
(151,	'Ada No',	'2017-12-27 17:53:52',	'2017-12-27 17:53:52',	NULL);

CREATE TABLE `defined_translations` (
  `id` int(10) unsigned NOT NULL AUTO_INCREMENT,
  `title` varchar(255) COLLATE utf8_unicode_ci DEFAULT NULL,
  `description` text COLLATE utf8_unicode_ci DEFAULT NULL,
  `defined_id` int(10) unsigned NOT NULL,
  `locale_id` int(10) unsigned NOT NULL,
  `created_at` timestamp NOT NULL DEFAULT '0000-00-00 00:00:00',
  `updated_at` timestamp NOT NULL DEFAULT '0000-00-00 00:00:00',
  PRIMARY KEY (`id`),
  UNIQUE KEY `defined_translations_defined_id_locale_id_unique` (`defined_id`,`locale_id`),
  KEY `defined_translations_defined_id_index` (`defined_id`),
  KEY `defined_translations_locale_id_index` (`locale_id`),
  CONSTRAINT `defined_translations_defined_id_foreign` FOREIGN KEY (`defined_id`) REFERENCES `defineds` (`id`) ON DELETE CASCADE,
  CONSTRAINT `defined_translations_locale_id_foreign` FOREIGN KEY (`locale_id`) REFERENCES `locales` (`id`) ON DELETE CASCADE
) ENGINE=InnoDB DEFAULT CHARSET=utf8 COLLATE=utf8_unicode_ci;

INSERT INTO `defined_translations` (`id`, `title`, `description`, `defined_id`, `locale_id`, `created_at`, `updated_at`) VALUES
(1,	'ANASAYFA',	'',	1,	1,	'2015-09-22 20:33:02',	'2017-04-11 18:43:28'),
(4,	'HARİTA',	'',	2,	1,	'2015-10-05 05:32:54',	'2017-04-11 18:43:37'),
(7,	'KURUMSAL',	'',	3,	1,	'2015-10-05 05:33:10',	'2017-04-11 18:43:48'),
(10,	'HABERLER',	'',	4,	1,	'2015-10-05 05:33:21',	'2017-04-11 18:43:54'),
(13,	'İLETİŞİM',	'',	5,	1,	'2015-10-05 05:33:39',	'2017-04-11 18:44:00'),
(16,	'KATEGORİLER',	'',	6,	1,	'2015-10-05 05:33:51',	'2015-10-05 05:33:51'),
(19,	'ANA SAYFA VİTRİNİ',	'',	7,	1,	'2015-10-05 05:34:03',	'2015-10-05 05:34:03'),
(22,	'FIRSAT VİTRİNİ',	'',	8,	1,	'2015-10-05 05:34:14',	'2015-10-05 05:34:14'),
(25,	'PROJE VİTRİNİ',	'',	9,	1,	'2015-10-05 05:34:28',	'2015-10-05 05:34:28'),
(28,	'ACİL İLANLAR',	'',	10,	1,	'2015-10-05 05:34:39',	'2015-10-24 11:53:23'),
(31,	'Hiç ilan bulunamadı.',	'',	11,	1,	'2015-10-05 05:34:50',	'2015-10-05 05:34:50'),
(34,	'Para Birimi',	'',	12,	1,	'2015-10-05 05:35:01',	'2015-10-05 05:35:01'),
(37,	'Alış',	'',	13,	1,	'2015-10-05 05:35:12',	'2015-10-05 05:35:12'),
(40,	'Satış',	'',	14,	1,	'2015-10-05 05:35:24',	'2015-10-05 05:35:24'),
(43,	'HIZLI ARA',	'',	15,	1,	'2015-10-05 05:35:42',	'2015-10-05 05:35:42'),
(45,	'İl Seçin',	'',	16,	1,	'2015-10-05 05:35:53',	'2015-10-05 05:35:53'),
(47,	'İlçe Seçin',	'',	17,	1,	'2015-10-05 05:36:06',	'2015-10-05 05:36:06'),
(49,	'Semt Seçin',	'',	18,	1,	'2015-10-05 05:36:17',	'2015-10-05 05:36:17'),
(51,	'Emlak Durumu',	'',	19,	1,	'2015-10-05 05:36:28',	'2015-10-05 05:36:28'),
(53,	'Emlak Türü',	'',	20,	1,	'2015-10-05 05:36:38',	'2015-10-05 05:36:38'),
(55,	'Oda Sayısı',	'',	21,	1,	'2015-10-05 05:36:49',	'2015-10-05 05:36:49'),
(57,	'Min Fiyat',	'',	22,	1,	'2015-10-05 05:36:59',	'2015-10-05 05:36:59'),
(59,	'Max Fiyat',	'',	23,	1,	'2015-10-05 05:37:09',	'2015-10-05 05:37:09'),
(61,	'Vitrin İlanları',	'',	24,	1,	'2015-10-05 05:37:27',	'2015-10-05 05:37:27'),
(63,	'İLETİŞİM FORMU',	'',	25,	1,	'2015-10-05 05:38:03',	'2015-10-05 05:38:03'),
(65,	'Ad Soyad',	'',	26,	1,	'2015-10-05 05:38:20',	'2015-10-05 05:38:20'),
(67,	'Telefon',	'',	27,	1,	'2015-10-05 05:38:30',	'2015-10-05 05:38:30'),
(69,	'Email Adres',	'',	28,	1,	'2015-10-05 05:38:49',	'2015-10-05 05:38:49'),
(71,	'Mesajınız',	'',	29,	1,	'2015-10-05 05:38:59',	'2015-10-05 05:38:59'),
(73,	'İLETİŞİM BİLGİLERİ',	'',	30,	1,	'2015-10-05 05:39:11',	'2015-10-05 05:39:11'),
(75,	'Dil Seçimi',	'',	31,	1,	'2015-10-05 05:41:00',	'2015-10-05 05:41:00'),
(77,	'Bana Özel',	'',	32,	1,	'2015-10-05 05:41:12',	'2015-10-05 05:41:12'),
(80,	'İlanlarım',	'',	33,	1,	'2015-10-24 07:11:20',	'2015-10-24 12:16:40'),
(83,	'Bilgilerim',	'',	34,	1,	'2015-10-24 07:11:37',	'2015-10-24 12:16:27'),
(86,	'Çıkış Yap',	'',	35,	1,	'2015-10-24 07:11:52',	'2015-10-24 12:16:10'),
(89,	'Tüm Kategoriler',	'',	36,	1,	'2015-10-24 07:14:07',	'2015-10-24 12:15:51'),
(92,	'Adres',	'',	37,	1,	'2015-10-24 07:15:38',	'2015-10-24 12:15:36'),
(95,	'Tel',	'',	38,	1,	'2015-10-24 07:16:12',	'2015-10-24 12:15:20'),
(98,	'Fax',	'',	39,	1,	'2015-10-24 07:16:40',	'2015-10-24 12:15:00'),
(101,	'Email',	'',	40,	1,	'2015-10-24 07:17:07',	'2015-10-24 12:14:45'),
(104,	'Yardım',	'',	41,	1,	'2015-10-24 07:18:37',	'2015-10-24 12:14:21'),
(107,	'E-BÜLTEN ',	'',	42,	1,	'2015-10-24 07:19:21',	'2015-10-24 12:14:07'),
(110,	'Email Adresiniz',	'',	43,	1,	'2015-10-24 07:19:52',	'2015-10-24 12:13:51'),
(113,	'SOSYAL MEDYA',	'SOSYAL MEDYA',	44,	1,	'2015-10-24 07:20:50',	'2015-10-24 07:22:45'),
(116,	'Tüm Hakları Saklıdır',	'',	45,	1,	'2015-10-24 07:21:42',	'2015-10-24 12:13:18'),
(119,	'Yukarı Çık',	'Yukarı Çık',	46,	1,	'2015-10-24 07:22:09',	'2015-10-24 07:22:09'),
(122,	'İLETİŞİM FORMU',	'İLETİŞİM FORMU',	47,	1,	'2015-10-24 07:24:45',	'2015-10-24 07:24:45'),
(125,	'Emlaklar',	'Emlaklar',	48,	1,	'2015-10-24 07:35:58',	'2015-10-24 07:35:58'),
(128,	'Adres / Şehir / Mahalle',	'',	49,	1,	'2015-10-24 07:41:06',	'2015-10-24 07:41:06'),
(131,	'Mesaj Gönder',	'',	50,	1,	'2015-10-24 07:43:59',	'2015-10-24 07:43:59'),
(134,	'Mesaj',	'',	51,	1,	'2015-10-24 07:45:41',	'2015-10-24 07:45:41'),
(137,	'Kapat',	'',	52,	1,	'2015-10-24 07:46:35',	'2015-10-24 07:46:35'),
(140,	'Gönder',	'',	53,	1,	'2015-10-24 07:47:11',	'2015-10-24 07:47:11'),
(143,	'Web',	'',	54,	1,	'2015-10-24 08:04:46',	'2015-10-24 08:04:46'),
(146,	'İlan Detayı',	'',	55,	1,	'2015-10-24 08:06:45',	'2015-10-24 08:06:45'),
(149,	'Benzer İlanlar',	'',	56,	1,	'2015-10-24 08:07:32',	'2015-10-24 08:07:32'),
(152,	'Konut Tipi',	'',	57,	1,	'2015-10-24 08:11:05',	'2015-10-24 08:11:05'),
(155,	'Manzara',	'',	58,	1,	'2015-10-24 08:11:25',	'2015-10-24 08:11:25'),
(158,	'Muhit',	'',	59,	1,	'2015-10-24 08:11:44',	'2015-10-24 08:11:44'),
(161,	'Cephe',	'Cephe',	60,	1,	'2015-10-24 08:12:01',	'2015-10-24 08:12:01'),
(164,	'Dış Özellikleri',	'',	61,	1,	'2015-10-24 08:12:31',	'2015-10-24 08:12:31'),
(167,	'İç Özellikleri',	'',	62,	1,	'2015-10-24 08:12:46',	'2015-10-24 08:12:46'),
(170,	'Ulaşım',	'',	63,	1,	'2015-10-24 08:13:10',	'2015-10-24 08:13:10'),
(173,	'İncele',	'',	64,	1,	'2015-10-24 10:57:49',	'2015-10-24 10:57:49'),
(176,	'Şehir seçiniz...',	'',	65,	1,	'2015-10-24 11:03:40',	'2015-10-24 11:03:40'),
(179,	'İlçe seçiniz...',	'',	66,	1,	'2015-10-24 11:04:30',	'2015-10-24 11:04:30'),
(182,	'Semt Seçin',	'',	67,	1,	'2015-10-24 11:05:06',	'2015-10-24 11:05:06'),
(185,	'İlçe Seçin',	'',	68,	1,	'2015-10-24 11:05:38',	'2015-10-24 11:05:38'),
(188,	'Semt seçiniz...',	'',	69,	1,	'2015-10-24 11:09:58',	'2015-10-24 11:09:58'),
(191,	'ARA',	'',	70,	1,	'2015-10-24 11:26:48',	'2015-10-24 11:26:48'),
(194,	'Seçiniz...',	'',	71,	1,	'2015-10-24 11:28:29',	'2015-10-24 11:28:29'),
(197,	'Kelime, firma adı veya ilan no ile arayın (Örn. 12341234)',	'',	72,	1,	'2015-10-24 12:57:00',	'2015-10-24 12:57:00'),
(199,	'Kurumsal Üyelik Başvurusu',	'',	73,	1,	'2015-10-25 09:45:06',	'2015-10-25 09:45:06'),
(201,	'Kullanıcı Bilgileri',	'',	74,	1,	'2015-10-25 09:45:57',	'2015-10-25 09:45:57'),
(203,	'İşaretli alanlar, doldurulması gereken zorunlu alanlardır.',	'',	75,	1,	'2015-10-25 09:46:34',	'2015-10-25 09:46:34'),
(205,	'Şifre',	'',	76,	1,	'2015-10-25 10:03:41',	'2015-10-25 10:03:41'),
(207,	'Şifre Tekrar',	'',	77,	1,	'2015-10-25 10:04:04',	'2015-10-25 12:18:29'),
(209,	'İsim',	'',	78,	1,	'2015-10-25 10:04:29',	'2015-10-25 10:04:29'),
(211,	'Soyad',	'',	79,	1,	'2015-10-25 10:05:21',	'2015-10-25 10:05:21'),
(213,	'Şehir',	'',	80,	1,	'2015-10-25 10:05:58',	'2015-10-25 10:05:58'),
(215,	'İlçe',	'',	81,	1,	'2015-10-25 10:15:05',	'2015-10-25 10:15:05'),
(217,	'Semt',	'',	82,	1,	'2015-10-25 10:29:31',	'2015-10-25 10:29:31'),
(219,	'Cep Telefonu',	'',	83,	1,	'2015-10-25 10:31:45',	'2015-10-25 10:31:45'),
(221,	'Firma Bilgileri',	'',	84,	1,	'2015-10-25 10:34:58',	'2015-10-25 10:34:58'),
(223,	'Firma Adı',	'',	85,	1,	'2015-10-25 10:35:16',	'2015-10-25 10:35:16'),
(225,	'Firma Kısa Açıklama',	'',	86,	1,	'2015-10-25 10:43:15',	'2015-10-25 10:43:15'),
(227,	'Vergi Dairesi',	'',	87,	1,	'2015-10-25 10:43:33',	'2017-04-14 09:06:09'),
(229,	'Vergi Numarası',	'',	88,	1,	'2015-10-25 10:44:02',	'2015-10-25 10:44:02'),
(231,	'Site Adresi',	'',	89,	1,	'2015-10-25 10:44:21',	'2015-10-25 10:44:21'),
(233,	'Kayıt Ol',	'',	90,	1,	'2015-10-25 10:45:04',	'2015-10-25 10:45:04'),
(235,	'Şifremi Unuttum',	'',	91,	1,	'2015-10-25 10:50:22',	'2015-10-25 10:50:22'),
(237,	'Giriş Yap',	'',	92,	1,	'2015-10-25 10:50:43',	'2015-10-25 10:50:43'),
(239,	'Web sitemize ait hizmetleriden yararlanabilmek için lütfen e-posta adresinizi ve şifrenizi girerek giriş yapınız.',	'',	93,	1,	'2015-10-25 11:14:27',	'2015-10-25 11:54:54'),
(241,	'Emlak Ofisi veya İnşaat Şirketleri için, Kurumsal üyelik başvurusu.',	'',	94,	1,	'2015-10-25 11:17:55',	'2015-10-25 11:17:55'),
(243,	'Bireysel Üyelik Başvurusu',	'',	95,	1,	'2015-10-25 11:19:05',	'2015-10-25 11:19:05'),
(245,	'Sadece Gayrimenkul Sahibi Üyeler İçin, bireysel üyelik başvurusu.',	'',	96,	1,	'2015-10-25 11:19:24',	'2015-10-25 11:19:24'),
(247,	'Neden üye olmaliyim, üyelik avantajlari nelerdir ? ',	'',	97,	1,	'2015-10-25 11:19:52',	'2015-10-25 11:19:52'),
(249,	'Tüm ilanlarınız 7 gün 24 saat 365 gün sitemiz ile ile tüm türkiye de yayınlanır, arama motorlarında ilanlarınızı en yukarıda çıkartarak kısa sürede sonuç alırsınız.',	'',	98,	1,	'2015-10-25 11:20:10',	'2015-10-25 11:20:10'),
(251,	'Merhaba',	'',	99,	1,	'2015-10-26 05:02:52',	'2015-10-26 05:02:52'),
(253,	'İlk Adım',	'',	100,	1,	'2015-10-26 05:11:14',	'2015-10-26 05:11:14'),
(255,	'En Çok İncelenen İlanlar',	'',	101,	1,	'2015-10-26 09:13:25',	'2015-10-26 09:13:25'),
(257,	'Tümü',	'',	102,	1,	'2015-10-26 09:14:12',	'2015-10-26 09:14:12'),
(259,	'Bildirimler',	'',	103,	1,	'2015-10-26 09:14:48',	'2015-10-26 09:14:48'),
(261,	'Detayları görüntülemek için',	'',	104,	1,	'2015-10-26 09:16:13',	'2015-10-26 09:16:13'),
(263,	'tıklayın',	'',	105,	1,	'2015-10-26 09:16:30',	'2015-10-26 09:16:30'),
(265,	'tarafından',	'',	106,	1,	'2015-10-26 09:16:58',	'2015-10-26 09:16:58'),
(267,	'Toplam İlan',	'',	107,	1,	'2015-10-26 09:17:29',	'2015-10-26 09:17:29'),
(269,	'Toplam Üye',	'',	108,	1,	'2015-10-26 09:17:49',	'2015-10-26 09:17:49'),
(271,	'İlan Tarihi',	'',	109,	1,	'2015-10-26 09:27:29',	'2015-10-26 09:27:29'),
(273,	'Durumu',	'',	110,	1,	'2015-10-26 09:28:06',	'2015-10-26 09:28:06'),
(275,	'-',	'',	111,	1,	'2015-10-26 09:31:02',	'2017-12-27 10:26:47'),
(277,	'Krediye Uygunluk',	'',	112,	1,	'2015-10-26 09:34:52',	'2015-10-26 09:34:52'),
(279,	'Bina Yaşı',	'',	113,	1,	'2015-10-26 09:35:11',	'2015-10-26 09:35:11'),
(281,	'Metrekare',	'',	114,	1,	'2015-10-26 09:35:36',	'2015-10-26 09:35:36'),
(283,	'Bulundugu Kat',	'',	115,	1,	'2015-10-26 09:37:52',	'2015-10-26 09:37:52'),
(285,	'Kat Sayısı',	'',	116,	1,	'2015-10-26 09:40:35',	'2015-10-26 09:40:35'),
(287,	'Banyo',	'',	117,	1,	'2015-10-26 09:41:09',	'2017-04-10 09:46:06'),
(289,	'Oda Salon',	'',	118,	1,	'2015-10-26 09:43:09',	'2015-10-26 09:43:09'),
(291,	'Isıtma Sistemi',	'',	119,	1,	'2015-10-26 09:43:42',	'2015-10-26 09:43:42'),
(293,	'Zemin Durumu',	'',	120,	1,	'2015-10-26 09:44:04',	'2015-10-26 09:44:04'),
(295,	'Depozito',	'',	121,	1,	'2015-10-26 09:45:02',	'2015-10-26 09:45:02'),
(297,	'Kullanım Durumu',	'',	122,	1,	'2015-10-26 09:45:24',	'2015-10-26 09:45:24'),
(299,	'Öğrenciye/Bekara',	'',	123,	1,	'2015-10-26 09:45:54',	'2015-10-26 09:45:54'),
(300,	'Menü',	'',	124,	1,	'2016-09-18 23:05:41',	'2016-09-18 23:05:41'),
(301,	'Menu',	'',	124,	2,	'2016-09-18 23:05:41',	'2016-09-19 01:21:33'),
(304,	'Map',	'',	2,	2,	'2016-09-19 01:20:47',	'2016-09-19 01:20:47'),
(307,	'Home page',	'',	1,	2,	'2016-09-19 01:21:09',	'2016-09-19 01:21:09'),
(310,	'Corporate',	'',	3,	2,	'2016-09-19 01:30:31',	'2016-09-19 01:30:31'),
(313,	'News',	'',	4,	2,	'2016-09-19 01:30:54',	'2016-09-19 01:30:54'),
(316,	'Contact',	'',	5,	2,	'2016-09-19 01:31:18',	'2016-09-19 01:31:18'),
(319,	'HOME SHOWCASE',	'',	7,	2,	'2016-09-19 01:31:38',	'2016-09-19 01:31:38'),
(322,	'OPPORTUNITY TO SHOWCASE',	'',	8,	2,	'2016-09-19 01:32:06',	'2016-09-19 01:32:06'),
(325,	'PROJECT SHOWCASE',	'',	9,	2,	'2016-09-19 01:32:48',	'2016-09-19 01:32:48'),
(328,	'EMERGENCY ANNOUNCEMENTS',	'',	10,	2,	'2016-09-19 01:33:12',	'2016-09-19 01:33:12'),
(331,	'No ads found.',	'',	11,	2,	'2016-09-19 01:33:36',	'2016-09-19 01:33:36'),
(334,	'Currency',	'',	12,	2,	'2016-09-19 01:33:55',	'2016-09-19 01:33:55'),
(337,	'Buying',	'',	13,	2,	'2016-09-19 01:34:22',	'2016-09-19 01:34:22'),
(340,	'Sales',	'',	14,	2,	'2016-09-19 01:34:43',	'2016-09-19 01:34:43'),
(343,	'QUICK SEARCH',	'',	15,	2,	'2016-09-19 01:35:06',	'2016-09-19 01:35:06'),
(346,	'Select a State',	'',	16,	2,	'2016-09-19 01:35:27',	'2016-09-19 01:35:27'),
(349,	'Choose Town',	'',	17,	2,	'2016-09-19 01:35:47',	'2016-09-19 01:35:47'),
(352,	'Select District',	'',	18,	2,	'2016-09-19 01:36:11',	'2016-09-19 01:36:11'),
(355,	'Real Status',	'',	19,	2,	'2016-09-19 01:36:29',	'2016-09-19 01:36:29'),
(358,	'Property Type',	'',	20,	2,	'2016-09-19 01:36:49',	'2016-09-19 01:36:49'),
(361,	'Number of rooms',	'',	21,	2,	'2016-09-19 01:37:15',	'2016-09-19 01:37:15'),
(364,	'Min Price',	'',	22,	2,	'2016-09-19 01:37:38',	'2016-09-19 01:37:38'),
(367,	'Max Price',	'',	23,	2,	'2016-09-19 01:37:57',	'2016-09-19 01:37:57'),
(370,	'Featured Listings',	'',	24,	2,	'2016-09-19 01:38:18',	'2016-09-19 01:38:18'),
(373,	'CONTACT FORM',	'',	25,	2,	'2016-09-19 01:38:37',	'2016-09-19 01:38:38'),
(376,	'My information',	'',	34,	2,	'2016-09-19 01:55:30',	'2016-09-19 01:55:30'),
(379,	'SOCIAL MEDIA',	'',	44,	2,	'2016-09-19 01:55:59',	'2016-09-19 01:55:59'),
(382,	'All Rights Reserved',	'',	45,	2,	'2016-09-19 01:56:26',	'2016-09-19 01:56:26'),
(385,	'Select a city ...',	'',	65,	2,	'2016-09-19 01:56:49',	'2016-09-19 01:56:49'),
(388,	'Select town ...',	'',	66,	2,	'2016-09-19 01:57:20',	'2016-09-19 01:57:20'),
(391,	'Choose Town',	'',	68,	2,	'2016-09-19 01:57:54',	'2016-09-19 02:22:29'),
(394,	'Choose district ...',	'',	69,	2,	'2016-09-19 01:58:43',	'2016-09-19 01:58:43'),
(397,	'FIND',	'',	70,	2,	'2016-09-19 01:59:20',	'2016-09-19 01:59:20'),
(400,	'Choose...',	'',	71,	2,	'2016-09-19 01:59:44',	'2016-09-19 01:59:44'),
(403,	'Language selection',	'',	31,	2,	'2016-09-19 02:00:39',	'2016-09-19 02:00:39'),
(406,	'Tüm Gayrimenkulleriniz 29 Günde Nakite Çevrilir...',	'Tüm Gayrimenkulleriniz 29 Günde Nakite Çevrilir...',	125,	1,	'2016-09-19 02:02:45',	'2016-09-19 02:02:45'),
(407,	'29 Day Cash to Convert All Your Estate ...',	'',	125,	2,	'2016-09-19 02:02:45',	'2016-09-19 02:02:45'),
(410,	'Help',	'',	41,	2,	'2016-09-19 02:04:17',	'2016-09-19 02:04:17'),
(413,	'E-mail',	'',	40,	2,	'2016-09-19 02:04:40',	'2016-09-19 02:04:40'),
(416,	'Fax',	'',	39,	2,	'2016-09-19 02:05:07',	'2016-09-19 02:05:07'),
(419,	'Wire',	'',	38,	2,	'2016-09-19 02:05:27',	'2016-09-19 02:05:27'),
(422,	'Address',	'',	37,	2,	'2016-09-19 02:05:48',	'2016-09-19 02:05:48'),
(425,	'Name surname',	'',	26,	2,	'2016-09-19 02:12:33',	'2016-09-19 02:12:33'),
(428,	'Log out',	'',	35,	2,	'2016-09-19 02:16:23',	'2016-09-19 02:16:23'),
(431,	'All Categories',	'',	36,	2,	'2016-09-19 02:16:47',	'2016-09-19 02:16:47'),
(434,	'My Ads',	'',	33,	2,	'2016-09-19 02:17:09',	'2016-09-19 02:17:09'),
(437,	'Special me',	'',	32,	2,	'2016-09-19 02:17:32',	'2016-09-19 02:17:32'),
(440,	'CONTACT INFORMATION',	'',	30,	2,	'2016-09-19 02:17:59',	'2016-09-19 02:17:59'),
(443,	'Your message',	'',	29,	2,	'2016-09-19 02:18:22',	'2016-09-19 02:18:22'),
(446,	'E-mail address',	'',	28,	2,	'2016-09-19 02:18:43',	'2016-09-19 02:18:43'),
(449,	'Property for',	'',	48,	2,	'2016-09-19 02:19:40',	'2016-09-19 02:19:40'),
(452,	'Telephone',	'',	27,	2,	'2016-09-19 02:20:13',	'2016-09-19 02:20:13'),
(455,	'Look',	'',	64,	2,	'2016-09-19 02:20:49',	'2016-09-19 02:20:49'),
(458,	'Transportation',	'',	63,	2,	'2016-09-19 02:21:10',	'2016-09-19 02:21:10'),
(461,	'Interior Features',	'',	62,	2,	'2016-09-19 02:21:30',	'2016-09-19 02:21:30'),
(464,	'Exterior Features',	'',	61,	2,	'2016-09-19 02:21:54',	'2016-09-19 02:21:54'),
(467,	'Select District',	'',	67,	2,	'2016-09-19 02:22:46',	'2016-09-19 02:22:46'),
(470,	'Sign in',	'',	92,	2,	'2016-09-19 02:23:47',	'2016-09-19 02:23:47'),
(473,	'Lead Details',	'',	55,	2,	'2016-09-19 02:31:25',	'2016-09-19 02:31:25'),
(476,	'Bathroom',	'',	117,	2,	'2017-04-10 09:46:06',	'2017-04-14 09:25:24'),
(479,	'İLANLARIMIZ HAKKINDA DAHA DETAYLI BİLGİ ALMAK İÇİN, HEMEN ARAYIN! 0506 532 51 61',	'',	126,	1,	'2017-04-11 17:58:18',	'2017-12-24 07:31:32'),
(480,	'TO SEE MORE DETAILED INFORMATION ABOUT YOUR PROPOSALS, QUICKLY! 0506 532 51 61',	'',	126,	2,	'2017-04-11 17:58:18',	'2017-12-24 07:31:32'),
(483,	'Tüm gelişmelerden anında haberdar olun.',	'',	127,	1,	'2017-04-11 18:03:55',	'2017-04-11 18:03:55'),
(484,	'Keep up to date with all developments.',	'',	127,	2,	'2017-04-11 18:03:55',	'2017-04-11 18:03:55'),
(485,	'İLANINI YAYINLA',	'',	128,	1,	'2017-04-11 18:06:10',	'2017-04-11 18:06:10'),
(486,	'PUBLISH ANNOUNCEMENT',	'',	128,	2,	'2017-04-11 18:06:10',	'2017-04-11 18:06:10'),
(487,	'BİLGİ ALMAK İSTİYORUM',	'',	129,	1,	'2017-04-11 18:06:49',	'2017-04-11 18:06:49'),
(488,	'I WANT TO GET INFORMATION',	'',	129,	2,	'2017-04-11 18:06:49',	'2017-04-11 18:06:49'),
(489,	'HEMEN İLAN EKLE',	'',	130,	1,	'2017-04-11 18:08:01',	'2017-04-11 18:08:01'),
(490,	'ADD IMMEDIATELY',	'',	130,	2,	'2017-04-11 18:08:01',	'2017-04-11 18:08:01'),
(491,	'İLANINIZ TÜM AĞIMIZDA ÜCRETSİZ YAYINLANSIN!',	'',	131,	1,	'2017-04-11 18:12:59',	'2017-04-11 18:12:59'),
(492,	'FREE PUBLISHING FOR YOUR ALL YOUR OWN!',	'',	131,	2,	'2017-04-11 18:12:59',	'2017-04-11 18:12:59'),
(493,	'Hemen şimdi ilanınızı ekleyerek yayınlama başlayın...',	'',	132,	1,	'2017-04-11 18:13:26',	'2017-04-11 18:13:26'),
(494,	'Now start publishing by adding your advertisement ...',	'',	132,	2,	'2017-04-11 18:13:26',	'2017-04-11 18:13:26'),
(495,	'Sistemimize her gün onlarca farklı bölgeden, onlarca farklı ilan kayıt olmaktadır. Sizde çok geçmeden yerinizi alın.',	'',	133,	1,	'2017-04-11 18:14:42',	'2017-04-11 18:14:42'),
(496,	'There are dozens of different announcements from different parts of our system every day. Take your place before too soon.',	'',	133,	2,	'2017-04-11 18:14:42',	'2017-04-11 18:14:42'),
(497,	'SİZ DE ATLAS EMLAK SAYESİNDE İLANLARINIZ ARACILIĞI İLE TÜM ŞEHİRLERİMİZDE DUYURABİLİRSİNİZ.',	'',	134,	1,	'2017-04-11 18:21:21',	'2017-04-11 18:21:21'),
(498,	'YOU CAN ATTEMPT TO ALL IN OUR CITIES WITH AN INTEREST IN ATLAS PROPERTY.',	'',	134,	2,	'2017-04-11 18:21:21',	'2017-04-11 18:21:21'),
(499,	'Bulabileceğiniz yüzlerce özelliğe sahip ilanlar burada...',	'',	135,	1,	'2017-04-11 18:35:42',	'2017-04-15 16:03:08'),
(500,	'Here are hundreds of ads that you can find ...',	'',	135,	2,	'2017-04-11 18:35:42',	'2017-04-11 18:35:42'),
(501,	'Emlak Danışmanı',	'',	136,	1,	'2017-04-11 18:39:30',	'2017-04-11 18:39:30'),
(502,	'Real Estate Consultant',	'',	136,	2,	'2017-04-11 18:39:30',	'2017-04-11 18:39:30'),
(503,	'İLANLAR',	'',	137,	1,	'2017-04-11 18:45:45',	'2017-04-11 18:45:45'),
(504,	'Promotions',	'',	137,	2,	'2017-04-11 18:45:45',	'2017-12-24 07:34:27'),
(505,	'Kredi Hesapla',	'',	138,	1,	'2017-04-11 23:31:13',	'2017-04-11 23:31:13'),
(506,	'Calculate Loan',	'',	138,	2,	'2017-04-11 23:31:13',	'2017-04-11 23:31:13'),
(507,	'İlan Bilgileri',	'',	139,	1,	'2017-04-11 23:53:20',	'2017-04-11 23:53:20'),
(508,	'Ad Details',	'',	139,	2,	'2017-04-11 23:53:20',	'2017-04-11 23:53:20'),
(509,	'İl',	'',	140,	1,	'2017-04-11 23:55:27',	'2017-04-11 23:55:27'),
(510,	'Province',	'',	140,	2,	'2017-04-11 23:55:27',	'2017-04-11 23:55:27'),
(511,	'District',	'',	81,	2,	'2017-04-11 23:56:45',	'2017-04-14 09:08:08'),
(512,	'Listing Date',	'',	109,	2,	'2017-04-11 23:58:14',	'2017-04-14 09:27:40'),
(513,	'Lorem ipsum dolor sit amet, pri an wisi perfecto voluptatibus, an per nostro deserunt perpetua. Animal aliquam legendos te pri, et mei dicunt iudicabit mediocritatem, graece utroque ex pri. No mea epicuri salutatus sententiae. Ex cum mutat vidisse. Vitae ',	'',	141,	1,	'2017-04-12 09:43:30',	'2017-04-12 09:43:30'),
(514,	'Lorem ipsum dolor sit amet, pri an wisi perfecto voluptatibus, an per nostro deserunt perpetua. Animal aliquam legendos te pri, et mei dicunt iudicabit mediocritatem, graece utroque ex pri. No mea epicuri salutatus sententiae. Ex cum mutat vidisse. Vitae ',	'',	141,	2,	'2017-04-12 09:43:31',	'2017-04-12 09:43:31'),
(515,	'Devamını Oku',	'',	142,	1,	'2017-04-12 09:49:26',	'2017-04-12 09:49:26'),
(516,	'Read more',	'',	142,	2,	'2017-04-12 09:49:26',	'2017-04-12 09:49:26'),
(517,	'I forgot my password',	'',	91,	2,	'2017-04-14 09:04:47',	'2017-04-14 09:04:47'),
(518,	'Register',	'',	90,	2,	'2017-04-14 09:05:05',	'2017-04-14 09:05:05'),
(519,	'Site Address',	'',	89,	2,	'2017-04-14 09:05:20',	'2017-04-14 09:05:20'),
(520,	'Tax number',	'',	88,	2,	'2017-04-14 09:05:37',	'2017-04-14 09:05:37'),
(521,	'Tax office',	'',	87,	2,	'2017-04-14 09:06:09',	'2017-04-14 09:06:09'),
(522,	'Company Short Description',	'',	86,	2,	'2017-04-14 09:06:25',	'2017-04-14 09:06:25'),
(523,	'Company name',	'',	85,	2,	'2017-04-14 09:06:43',	'2017-04-14 09:06:43'),
(524,	'Company Info',	'',	84,	2,	'2017-04-14 09:06:59',	'2017-04-14 09:06:59'),
(525,	'Mobile phone',	'',	83,	2,	'2017-04-14 09:07:15',	'2017-04-14 09:07:15'),
(526,	'District',	'',	82,	2,	'2017-04-14 09:07:41',	'2017-04-14 09:07:41'),
(527,	'City',	'',	80,	2,	'2017-04-14 09:08:23',	'2017-04-14 09:08:23'),
(528,	'Surname',	'',	79,	2,	'2017-04-14 09:08:40',	'2017-04-14 09:08:40'),
(529,	'Name',	'',	78,	2,	'2017-04-14 09:10:39',	'2017-04-14 09:10:39'),
(530,	'Repeat Password',	'',	77,	2,	'2017-04-14 09:10:56',	'2017-04-14 09:10:56'),
(531,	'Password',	'',	76,	2,	'2017-04-14 09:11:11',	'2017-04-14 09:11:11'),
(532,	'Marked fields are mandatory fields that must be filled.',	'',	75,	2,	'2017-04-14 09:11:24',	'2017-04-14 09:11:24'),
(533,	'User information',	'',	74,	2,	'2017-04-14 09:11:37',	'2017-04-14 09:11:37'),
(534,	'Corporate Membership Application',	'',	73,	2,	'2017-04-14 09:11:51',	'2017-04-14 09:11:51'),
(535,	'Front',	'',	60,	2,	'2017-04-14 09:11:59',	'2017-04-14 09:12:36'),
(536,	'Neighborhood',	'',	59,	2,	'2017-04-14 09:12:56',	'2017-04-14 09:12:56'),
(537,	'Landscape',	'',	58,	2,	'2017-04-14 09:13:24',	'2017-04-14 09:13:24'),
(538,	'Residential Type',	'',	57,	2,	'2017-04-14 09:13:37',	'2017-04-14 09:13:50'),
(539,	'Similar Ads',	'',	56,	2,	'2017-04-14 09:14:02',	'2017-04-14 09:14:02'),
(540,	'Web',	'',	54,	2,	'2017-04-14 09:14:15',	'2017-04-14 09:14:15'),
(541,	'Submit',	'',	53,	2,	'2017-04-14 09:14:26',	'2017-04-14 09:14:26'),
(542,	'Close',	'',	52,	2,	'2017-04-14 09:14:33',	'2017-04-14 09:14:43'),
(543,	'Message',	'',	51,	2,	'2017-04-14 09:14:55',	'2017-04-14 09:14:55'),
(544,	'Send Message',	'',	50,	2,	'2017-04-14 09:15:07',	'2017-04-14 09:15:07'),
(545,	'Address / City / Neighborhood',	'',	49,	2,	'2017-04-14 09:15:21',	'2017-04-14 09:15:21'),
(546,	'CONTACT FORM',	'',	47,	2,	'2017-04-14 09:15:37',	'2017-04-14 09:15:37'),
(547,	'Go upstairs',	'',	46,	2,	'2017-04-14 09:15:50',	'2017-04-14 09:15:50'),
(548,	'E-BULLETIN',	'',	42,	2,	'2017-04-14 09:16:02',	'2017-04-14 09:16:02'),
(549,	'Your email adress',	'',	43,	2,	'2017-04-14 09:16:14',	'2017-04-14 09:16:14'),
(550,	'Student / Single',	'',	123,	2,	'2017-04-14 09:23:30',	'2017-04-14 09:23:30'),
(551,	'Usage Status',	'',	122,	2,	'2017-04-14 09:23:51',	'2017-04-14 09:23:51'),
(552,	'Deposit',	'',	121,	2,	'2017-04-14 09:24:07',	'2017-04-14 09:24:07'),
(553,	'Ground Condition',	'',	120,	2,	'2017-04-14 09:24:32',	'2017-04-14 09:24:32'),
(554,	'Heating system',	'',	119,	2,	'2017-04-14 09:24:48',	'2017-04-14 09:24:48'),
(555,	'Room',	'',	118,	2,	'2017-04-14 09:25:04',	'2017-04-15 12:30:51'),
(556,	'Floor number',	'',	116,	2,	'2017-04-14 09:25:45',	'2017-04-14 09:25:45'),
(557,	'Float',	'',	115,	2,	'2017-04-14 09:26:06',	'2017-04-14 09:26:06'),
(558,	'meters',	'',	114,	2,	'2017-04-14 09:26:24',	'2017-04-15 12:31:52'),
(559,	'Building Age',	'',	113,	2,	'2017-04-14 09:26:40',	'2017-04-14 09:26:40'),
(560,	'Credit Compliance',	'',	112,	2,	'2017-04-14 09:26:55',	'2017-04-14 09:26:55'),
(561,	'-',	'',	111,	2,	'2017-04-14 09:27:09',	'2017-12-27 10:26:47'),
(562,	'Situation',	'',	110,	2,	'2017-04-14 09:27:26',	'2017-04-14 09:27:26'),
(563,	'Total Members',	'',	108,	2,	'2017-04-14 09:27:56',	'2017-04-14 09:27:57'),
(564,	'Total Ad',	'',	107,	2,	'2017-04-14 09:28:22',	'2017-04-14 09:28:22'),
(565,	'by',	'',	106,	2,	'2017-04-14 09:28:38',	'2017-04-14 09:28:38'),
(566,	'Click',	'',	105,	2,	'2017-04-14 09:28:53',	'2017-04-14 09:28:53'),
(567,	'To view details',	'',	104,	2,	'2017-04-14 09:29:08',	'2017-04-14 09:29:08'),
(568,	'Notifications',	'',	103,	2,	'2017-04-14 09:29:21',	'2017-04-14 09:29:21'),
(569,	'All',	'',	102,	2,	'2017-04-14 09:29:37',	'2017-04-14 09:29:37'),
(570,	'Most Viewed Announcements',	'',	101,	2,	'2017-04-14 09:29:51',	'2017-04-14 09:29:51'),
(571,	'First step',	'',	100,	2,	'2017-04-14 09:30:17',	'2017-04-14 09:30:17'),
(572,	'Hello there',	'',	99,	2,	'2017-04-14 09:30:35',	'2017-04-14 09:30:35'),
(573,	'All your ads will be published in 7 days, 24 hours and 365 days with our site all over Turkey, you will get results in a short time by removing your ads at the top of search engines.',	'',	98,	2,	'2017-04-14 09:30:51',	'2017-04-14 09:30:51'),
(574,	'Why should I become a member, what is the advantages of membership ?',	'',	97,	2,	'2017-04-14 09:31:06',	'2017-04-14 09:31:06'),
(575,	'For Real Estate Owners Only, individual membership application.',	'',	96,	2,	'2017-04-14 09:31:22',	'2017-04-14 09:31:22'),
(576,	'Individual Membership Application',	'',	95,	2,	'2017-04-14 09:31:37',	'2017-04-14 09:31:37'),
(577,	'For Property Office and Construction Companies, Application for membership.',	'',	94,	2,	'2017-04-14 09:31:55',	'2017-04-14 09:31:55'),
(578,	'Please log in with your e-mail address and password to use our website services.',	'',	93,	2,	'2017-04-14 09:32:21',	'2017-04-14 09:32:21'),
(579,	'Tapu Durumu',	'',	143,	1,	'2017-04-15 12:32:53',	'2017-04-15 12:32:53'),
(580,	'Deed Status',	'',	143,	2,	'2017-04-15 12:32:53',	'2017-04-15 12:32:53'),
(581,	'Site İçi',	'Site İçi',	144,	1,	'2017-12-27 10:10:56',	'2017-12-27 10:10:56'),
(582,	'',	'',	144,	2,	'2017-12-27 10:10:56',	'2017-12-27 10:10:56'),
(583,	'M2 Fiyat',	'M2 Fiyat',	145,	1,	'2017-12-27 10:11:41',	'2017-12-27 10:11:41'),
(584,	'M2 Price',	'M2 Price',	145,	2,	'2017-12-27 10:11:41',	'2017-12-27 10:11:41'),
(591,	'Türü',	'',	149,	1,	'2017-12-27 10:33:35',	'2017-12-27 10:33:35'),
(592,	'Tour',	'',	149,	2,	'2017-12-27 10:33:35',	'2017-12-27 10:33:35'),
(593,	'Parsel No',	'',	150,	1,	'2017-12-27 10:33:57',	'2017-12-27 10:33:57'),
(594,	'Parsel No',	'',	150,	2,	'2017-12-27 10:33:57',	'2017-12-27 10:33:57'),
(595,	'Ada No',	'',	151,	1,	'2017-12-27 17:53:52',	'2017-12-27 17:53:52'),
(596,	'Ada No',	'',	151,	2,	'2017-12-27 17:53:52',	'2017-12-27 17:53:52');

CREATE TABLE `locales` (
  `id` int(10) unsigned NOT NULL AUTO_INCREMENT,
  `name` varchar(20) COLLATE utf8_unicode_ci NOT NULL,
  `language` varchar(4) COLLATE utf8_unicode_ci NOT NULL,
  `created_at` timestamp NOT NULL DEFAULT '0000-00-00 00:00:00',
  `updated_at` timestamp NOT NULL DEFAULT '0000-00-00 00:00:00',
  `deleted_at` timestamp NULL DEFAULT NULL,
  PRIMARY KEY (`id`)
) ENGINE=InnoDB DEFAULT CHARSET=utf8 COLLATE=utf8_unicode_ci;

INSERT INTO `locales` (`id`, `name`, `language`, `created_at`, `updated_at`, `deleted_at`) VALUES
(1,	'Türkçe',	'tr',	'2015-09-12 07:58:19',	'2015-09-12 07:58:19',	NULL),
(2,	'İngilizce',	'en',	'2016-08-03 12:21:48',	'2016-08-03 12:21:48',	NULL);

